000
CXUS55 KRIW 260901
CF6RIW
PRELIMINARY LOCAL CLIMATOLOGICAL DATA (WS FORM: F-6)

                                          STATION:   RIVERTON WY
                                          MONTH:     DECEMBER
                                          YEAR:      2014
                                          LATITUDE:   43  2 N
                                          LONGITUDE: 108 27 W

  TEMPERATURE IN F:       :PCPN:    SNOW:  WIND      :SUNSHINE: SKY     :PK WND
================================================================================
1   2   3   4   5  6A  6B    7    8   9   10  11  12  13   14  15   16   17  18
                                     12Z  AVG MX 2MIN
DY MAX MIN AVG DEP HDD CDD  WTR  SNW DPTH SPD SPD DIR MIN PSBL S-S WX    SPD DR
================================================================================

 1  41   7  24   1  41   0 0.00  0.0    0  5.5 18 260   M    M   2        23 260
 2  53  24  39  17  26   0 0.00  0.0    0  9.6 23 320   M    M   0        28 320
 3  42  20  31   9  34   0 0.00  0.0    0  4.9 12 220   M    M   1        12 230
 4  48  21  35  13  30   0 0.00  0.0    0  5.4 16 280   M    M   0        17 270
 5  52  27  40  19  25   0 0.00  0.0    0  5.5 15 290   M    M   0        17 290
 6  38  24  31  10  34   0 0.00  0.0    0  4.3 14 330   M    M   0        16 340
 7  53  23  38  17  27   0 0.00  0.0    0  7.8 18 320   M    M   0        25 320
 8  45  22  34  14  31   0 0.00  0.0    0  5.0 14 290   M    M   0        16 290
 9  45  21  33  13  32   0 0.00  0.0    0  5.7 14 240   M    M   0        15 230
10  48  22  35  15  30   0 0.00  0.0    0  5.6 12  20   M    M   0        12  20
11  44  21  33  13  32   0 0.00  0.0    0  5.3 12 310   M    M   0        13 310
12  49  25  37  17  28   0 0.00  0.0    0  6.4 14 210   M    M   0        18 210
13  53  31  42  22  23   0 0.00  0.0    0  7.4 18  20   M    M   4        25  30
14  38  27  33  14  32   0 0.21  2.7    1 13.7 26 360   M    M  10 18     31  10
15  30   9  20   1  45   0 0.07  0.5    3  6.6 18  10   M    M   6 18     22  10
16  23  10  17  -2  48   0 0.00  0.0    3  2.5 12 310   M    M  10 128    13 320
17  19  13  16  -3  49   0 0.00  0.0    3  2.5  8 210   M    M  10 128    10 360
18  14   6  10  -9  55   0    T  0.1    3  1.4  6 240   M    M  10 128     7 220
19  15   3   9 -10  56   0    T  0.1    3  2.1  9 340   M    M   5 128    10 340
20  25   6  16  -3  49   0 0.00  0.0    3  3.7 13 230   M    M   0 1      15 230
21  40  10  25   6  40   0 0.00  0.0    3 11.8 32 300   M    M   2 1      42 290
22  35  22  29  10  36   0 0.02  0.1    0 12.7 31 350   M    2   5 1      42 350
23  32  14  23   4  42   0 0.00  0.0    2  9.4 16 290   M    M   4        21 340
24  30  10  20   1  45   0 0.00  0.0    2  6.0 13 340   M    M   0        15 330
25  28  17  23   4  42   0 0.15  0.6    2 16.3 30 360   M    M   9 12     40 360
================================================================================
SM  940  435       932   0  0.45     4.1 167.1          M       78
================================================================================
AV 37.6 17.4                               6.7 FASTST   M    2   3    MAX(MPH)
                                 MISC ---->  # 32 300               # 42  290
================================================================================
NOTES:
# LAST OF SEVERAL OCCURRENCES

COLUMN 17 PEAK WIND IN M.P.H.

PRELIMINARY LOCAL CLIMATOLOGICAL DATA (WS FORM: F-6) , PAGE 2

                                          STATION:  RIVERTON WY
                                          MONTH:    DECEMBER
                                          YEAR:     2014
                                          LATITUDE:   43  2 N
                                          LONGITUDE: 108 27 W

[TEMPERATURE DATA]      [PRECIPITATION DATA]       SYMBOLS USED IN COLUMN 16

AVERAGE MONTHLY: 27.5   TOTAL FOR MONTH:   0.45    1 = FOG OR MIST
DPTR FM NORMAL:   7.5   DPTR FM NORMAL:    0.21    2 = FOG REDUCING VISIBILITY
HIGHEST:    53 ON 13, 7 GRTST 24HR  0.24 ON 14-15      TO 1/4 MILE OR LESS
LOWEST:      3 ON 19                               3 = THUNDER
                        SNOW, ICE PELLETS, HAIL    4 = ICE PELLETS
                        TOTAL MONTH:   4.1 INCHES  5 = HAIL
                        GRTST 24HR   2.7 ON   M    6 = FREEZING RAIN OR DRIZZLE
                        GRTST DEPTH:   3 ON 21,20  7 = DUSTSTORM OR SANDSTORM:
                                                       VSBY 1/2 MILE OR LESS
                                                   8 = SMOKE OR HAZE
[NO. OF DAYS WITH]      [WEATHER - DAYS WITH]      9 = BLOWING SNOW
                                                   X = TORNADO
MAX 32 OR BELOW:   9    0.01 INCH OR MORE:   4
MAX 90 OR ABOVE:   0    0.10 INCH OR MORE:   2
MIN 32 OR BELOW:  25    0.50 INCH OR MORE:   0
MIN  0 OR BELOW:   0    1.00 INCH OR MORE:   0

[HDD (BASE 65) ]
TOTAL THIS MO.   932    CLEAR  (SCALE 0-3)  15
DPTR FM NORMAL  -192    PTCLDY (SCALE 4-7)   5
TOTAL FM JUL 1  2709    CLOUDY (SCALE 8-10)  5
DPTR FM NORMAL  -331

[CDD (BASE 65) ]
TOTAL THIS MO.     0
DPTR FM NORMAL     0    [PRESSURE DATA]
TOTAL FM JAN 1   431    HIGHEST SLP M ON M
DPTR FM NORMAL   -63    LOWEST  SLP 29.42 ON 25

[REMARKS]
