000
CXUS54 KCRP 241300
CF6RKP
PRELIMINARY LOCAL CLIMATOLOGICAL DATA (WS FORM: F-6)

                                          STATION:   ROCKPORT
                                          MONTH:     SEPTEMBER
                                          YEAR:      2017
                                          LATITUDE:   28  4 N
                                          LONGITUDE:  97  3 W

  TEMPERATURE IN F:       :PCPN:    SNOW:  WIND      :SUNSHINE: SKY     :PK WND
================================================================================
1   2   3   4   5  6A  6B    7    8   9   10  11  12  13   14  15   16   17  18
                                     12Z  AVG MX 2MIN
DY MAX MIN AVG DEP HDD CDD  WTR  SNW DPTH SPD SPD DIR MIN PSBL S-S WX    SPD DR
================================================================================

 1  93  81  87   2   0  22    T  0.0    M  9.7 13 130   M    M   1 8       M  M
 2  91  74  83  -2   0  18 0.00  0.0    0  7.4 14 120   M    M   0 18     17 110
 3   M   M   M   M   M   M 0.00  0.0    0  7.5 13 130   M    M   0 8       M  M
 4  91  80  86   2   0  21 0.00  0.0    M 11.2 16 120   M    M   1 8      20 130
 5  91  77  84   0   0  19 0.00  0.0    0  5.7 15 130   M    M   0 138    19 120
 6  87  73  80  -4   0  15 0.00  0.0    0 10.9 21  30   M    M   4        28  20
 7  85  68  77  -7   0  12 0.00  0.0    0 11.4 17  80   M    M   0 8      20  70
 8  86  69  78  -6   0  13 0.00  0.0    M 12.6 18  70   M    M   0        25  60
 9  87  69  78  -6   0  13 0.00  0.0    0 10.4 16  90   M    M   0        22  40
10  88  68  78  -6   0  13 0.00  0.0    0  9.3 16  20   M    M   1        21  20
11  89  68  79  -4   0  14 0.00  0.0    0  9.6 17 360   M    M   0        23 360
12  90  64  77  -6   0  12 0.00  0.0    0  5.7 14 130   M    M   0        17 130
13  88  70  79  -4   0  14 0.00  0.0    0  9.8 18 140   M    M   0 8      23 160
14  88  78  83   0   0  18 0.00  0.0    0 11.5 17 140   M    M   1 18     24 150
15  88  77  83   1   0  18 0.00  0.0    0 10.6 17 140   M    M   1 8      21 140
16  89  76  83   1   0  18 0.00  0.0    0  9.1 17 130   M    M   1        22 120
17  89  77  83   1   0  18 0.00  0.0    0  9.5 17 130   M    M   1 18     22 110
18  90  80  85   3   0  20 0.01  0.0    0 10.3 16 140   M    M   3 18     22 150
19  90  81  86   4   0  21 0.00  0.0    0 11.3 20 150   M    M   2 18     29 150
20  92  82  87   5   0  22 0.00  0.0    0 11.4 18 130   M    M   3 8      23 150
21  91  81  86   5   0  21    T  0.0    0 12.7 18 140   M    M   2 138    25 160
22   M   M   M   M   M   M 0.18    M    0 10.9 17 130   M    M   3 13     23 150
23  88  80  84   3   0  19 0.00  0.0    M 12.7 18 120   M    M   M        24 120
================================================================================
SM 1871 1573         0 361  0.19     0.0 231.2          M       24
================================================================================
AV 89.1 74.9                              10.1 FASTST   M    M   1    MAX(MPH)
                                 MISC ---->  # 21  30               # 29  150
================================================================================
NOTES:
# LAST OF SEVERAL OCCURRENCES

COLUMN 17 PEAK WIND IN M.P.H.

PRELIMINARY LOCAL CLIMATOLOGICAL DATA (WS FORM: F-6) , PAGE 2

                                          STATION:  ROCKPORT
                                          MONTH:    SEPTEMBER
                                          YEAR:     2017
                                          LATITUDE:   28  4 N
                                          LONGITUDE:  97  3 W

[TEMPERATURE DATA]      [PRECIPITATION DATA]       SYMBOLS USED IN COLUMN 16

AVERAGE MONTHLY: 82.0   TOTAL FOR MONTH:   0.19    1 = FOG OR MIST
DPTR FM NORMAL:  -1.0   DPTR FM NORMAL:   -3.54    2 = FOG REDUCING VISIBILITY
HIGHEST:    93 ON  1    GRTST 24HR  0.18 ON 22-22      TO 1/4 MILE OR LESS
LOWEST:     64 ON 12                               3 = THUNDER
                        SNOW, ICE PELLETS, HAIL    4 = ICE PELLETS
                        TOTAL MONTH:   0.0 INCH    5 = HAIL
                        GRTST 24HR     0.0         6 = FREEZING RAIN OR DRIZZLE
                        GRTST DEPTH:   0           7 = DUSTSTORM OR SANDSTORM:
                                                       VSBY 1/2 MILE OR LESS
                                                   8 = SMOKE OR HAZE
[NO. OF DAYS WITH]      [WEATHER - DAYS WITH]      9 = BLOWING SNOW
                                                   X = TORNADO
MAX 32 OR BELOW:   0    0.01 INCH OR MORE:   2
MAX 90 OR ABOVE:   9    0.10 INCH OR MORE:   1
MIN 32 OR BELOW:   0    0.50 INCH OR MORE:   0
MIN  0 OR BELOW:   0    1.00 INCH OR MORE:   0

[HDD (BASE 65) ]
TOTAL THIS MO.     0    CLEAR  (SCALE 0-3)  21
DPTR FM NORMAL     0    PTCLDY (SCALE 4-7)   1
TOTAL FM JUL 1     0    CLOUDY (SCALE 8-10)  0
DPTR FM NORMAL     0

[CDD (BASE 65) ]
TOTAL THIS MO.   361
DPTR FM NORMAL   -53    [PRESSURE DATA]
TOTAL FM JAN 1  3348    HIGHEST SLP M ON M
DPTR FM NORMAL   297    LOWEST  SLP 29.74 ON 13

[REMARKS]
