139
CXUS52 KFFC 241110
CF6RMG
PRELIMINARY LOCAL CLIMATOLOGICAL DATA (WS FORM: F-6)

                                          STATION:   ROME
                                          MONTH:     JULY
                                          YEAR:      2016
                                          LATITUDE:   34 20 N
                                          LONGITUDE:  85 10 W

  TEMPERATURE IN F:       :PCPN:    SNOW:  WIND      :SUNSHINE: SKY     :PK WND
================================================================================
1   2   3   4   5  6A  6B    7    8   9   10  11  12  13   14  15   16   17  18
                                     12Z  AVG MX 2MIN
DY MAX MIN AVG DEP HDD CDD  WTR  SNW DPTH SPD SPD DIR MIN PSBL S-S WX    SPD DR
================================================================================

 1  95  62  79   0   0  14 0.00    M    M  2.5 13 350   M    M   0        22 350
 2  97  69  83   4   0  18 0.00    M    M  4.2 14 260   M    M   1        19 250
 3  99  67  83   4   0  18 0.01    M    M  2.7 21 270   M    M   1 13     29 240
 4  97  71  84   5   0  19 0.00    M    M  5.2 17 230   M    M   1 18     25 240
 5  83  72  78  -1   0  13 0.44    M    M  4.2 17 260   M    M   3 138    24 250
 6  91  71  81   2   0  16 0.01    M    M  5.1 17 170   M    M   4 13     22 160
 7  95  70  83   4   0  18 0.00  0.0    M  6.2 18 280   M    M   2 8      25 200
 8  96  73  85   6   0  20 0.00  0.0    M  5.3 17 260   M    M   1 38     24 240
 9  91  70  81   2   0  16    T    M    M  4.8 17 350   M    M   1 3      25 340
10  92  68  80   1   0  15 0.00    M    M  2.5 23 240   M    M   1 18     34 230
11  92  69  81   2   0  16 0.00  0.0    M  4.9 16 160   M    M   4 3      21 150
12  93  70  82   3   0  17 0.00  0.0    M  5.1 17 240   M    M   2        25 240
13  95  66  81   2   0  16 0.00    M    M  3.9 13 300   M    M   1 1      18 310
14  96  70  83   3   0  18    T    M    M  5.3 23 350   M    M   0        29 310
15  92  70  81   1   0  16 0.00    M    M  4.1 13 290   M    M   3        18 290
16  97  69  83   3   0  18    T    M    M  3.5 18 170   M    M   1 38     22 170
17  94  69  82   2   0  17 0.09    M    M  2.9 14 190   M    M   1 13     19 200
18  96  70  83   3   0  18 0.02    M    M  3.0 16  50   M    M   3 13     21  20
19  98  70  84   4   0  19 0.27    M    M  3.4 20 310   M    M   1 13     27  80
20  99  71  85   5   0  20 0.00    M    M  2.4 12 140   M    M   2 12     14 330
21  98  73  86   6   0  21 0.07    M    M  3.1 20 120   M    M   2 3      24 110
22  96  71  84   4   0  19 0.00  0.0    M  3.3 12 180   M    M   1 1      16 180
23  95  74  85   5   0  20 0.07  0.0    M  3.5 22 200   M    M   2 13     31 190
================================================================================
SM 2177 1605         0 402  0.98     0.0  91.1          M       38
================================================================================
AV 94.7 69.8                               4.0 FASTST   M    M   2    MAX(MPH)
                                 MISC ---->  # 23 240               # 34  230
================================================================================
NOTES:
# LAST OF SEVERAL OCCURRENCES

COLUMN 17 PEAK WIND IN M.P.H.

PRELIMINARY LOCAL CLIMATOLOGICAL DATA (WS FORM: F-6) , PAGE 2

                                          STATION:  ROME
                                          MONTH:    JULY
                                          YEAR:     2016
                                          LATITUDE:   34 20 N
                                          LONGITUDE:  85 10 W

[TEMPERATURE DATA]      [PRECIPITATION DATA]       SYMBOLS USED IN COLUMN 16

AVERAGE MONTHLY: 82.2   TOTAL FOR MONTH:   0.98    1 = FOG OR MIST
DPTR FM NORMAL:   2.8   DPTR FM NORMAL:   -2.50    2 = FOG REDUCING VISIBILITY
HIGHEST:    99 ON 20, 3 GRTST 24HR  0.44 ON  5- 5      TO 1/4 MILE OR LESS
LOWEST:     62 ON  1                               3 = THUNDER
                        SNOW, ICE PELLETS, HAIL    4 = ICE PELLETS
                        TOTAL MONTH:   0.0 INCH    5 = HAIL
                        GRTST 24HR     0.0         6 = FREEZING RAIN OR DRIZZLE
                        GRTST DEPTH:  M  ON   M    7 = DUSTSTORM OR SANDSTORM:
                                                       VSBY 1/2 MILE OR LESS
                                                   8 = SMOKE OR HAZE
[NO. OF DAYS WITH]      [WEATHER - DAYS WITH]      9 = BLOWING SNOW
                                                   X = TORNADO
MAX 32 OR BELOW:   0    0.01 INCH OR MORE:   8
MAX 90 OR ABOVE:  22    0.10 INCH OR MORE:   2
MIN 32 OR BELOW:   0    0.50 INCH OR MORE:   0
MIN  0 OR BELOW:   0    1.00 INCH OR MORE:   0

[HDD (BASE 65) ]
TOTAL THIS MO.     0    CLEAR  (SCALE 0-3)  21
DPTR FM NORMAL     0    PTCLDY (SCALE 4-7)   2
TOTAL FM JUL 1     0    CLOUDY (SCALE 8-10)  0
DPTR FM NORMAL     0

[CDD (BASE 65) ]
TOTAL THIS MO.   402
DPTR FM NORMAL    71    [PRESSURE DATA]
TOTAL FM JAN 1  1066    HIGHEST SLP  0.00 ON 19
DPTR FM NORMAL   237    LOWEST  SLP 29.93 ON M

[REMARKS]
