840
CXUS55 KREV 300852
CF6RNO
PRELIMINARY LOCAL CLIMATOLOGICAL DATA (WS FORM: F-6)

                                          STATION:   RENO TAHOE AIRPORT NV
                                          MONTH:     AUGUST
                                          YEAR:      2016
                                          LATITUDE:   39 30 N
                                          LONGITUDE: 119 47 W

  TEMPERATURE IN F:       :PCPN:    SNOW:  WIND      :SUNSHINE: SKY     :PK WND
================================================================================
1   2   3   4   5  6A  6B    7    8   9   10  11  12  13   14  15   16   17  18
                                     12Z  AVG MX 2MIN
DY MAX MIN AVG DEP HDD CDD  WTR  SNW DPTH SPD SPD DIR MIN PSBL S-S WX    SPD DR
================================================================================

 1  98  60  79   3   0  14 0.00  0.0    0  6.4 21 300   M    M   M        29 280
 2  97  60  79   3   0  14 0.00  0.0    0  8.1 24 290   M    M   M        30 290
 3  95  58  77   1   0  12 0.00  0.0    0  5.1 15  20   M    M   M        22 350
 4  96  58  77   2   0  12 0.00  0.0    0  6.3 16 310   M    M   M        30 280
 5  92  62  77   2   0  12 0.00  0.0    0  8.1 29 290   M    M   M        35 290
 6  91  50  71  -4   0   6 0.00  0.0    0  7.6 23 280   M    M   M        36 280
 7  88  54  71  -4   0   6 0.00  0.0    0  7.3 18 280   M    M   M        24 270
 8  89  54  72  -3   0   7 0.00  0.0    0  8.6 23 280   M    M   M        33 290
 9  86  54  70  -5   0   5 0.00  0.0    0  6.5 21 350   M    M   M        26 340
10  87  58  73  -1   0   8 0.00  0.0    0  4.6 18 350   M    M   M        23 340
11  91  57  74   0   0   9 0.00  0.0    0  4.3 14  10   M    M   M        16  20
12  96  59  78   4   0  13 0.00  0.0    0  4.5 17 280   M    M   M        23 300
13  99  61  80   6   0  15 0.00  0.0    0  5.2 21 300   M    M   M        26 300
14  97  61  79   5   0  14 0.00  0.0    0 10.0 26 290   M    M   M        36 300
15  94  60  77   3   0  12 0.00  0.0    0  5.0 15 300   M    M   M        23 290
16  96  60  78   5   0  13 0.00  0.0    0  5.3 24 300   M    M   M        31 290
17  97  62  80   7   0  15 0.00  0.0    0  5.7 28  10   M    M   M        35 310
18  97  62  80   7   0  15    T  0.0    0  6.3 36 360   M    M   M 8      43  20
19  98  63  81   8   0  16 0.00  0.0    0  4.9 22 300   M    M   M        28 300
20  98  63  81   9   0  16 0.00  0.0    0  5.2 16 300   M    M   M        20 300
21  96  66  81   9   0  16 0.04  0.0    0  6.4 26 340   M    M   M 3      40 300
22  89  62  76   4   0  11    T  0.0    0  4.8 29 360   M    M   M 3      41 360
23  92  55  74   2   0   9 0.00  0.0    0  6.5 23 250   M    M   M        31 250
24  93  53  73   1   0   8 0.00  0.0    0  5.9 20 280   M    M   M        26 270
25  87  54  71   0   0   6 0.00  0.0    0  4.2 18  20   M    M   M        23  30
26  91  53  72   1   0   7 0.00  0.0    0  5.7 17 290   M    M   M        23 270
27  92  54  73   2   0   8 0.00  0.0    0  5.8 17 260   M    M   M        24 270
28  92  54  73   2   0   8 0.00  0.0    0  4.7 22 290   M    M   M        28 300
29  95  54  75   5   0  10 0.00  0.0    0  5.0 21 290   M    M   M        34 290
================================================================================
SM 2709 1681         0 317  0.04     0.0 174.0          M        M
================================================================================
AV 93.4 58.0                               6.0 FASTST   M    M -nan   MAX(MPH)
                                 MISC ---->  # 36 360               # 43   20
================================================================================
NOTES:
# LAST OF SEVERAL OCCURRENCES

COLUMN 17 PEAK WIND IN M.P.H.

PRELIMINARY LOCAL CLIMATOLOGICAL DATA (WS FORM: F-6) , PAGE 2

                                          STATION:  RENO TAHOE AIRPORT NV
                                          MONTH:    AUGUST
                                          YEAR:     2016
                                          LATITUDE:   39 30 N
                                          LONGITUDE: 119 47 W

[TEMPERATURE DATA]      [PRECIPITATION DATA]       SYMBOLS USED IN COLUMN 16

AVERAGE MONTHLY: 75.7   TOTAL FOR MONTH:   0.04    1 = FOG OR MIST
DPTR FM NORMAL:   2.3   DPTR FM NORMAL:   -0.18    2 = FOG REDUCING VISIBILITY
HIGHEST:    99 ON 13    GRTST 24HR  0.04 ON 21-21      TO 1/4 MILE OR LESS
LOWEST:     50 ON  6                               3 = THUNDER
                        SNOW, ICE PELLETS, HAIL    4 = ICE PELLETS
                        TOTAL MONTH:   0.0 INCH    5 = HAIL
                        GRTST 24HR     0.0         6 = FREEZING RAIN OR DRIZZLE
                        GRTST DEPTH:   0           7 = DUSTSTORM OR SANDSTORM:
                                                       VSBY 1/2 MILE OR LESS
                                                   8 = SMOKE OR HAZE
[NO. OF DAYS WITH]      [WEATHER - DAYS WITH]      9 = BLOWING SNOW
                                                   X = TORNADO
MAX 32 OR BELOW:   0    0.01 INCH OR MORE:   1
MAX 90 OR ABOVE:  23    0.10 INCH OR MORE:   0
MIN 32 OR BELOW:   0    0.50 INCH OR MORE:   0
MIN  0 OR BELOW:   0    1.00 INCH OR MORE:   0

[HDD (BASE 65) ]
TOTAL THIS MO.     0    CLEAR  (SCALE 0-3)   0
DPTR FM NORMAL     0    PTCLDY (SCALE 4-7)   0
TOTAL FM JUL 1     0    CLOUDY (SCALE 8-10)  0
DPTR FM NORMAL    -5

[CDD (BASE 65) ]
TOTAL THIS MO.   317
DPTR FM NORMAL    70    [PRESSURE DATA]
TOTAL FM JAN 1   968    HIGHEST SLP M ON M
DPTR FM NORMAL   234    LOWEST  SLP 29.73 ON  5

[REMARKS]
