000
CXUS55 KREV 280836
CF6RNO
PRELIMINARY LOCAL CLIMATOLOGICAL DATA (WS FORM: F-6)

                                          STATION:   RENO-TAHOE INTL AIRPORT NV
                                          MONTH:     JUNE
                                          YEAR:      2017
                                          LATITUDE:   39 30 N
                                          LONGITUDE: 119 47 W

  TEMPERATURE IN F:       :PCPN:    SNOW:  WIND      :SUNSHINE: SKY     :PK WND
================================================================================
1   2   3   4   5  6A  6B    7    8   9   10  11  12  13   14  15   16   17  18
                                     12Z  AVG MX 2MIN
DY MAX MIN AVG DEP HDD CDD  WTR  SNW DPTH SPD SPD DIR MIN PSBL S-S WX    SPD DR
================================================================================

 1  82  50  66   2   0   1 0.00  0.0    0  6.5 17 320   M    M   M        32 280
 2  88  54  71   7   0   6 0.00  0.0    0  5.8 21 280   M    M   M        25 290
 3  88  56  72   8   0   7 0.00  0.0    0  5.4 20 300   M    M   M        25 310
 4  86  55  71   7   0   6 0.00  0.0    0  8.6 28 260   M    M   M        35 220
 5  87  50  69   4   0   4 0.00  0.0    0  5.9 23 300   M    M   M        29 290
 6  92  55  74   9   0   9 0.00  0.0    0  7.4 24 300   M    M   M        34 260
 7  89  54  72   7   0   7 0.00  0.0    0  6.3 21 250   M    M   M        28 280
 8  74  54  64  -2   1   0 0.01  0.0    0 17.0 41 210   M    M   M        51 200
 9  70  51  61  -5   4   0    T  0.0    0  9.5 28 290   M    M   M        41 280
10  72  48  60  -6   5   0 0.00  0.0    0 10.0 25 190   M    M   M        35 200
11  60  44  52 -14  13   0 0.05  0.0    0 11.4 30 300   M    M   M        39 290
12  59  41  50 -17  15   0 0.06  0.0    0 15.1 26 290   M    M   M        35 310
13  76  40  58  -9   7   0 0.00  0.0    0  5.1 15 360   M    M   3 8      19  10
14  86  50  68   1   0   3 0.00  0.0    0  7.1 23 280   M    M   2        29 320
15  88  53  71   4   0   6 0.00  0.0    0  7.0 20 280   M    M   4        26 280
16  96  59  78  10   0  13 0.00  0.0    0  6.4 21 300   M    M   M        27 270
17  95  63  79  11   0  14 0.00  0.0    0  7.0 22  20   M    M   M        26  20
18  96  64  80  12   0  15 0.00  0.0    0  5.5 16  80   M    M   M        22  70
19 103  68  86  17   0  21 0.00  0.0    0  4.1 17 250   M    M   M        22 250
20 104  66  85  16   0  20 0.00  0.0    0  6.1 22 280   M    M   M        29 270
21  98  68  83  14   0  18 0.00  0.0    0  6.7 26 190   M    M   M        31 190
22  95  64  80  10   0  15 0.00  0.0    0  5.5 16  40   M    M   M        22  40
23  98  63  81  11   0  16 0.00  0.0    0  4.3 16  20   M    M   M        21  20
24  99  67  83  13   0  18 0.00  0.0    0  4.9 14  50   M    M   M        17  10
25 100  69  85  15   0  20 0.00  0.0    0  7.0 23 300   M    M   M        30 280
26  94  67  81  10   0  16 0.00  0.0    0  6.8 24 250   M    M   2        34 250
27  91  56  74   3   0   9 0.00  0.0    0  7.5 21 280   M    M   0        28 290
================================================================================
SM 2366 1529        45 244  0.12     0.0 199.9          M       11
================================================================================
AV 87.6 56.6                               7.4 FASTST   M    M   2    MAX(MPH)
                                 MISC ---->  # 41 210               # 51  200
================================================================================
NOTES:
# LAST OF SEVERAL OCCURRENCES

COLUMN 17 PEAK WIND IN M.P.H.

PRELIMINARY LOCAL CLIMATOLOGICAL DATA (WS FORM: F-6) , PAGE 2

                                          STATION:  RENO-TAHOE INTL AIRPORT NV
                                          MONTH:    JUNE
                                          YEAR:     2017
                                          LATITUDE:   39 30 N
                                          LONGITUDE: 119 47 W

[TEMPERATURE DATA]      [PRECIPITATION DATA]       SYMBOLS USED IN COLUMN 16

AVERAGE MONTHLY: 72.1   TOTAL FOR MONTH:   0.12    1 = FOG OR MIST
DPTR FM NORMAL:   4.9   DPTR FM NORMAL:   -0.36    2 = FOG REDUCING VISIBILITY
HIGHEST:   104 ON 20    GRTST 24HR  0.06 ON 12-12      TO 1/4 MILE OR LESS
LOWEST:     40 ON 13                               3 = THUNDER
                        SNOW, ICE PELLETS, HAIL    4 = ICE PELLETS
                        TOTAL MONTH:   0.0 INCH    5 = HAIL
                        GRTST 24HR     0.0         6 = FREEZING RAIN OR DRIZZLE
                        GRTST DEPTH:   0           7 = DUSTSTORM OR SANDSTORM:
                                                       VSBY 1/2 MILE OR LESS
                                                   8 = SMOKE OR HAZE
[NO. OF DAYS WITH]      [WEATHER - DAYS WITH]      9 = BLOWING SNOW
                                                   X = TORNADO
MAX 32 OR BELOW:   0    0.01 INCH OR MORE:   3
MAX 90 OR ABOVE:  13    0.10 INCH OR MORE:   0
MIN 32 OR BELOW:   0    0.50 INCH OR MORE:   0
MIN  0 OR BELOW:   0    1.00 INCH OR MORE:   0

[HDD (BASE 65) ]
TOTAL THIS MO.    45    CLEAR  (SCALE 0-3)   4
DPTR FM NORMAL   -10    PTCLDY (SCALE 4-7)   1
TOTAL FM JUL 1  4446    CLOUDY (SCALE 8-10)  0
DPTR FM NORMAL  -477

[CDD (BASE 65) ]
TOTAL THIS MO.   244
DPTR FM NORMAL   129    [PRESSURE DATA]
TOTAL FM JAN 1   298    HIGHEST SLP M ON M
DPTR FM NORMAL   146    LOWEST  SLP 29.68 ON 11

[REMARKS]
