000
CXUS51 KRNK 250929
CF6ROA
PRELIMINARY LOCAL CLIMATOLOGICAL DATA (WS FORM: F-6)

                                          STATION:   ROANOKE VA
                                          MONTH:     JULY
                                          YEAR:      2014
                                          LATITUDE:   37 19 N
                                          LONGITUDE:  79 58 W

  TEMPERATURE IN F:       :PCPN:    SNOW:  WIND      :SUNSHINE: SKY     :PK WND
================================================================================
1   2   3   4   5  6A  6B    7    8   9   10  11  12  13   14  15   16   17  18
                                     12Z  AVG MX 2MIN
DY MAX MIN AVG DEP HDD CDD  WTR  SNW DPTH SPD SPD DIR MIN PSBL S-S WX    SPD DR
================================================================================

 1  94  69  82   6   0  17 0.00  0.0    0  5.3 15 270   M    M   5        20 260
 2  96  73  85   9   0  20 0.00  0.0    0  6.7 22 180   M    M   4        29 170
 3  86  68  77   1   0  12 0.68  0.0    0  2.9 18 190   M    M   7 13     25 190
 4  81  61  71  -5   0   6 0.00  0.0    0 10.4 23 320   M    M   4        29 310
 5  79  53  66 -10   0   1 0.00  0.0    0  3.3 12 120   M    M   1        20  90
 6  87  55  71  -5   0   6 0.00  0.0    0  4.7 14 160   M    M   4        21 220
 7  91  64  78   1   0  13 0.00  0.0    0  7.7 16 190   M    M   2        22 240
 8  94  71  83   6   0  18 0.07  0.0    0 10.5 28 260   M    M   6        38 270
 9  84  68  76  -1   0  11 0.36  0.0    0  4.5 22 280   M    M   7 13     30 280
10  84  67  76  -1   0  11 0.19  0.0    0  4.6 14  70   M    M   8 13      M  M
11  84  65  75  -2   0  10 0.05  0.0    0  5.2 14  30   M    M   3 1       M  M
12  88  65  77   0   0  12 0.00  0.0    0  4.2 17 150   M    M   6         M  M
13  90  69  80   3   0  15 0.00  0.0    0  5.6 18 170   M    M   7        23 170
14  93  73  83   6   0  18 0.16  0.0    0  7.1 25 260   M    M   7 3      36 260
15  84  64  74  -3   0   9 0.26  0.0    0  6.9 30 300   M    M   7 1      36 300
16  80  60  70  -7   0   5 0.00  0.0    0  7.1 16 310   M    M   4        21 310
17  80  54  67 -10   0   2 0.00  0.0    0  4.3 13  30   M    M   5        16  70
18  77  59  68  -9   0   3    T  0.0    0  2.6 13 120   M    M   8        15 170
19  74  66  70  -7   0   5 0.03  0.0    0  2.4 12 110   M    M   9 1      14 140
20  78  65  72  -5   0   7 0.00  0.0    0  4.7 10 160   M    M  10        22 140
21  80  69  75  -2   0  10 0.10  0.0    0  3.7 12 140   M    M   9 1      28  20
22  86  71  79   2   0  14 0.01  0.0    0  5.8 13 150   M    M   7 1      17 150
23  92  68  80   3   0  15    T  0.0    0  4.1 16 260   M    M   4 3      23 250
24  84  68  76  -1   0  11 0.62  0.0    0  4.3 20  20   M    M   9 13     31 110
================================================================================
SM 2046 1565         0 251  2.53     0.0 128.6          M      143
================================================================================
AV 85.2 65.2                               5.4 FASTST   M    M   6    MAX(MPH)
                                 MISC ---->  # 30 300               # 38  270
================================================================================
NOTES:
# LAST OF SEVERAL OCCURRENCES

COLUMN 17 PEAK WIND IN M.P.H.

PRELIMINARY LOCAL CLIMATOLOGICAL DATA (WS FORM: F-6) , PAGE 2

                                          STATION:  ROANOKE VA
                                          MONTH:    JULY
                                          YEAR:     2014
                                          LATITUDE:   37 19 N
                                          LONGITUDE:  79 58 W

[TEMPERATURE DATA]      [PRECIPITATION DATA]       SYMBOLS USED IN COLUMN 16

AVERAGE MONTHLY: 75.2   TOTAL FOR MONTH:   2.53    1 = FOG OR MIST
DPTR FM NORMAL:  -1.5   DPTR FM NORMAL:   -0.59    2 = FOG REDUCING VISIBILITY
HIGHEST:    96 ON  2    GRTST 24HR  0.68 ON  3- 3      TO 1/4 MILE OR LESS
LOWEST:     53 ON  5                               3 = THUNDER
                        SNOW, ICE PELLETS, HAIL    4 = ICE PELLETS
                        TOTAL MONTH:   0.0 INCH    5 = HAIL
                        GRTST 24HR     0.0         6 = FREEZING RAIN OR DRIZZLE
                        GRTST DEPTH:   0           7 = DUSTSTORM OR SANDSTORM:
                                                       VSBY 1/2 MILE OR LESS
                                                   8 = SMOKE OR HAZE
[NO. OF DAYS WITH]      [WEATHER - DAYS WITH]      9 = BLOWING SNOW
                                                   X = TORNADO
MAX 32 OR BELOW:   0    0.01 INCH OR MORE:  11
MAX 90 OR ABOVE:   7    0.10 INCH OR MORE:   7
MIN 32 OR BELOW:   0    0.50 INCH OR MORE:   2
MIN  0 OR BELOW:   0    1.00 INCH OR MORE:   0

[HDD (BASE 65) ]
TOTAL THIS MO.     0    CLEAR  (SCALE 0-3)   2
DPTR FM NORMAL     0    PTCLDY (SCALE 4-7)  17
TOTAL FM JUL 1     0    CLOUDY (SCALE 8-10)  5
DPTR FM NORMAL     0

[CDD (BASE 65) ]
TOTAL THIS MO.   251
DPTR FM NORMAL   -32    [PRESSURE DATA]
TOTAL FM JAN 1   697    HIGHEST SLP M ON M
DPTR FM NORMAL    52    LOWEST  SLP 29.76 ON 15

[REMARKS]
