000
CXUS51 KRNK 230929
CF6ROA
PRELIMINARY LOCAL CLIMATOLOGICAL DATA (WS FORM: F-6)

                                          STATION:   ROANOKE VA
                                          MONTH:     OCTOBER
                                          YEAR:      2014
                                          LATITUDE:   37 19 N
                                          LONGITUDE:  79 58 W

  TEMPERATURE IN F:       :PCPN:    SNOW:  WIND      :SUNSHINE: SKY     :PK WND
================================================================================
1   2   3   4   5  6A  6B    7    8   9   10  11  12  13   14  15   16   17  18
                                     12Z  AVG MX 2MIN
DY MAX MIN AVG DEP HDD CDD  WTR  SNW DPTH SPD SPD DIR MIN PSBL S-S WX    SPD DR
================================================================================

 1  76  54  65   3   0   0 0.00  0.0    0  3.8 13 120   M    M   4 1      17 130
 2  83  59  71   9   0   6 0.00  0.0    0  3.1 14 150   M    M   5 128    17 120
 3  78  64  71   9   0   6 0.26  0.0    0  7.8 23 170   M    M   8 18     29 170
 4  66  44  55  -6  10   0 0.00  0.0    0 12.1 30 310   M    M   5        39 320
 5  63  38  51 -10  14   0 0.00  0.0    0  6.0 17 220   M    M   1        23 220
 6  73  42  58  -3   7   0 0.10  0.0    0  4.8 24 150   M    M   5        33 280
 7  71  53  62   2   3   0 0.65  0.0    0  4.6 23 280   M    M   9 13     29 270
 8  76  55  66   6   0   1 0.11  0.0    0  8.3 21 270   M    M   2 1      29 280
 9  79  47  63   3   2   0 0.00  0.0    0  4.4 15 310   M    M   5        19 330
10  62  53  58  -1   7   0 0.27  0.0    0  4.0  9 150   M    M   8 13     11 160
11  64  55  60   1   5   0 0.10  0.0    0  5.4 12 130   M    M   8 12     15  40
12  55  52  54  -5  11   0 0.76  0.0    0  3.2  9 120   M    M  10 1      12 130
13  62  53  58   0   7   0 0.15  0.0    0  2.8 13 120   M    M  10 1      14 120
14  77  61  69  11   0   4 0.32  0.0    0 12.8 29 140   M    M   8 1      35 140
15  71  56  64   6   1   0 0.70  0.0    0  6.9 25 240   M    M   8 1      36 240
16  66  51  59   1   6   0    T  0.0    0  6.9 15 290   M    M   6        19 290
17  74  53  64   7   1   0 0.00  0.0    0  7.2 17 220   M    M   4        22 210
18  63  52  58   1   7   0    T  0.0    0 11.8 24 300   M    M   8        34 320
19  63  41  52  -5  13   0 0.00  0.0    0  8.8 22 290   M    M   4        29 280
20  68  39  54  -2  11   0 0.00  0.0    0  4.0 15 210   M    M   6        21 250
21  66  48  57   1   8   0    T  0.0    0  8.9 28 300   M    M   7        36 310
22  61  48  55  -1  10   0    T  0.0    0 12.4 24 320   M    M   5        32 320
================================================================================
SM 1517 1118       123  17  3.42     0.0 150.0          M      136
================================================================================
AV 69.0 50.8                               6.8 FASTST   M    M   6    MAX(MPH)
                                 MISC ---->  # 30 310               # 39  320
================================================================================
NOTES:
# LAST OF SEVERAL OCCURRENCES

COLUMN 17 PEAK WIND IN M.P.H.

PRELIMINARY LOCAL CLIMATOLOGICAL DATA (WS FORM: F-6) , PAGE 2

                                          STATION:  ROANOKE VA
                                          MONTH:    OCTOBER
                                          YEAR:     2014
                                          LATITUDE:   37 19 N
                                          LONGITUDE:  79 58 W

[TEMPERATURE DATA]      [PRECIPITATION DATA]       SYMBOLS USED IN COLUMN 16

AVERAGE MONTHLY: 59.9   TOTAL FOR MONTH:   3.42    1 = FOG OR MIST
DPTR FM NORMAL:   0.9   DPTR FM NORMAL:    1.41    2 = FOG REDUCING VISIBILITY
HIGHEST:    83 ON  2    GRTST 24HR  0.87 ON 14-15      TO 1/4 MILE OR LESS
LOWEST:     38 ON  5                               3 = THUNDER
                        SNOW, ICE PELLETS, HAIL    4 = ICE PELLETS
                        TOTAL MONTH:   0.0 INCH    5 = HAIL
                        GRTST 24HR     0.0         6 = FREEZING RAIN OR DRIZZLE
                        GRTST DEPTH:   0           7 = DUSTSTORM OR SANDSTORM:
                                                       VSBY 1/2 MILE OR LESS
                                                   8 = SMOKE OR HAZE
[NO. OF DAYS WITH]      [WEATHER - DAYS WITH]      9 = BLOWING SNOW
                                                   X = TORNADO
MAX 32 OR BELOW:   0    0.01 INCH OR MORE:  10
MAX 90 OR ABOVE:   0    0.10 INCH OR MORE:  10
MIN 32 OR BELOW:   0    0.50 INCH OR MORE:   3
MIN  0 OR BELOW:   0    1.00 INCH OR MORE:   0

[HDD (BASE 65) ]
TOTAL THIS MO.   123    CLEAR  (SCALE 0-3)   2
DPTR FM NORMAL   -28    PTCLDY (SCALE 4-7)  12
TOTAL FM JUL 1   142    CLOUDY (SCALE 8-10)  8
DPTR FM NORMAL   -58

[CDD (BASE 65) ]
TOTAL THIS MO.    17
DPTR FM NORMAL    -1    [PRESSURE DATA]
TOTAL FM JAN 1  1127    HIGHEST SLP M ON M
DPTR FM NORMAL   -77    LOWEST  SLP 29.68 ON  4

[REMARKS]
