000
CXUS51 KBUF 291205
CF6ROC
PRELIMINARY LOCAL CLIMATOLOGICAL DATA (WS FORM: F-6)

                                          STATION:   ROCHESTER NY
                                          MONTH:     JUNE
                                          YEAR:      2015
                                          LATITUDE:   43  7 N
                                          LONGITUDE:  77 40 W

  TEMPERATURE IN F:       :PCPN:    SNOW:  WIND      :SUNSHINE: SKY     :PK WND
================================================================================
1   2   3   4   5  6A  6B    7    8   9   10  11  12  13   14  15   16   17  18
                                     12Z  AVG MX 2MIN
DY MAX MIN AVG DEP HDD CDD  WTR  SNW DPTH SPD SPD DIR MIN PSBL S-S WX    SPD DR
================================================================================

 1  53  46  50 -12  15   0 0.19  0.0    0 10.8 23  40   M    M  10 1      27  30
 2  64  47  56  -6   9   0 0.03    M    0  6.5 15 100   M    M   8 1      17  60
 3  72  42  57  -6   8   0 0.00  0.0    0  6.1 18 120   M    M   2        22 120
 4  75  50  63   0   2   0 0.00  0.0    0  5.2 13 210   M    M   6        16 200
 5  81  60  71   8   0   6 0.55  0.0    0  7.4 23 290   M    M  10 13     30 290
 6  64  47  56  -8   9   0    T  0.0    0 10.1 22  30   M    M   4 1      29  50
 7  82  43  63  -1   2   0 0.10  0.0    0  9.3 21 200   M    M   4        30 180
 8  75  66  71   7   0   6 0.34  0.0    0 11.1 28 250   M    M   8 13     36 270
 9  69  58  64   0   1   0 0.56  0.0    0  8.4 18 250   M    M   9 1      23 250
10  81  56  69   4   0   4 1.58  0.0    0  8.5 32 330   M    M   6 138    58 270
11  78  59  69   4   0   4 0.00  0.0    0  6.5 18 270   M    M   8        24 250
12  83  59  71   6   0   6 0.22  0.0    0  6.5 24  30   M    M   9 13     27  30
13  76  59  68   2   0   3    T  0.0    0  4.4 12  30   M    M   8 1      14  40
14  81  60  71   5   0   6 0.50  0.0    0  3.5 12 250   M    M   9 13     16 160
15  80  65  73   7   0   8 0.02  0.0    0  5.5 13 250   M    M   9 18     16 280
16  80  65  73   6   0   8 0.27  0.0    0  9.8 24 360   M    M   7 1      29 340
17  74  59  67   0   0   2 0.00  0.0    0  6.7 17  60   M    M   8        22  50
18  82  63  73   6   0   8 0.00  0.0    0  6.8 18 260   M    M   8        25 290
19  71  54  63  -4   2   0    T  0.0    0  7.2 20  50   M    M   7        25  50
20  80  50  65  -3   0   0 0.06  0.0    0  2.8 13  20   M    M   5 1      14  20
21  81  65  73   5   0   8    T  0.0    0  9.6 24 260   M    M   6 1      30 260
22  83  58  71   3   0   6    T  0.0    0  6.0 16 200   M    M   6 1      23 190
23  82  61  72   4   0   7 0.05  0.0    0 16.9 30 260   M    M   6 3      41 240
24  78  56  67  -2   0   2 0.00  0.0    0  7.8 16 330   M    M   2        21 330
25  77  58  68  -1   0   3 0.00  0.0    0  6.4 17  30   M    M   8        21  20
26  74  60  67  -2   0   2 0.00  0.0    0  8.4 18  50   M    M   7        25  60
27  65  56  61  -8   4   0 1.25  0.0    0 10.9 24 130   M    M  10 1      33 120
28  64  56  60  -9   5   0 0.10  0.0    0  8.3 14  80   M    M  10 1      17  80
================================================================================
SM 2105 1578        57  89  5.82     0.0 217.4          M      200
================================================================================
AV 75.2 56.4                               7.8 FASTST   M    M   7    MAX(MPH)
                                 MISC ---->  # 32 330               # 58  270
================================================================================
NOTES:
# LAST OF SEVERAL OCCURRENCES

COLUMN 17 PEAK WIND IN M.P.H.

PRELIMINARY LOCAL CLIMATOLOGICAL DATA (WS FORM: F-6) , PAGE 2

                                          STATION:  ROCHESTER NY
                                          MONTH:    JUNE
                                          YEAR:     2015
                                          LATITUDE:   43  7 N
                                          LONGITUDE:  77 40 W

[TEMPERATURE DATA]      [PRECIPITATION DATA]       SYMBOLS USED IN COLUMN 16

AVERAGE MONTHLY: 65.8   TOTAL FOR MONTH:   5.82    1 = FOG OR MIST
DPTR FM NORMAL:  -0.2   DPTR FM NORMAL:    2.71    2 = FOG REDUCING VISIBILITY
HIGHEST:    83 ON 22,12 GRTST 24HR  1.58 ON 10-10      TO 1/4 MILE OR LESS
LOWEST:     42 ON  3                               3 = THUNDER
                        SNOW, ICE PELLETS, HAIL    4 = ICE PELLETS
                        TOTAL MONTH:   0.0 INCH    5 = HAIL
                        GRTST 24HR     0.0         6 = FREEZING RAIN OR DRIZZLE
                        GRTST DEPTH:   0           7 = DUSTSTORM OR SANDSTORM:
                                                       VSBY 1/2 MILE OR LESS
                                                   8 = SMOKE OR HAZE
[NO. OF DAYS WITH]      [WEATHER - DAYS WITH]      9 = BLOWING SNOW
                                                   X = TORNADO
MAX 32 OR BELOW:   0    0.01 INCH OR MORE:  15
MAX 90 OR ABOVE:   0    0.10 INCH OR MORE:  11
MIN 32 OR BELOW:   0    0.50 INCH OR MORE:   5
MIN  0 OR BELOW:   0    1.00 INCH OR MORE:   2

[HDD (BASE 65) ]
TOTAL THIS MO.    57    CLEAR  (SCALE 0-3)   2
DPTR FM NORMAL   -10    PTCLDY (SCALE 4-7)  16
TOTAL FM JUL 1  6871    CLOUDY (SCALE 8-10) 10
DPTR FM NORMAL   226

[CDD (BASE 65) ]
TOTAL THIS MO.    89
DPTR FM NORMAL    -5    [PRESSURE DATA]
TOTAL FM JAN 1   192    HIGHEST SLP M ON M
DPTR FM NORMAL    68    LOWEST  SLP 29.59 ON  9

[REMARKS]
