000
CXUS54 KFWD 230730
CF6RPH
PRELIMINARY LOCAL CLIMATOLOGICAL DATA (WS FORM: F-6)

                                          STATION:   GRAHAM
                                          MONTH:     MAY
                                          YEAR:      2017
                                          LATITUDE:   33  6 N
                                          LONGITUDE:  98 30 W

  TEMPERATURE IN F:       :PCPN:    SNOW:  WIND      :SUNSHINE: SKY     :PK WND
================================================================================
1   2   3   4   5  6A  6B    7    8   9   10  11  12  13   14  15   16   17  18
                                     12Z  AVG MX 2MIN
DY MAX MIN AVG DEP HDD CDD  WTR  SNW DPTH SPD SPD DIR MIN PSBL S-S WX    SPD DR
================================================================================

 1  84  33  59  -8   6   0 0.00  0.0    0  3.3  9  30   M    M   0        16  30
 2  91  58  75   8   0  10 0.00  0.0    0  7.8 15 140   M    M   0        23 150
 3  74  55  65  -2   0   0 0.00  0.0    0 11.7 22 340   M    M   3        32 340
 4  75  45  60  -8   5   0 0.00  0.0    0 10.4 18 320   M    M   2        25 320
 5  82  38  60  -8   5   0 0.00  0.0    0  2.4  9 260   M    M   0         M  M
 6  89  46  68   0   0   3 0.00  0.0    0  3.5  7 120   M    M   0         M  M
 7  90  60  75   7   0  10 0.00  0.0    0  7.5 15 130   M    M   0        21 130
 8  85  59  72   3   0   7 0.00  0.0    0  7.9 13 130   M    M   2        21 140
 9  81  63  72   3   0   7 0.00  0.0    0  7.0 12 140   M    M   9        18 150
10  83  68  76   7   0  11    M  0.0    0 10.7 23 120   M    M   7        31 120
11  90  60  75   5   0  10 0.03  0.0    0  8.5 20 300   M    M   2        28 300
12  80  55  68  -2   0   3 0.00  0.0    0  9.9 20 350   M    M   1        28 350
13  85  46  66  -4   0   1 0.00  0.0    0  1.7  5 120   M    M   0         M  M
14  95  60  78   7   0  13 0.00  0.0    0  6.9 10 150   M    M   0        18 160
15  93  67  80   9   0  15 0.00  0.0    0  8.9 15 130   M    M   0        23 120
16  78  70  74   3   0   9 0.00  0.0    0 12.5 21 140   M    M   8        30 150
17  89  60  75   3   0  10 0.01  0.0    0  8.5 16 190   M    M   1        32 220
18  91  71  81   9   0  16 0.00  0.0    0 12.0 20 150   M    M   4        28 140
19  82  63  73   1   0   8 0.03  0.0    0  6.8 20 270   M    M   6        37 270
20  78  55  67  -5   0   2 0.00  0.0    0  7.1 13 340   M    M   3        20 340
21  79  55  67  -6   0   2 0.08  0.0    0  3.3 10  60   M    M   4        17  60
22  77  57  67  -6   0   2 0.01  0.0    0  2.0  7  90   M    M   7         M  M
================================================================================
SM 1851 1244        16 139  0.16     0.0 160.3          M       59
================================================================================
AV 84.1 56.6                               7.3 FASTST   M    M   3    MAX(MPH)
                                 MISC ---->  # 23 120               # 37  270
================================================================================
NOTES:
# LAST OF SEVERAL OCCURRENCES

COLUMN 17 PEAK WIND IN M.P.H.

PRELIMINARY LOCAL CLIMATOLOGICAL DATA (WS FORM: F-6) , PAGE 2

                                          STATION:  GRAHAM
                                          MONTH:    MAY
                                          YEAR:     2017
                                          LATITUDE:   33  6 N
                                          LONGITUDE:  98 30 W

[TEMPERATURE DATA]      [PRECIPITATION DATA]       SYMBOLS USED IN COLUMN 16

AVERAGE MONTHLY: 70.3   TOTAL FOR MONTH:   0.16    1 = FOG OR MIST
DPTR FM NORMAL:   0.5   DPTR FM NORMAL:   -2.67    2 = FOG REDUCING VISIBILITY
HIGHEST:    95 ON 14    GRTST 24HR  0.08 ON 21-21      TO 1/4 MILE OR LESS
LOWEST:     33 ON  1                               3 = THUNDER
                        SNOW, ICE PELLETS, HAIL    4 = ICE PELLETS
                        TOTAL MONTH:   0.0 INCH    5 = HAIL
                        GRTST 24HR     0.0         6 = FREEZING RAIN OR DRIZZLE
                        GRTST DEPTH:   0           7 = DUSTSTORM OR SANDSTORM:
                                                       VSBY 1/2 MILE OR LESS
                                                   8 = SMOKE OR HAZE
[NO. OF DAYS WITH]      [WEATHER - DAYS WITH]      9 = BLOWING SNOW
                                                   X = TORNADO
MAX 32 OR BELOW:   0    0.01 INCH OR MORE:   5
MAX 90 OR ABOVE:   6    0.10 INCH OR MORE:   0
MIN 32 OR BELOW:   0    0.50 INCH OR MORE:   0
MIN  0 OR BELOW:   0    1.00 INCH OR MORE:   0

[HDD (BASE 65) ]
TOTAL THIS MO.    16    CLEAR  (SCALE 0-3)  15
DPTR FM NORMAL   -11    PTCLDY (SCALE 4-7)   6
TOTAL FM JUL 1  1846    CLOUDY (SCALE 8-10)  1
DPTR FM NORMAL -1063

[CDD (BASE 65) ]
TOTAL THIS MO.   139
DPTR FM NORMAL     9    [PRESSURE DATA]
TOTAL FM JAN 1   374    HIGHEST SLP M ON M
DPTR FM NORMAL   155    LOWEST  SLP M ON M

[REMARKS]
