000
CXUS56 KFGZ 290900
CF6RQE
PRELIMINARY LOCAL CLIMATOLOGICAL DATA (WS FORM: F-6)

                                          STATION:   WINDOW ROCK AZ AIRPORT
                                          MONTH:     APRIL
                                          YEAR:      2016
                                          LATITUDE:   35 39 N
                                          LONGITUDE: 109  4 W

  TEMPERATURE IN F:       :PCPN:    SNOW:  WIND      :SUNSHINE: SKY     :PK WND
================================================================================
1   2   3   4   5  6A  6B    7    8   9   10  11  12  13   14  15   16   17  18
                                     12Z  AVG MX 2MIN
DY MAX MIN AVG DEP HDD CDD  WTR  SNW DPTH SPD SPD DIR MIN PSBL S-S WX    SPD DR
================================================================================

 1  55  22  39  -3  26   0 0.00    M    M  2.8 13  10   M    M   5        18 360
 2  62  16  39  -4  26   0 0.00    M    M  2.8 15 260   M    M   0        21 230
 3  69  20  45   2  20   0 0.00    M    M  2.1 15 270   M    M   0 8      23 320
 4  72  23  48   5  17   0 0.00    M    M  4.1 18 210   M    M   0        23 230
 5  70  30  50   7  15   0 0.00    M    M  9.3 25 280   M    M   0        37 310
 6  73  19  46   2  19   0 0.00    M    M  4.6 16 360   M    M   0        21  20
 7  72  24  48   4  17   0 0.00    M    M  5.1 14  30   M    M   0        19 120
 8  58  39  49   5  16   0 0.20    M    M  5.7 24 230   M    M   6        39 180
 9  64  35  50   6  15   0 0.00    M    M  6.5 23 230   M    M   3 18     28 220
10  59  35  47   3  18   0 0.09    M    M  4.2 21 150   M    M   4        26 160
11  61  36  49   4  16   0 0.00    M    M  5.9 13 190   M    M   5        19 180
12  58  35  47   2  18   0 0.26    M    M  4.2 18  20   M    M   4 1      21  20
13  68  30  49   4  16   0 0.00    M    M  4.2 17 230   M    M   2        22 240
14  71  36  54   9  11   0 0.00    M    M 10.3 26 240   M    M   1        35 220
15  57  34  46   0  19   0 0.07    M    M  9.5 32 220   M    M   5 1      42 230
16  47  33  40  -6  25   0 0.17    M    M  8.8 20 340   M    M   9 1      25 330
17  49  35  42  -4  23   0 0.01    M    M  5.8 17 350   M    M  10        22 330
18  56  28  42  -4  23   0 0.00    M    M  4.3 17 290   M    M   3        26 290
19  64  24  44  -3  21   0 0.00    M    M  5.6 21 270   M    M   2        32 270
20  72  27  50   3  15   0 0.00  0.0    0  4.8 18 270   M    M   1        24 260
21  75  30  53   6  12   0 0.00    M    M  2.4 14 180   M    M   1        19 210
22  78  32  55   7  10   0 0.00    M    M  8.5 30 230   M    M   0        40 230
23  72  40  56   8   9   0 0.00    M    M 16.1 39 220   M    M   2        55 220
24  68  26  47  -1  18   0 0.00    M    M  8.1 24 230   M    M   0        32 260
25  64  33  49   1  16   0    T  0.0    0 16.5 45 220   M    M   3        60 230
26  53  23  38 -11  27   0    T    M    M  8.2 31 250   M    M   5        39 250
27  63  29  46  -3  19   0 0.00    M    M  7.5 22 230   M    M   5        30 240
28  64  33  49   0  16   0    T    M    M 14.2 36 230   M    M   4 8      52 240
================================================================================
SM 1794  827       503   0  0.80     0.0 192.1          M       80
================================================================================
AV 64.1 29.5                               6.9 FASTST   M    M   3    MAX(MPH)
                                 MISC ---->  # 45 220               # 60  230
================================================================================
NOTES:
# LAST OF SEVERAL OCCURRENCES

COLUMN 17 PEAK WIND IN M.P.H.

PRELIMINARY LOCAL CLIMATOLOGICAL DATA (WS FORM: F-6) , PAGE 2

                                          STATION:  WINDOW ROCK AZ AIRPORT
                                          MONTH:    APRIL
                                          YEAR:     2016
                                          LATITUDE:   35 39 N
                                          LONGITUDE: 109  4 W

[TEMPERATURE DATA]      [PRECIPITATION DATA]       SYMBOLS USED IN COLUMN 16

AVERAGE MONTHLY: 46.8   TOTAL FOR MONTH:   0.80    1 = FOG OR MIST
DPTR FM NORMAL:   1.2   DPTR FM NORMAL:    0.24    2 = FOG REDUCING VISIBILITY
HIGHEST:    78 ON 22    GRTST 24HR  0.26 ON 12-12      TO 1/4 MILE OR LESS
LOWEST:     16 ON  2                               3 = THUNDER
                        SNOW, ICE PELLETS, HAIL    4 = ICE PELLETS
                        TOTAL MONTH:   0.0 INCH    5 = HAIL
                        GRTST 24HR     0.0         6 = FREEZING RAIN OR DRIZZLE
                        GRTST DEPTH:   0           7 = DUSTSTORM OR SANDSTORM:
                                                       VSBY 1/2 MILE OR LESS
                                                   8 = SMOKE OR HAZE
[NO. OF DAYS WITH]      [WEATHER - DAYS WITH]      9 = BLOWING SNOW
                                                   X = TORNADO
MAX 32 OR BELOW:   0    0.01 INCH OR MORE:   6
MAX 90 OR ABOVE:   0    0.10 INCH OR MORE:   3
MIN 32 OR BELOW:  16    0.50 INCH OR MORE:   0
MIN  0 OR BELOW:   0    1.00 INCH OR MORE:   0

[HDD (BASE 65) ]
TOTAL THIS MO.   503    CLEAR  (SCALE 0-3)  15
DPTR FM NORMAL   -40    PTCLDY (SCALE 4-7)  11
TOTAL FM JUL 1  5436    CLOUDY (SCALE 8-10)  2
DPTR FM NORMAL  -540

[CDD (BASE 65) ]
TOTAL THIS MO.     0
DPTR FM NORMAL     0    [PRESSURE DATA]
TOTAL FM JAN 1     0    HIGHEST SLP M ON M
DPTR FM NORMAL     0    LOWEST  SLP 29.50 ON M

[REMARKS]
