000
CXUS53 KARX 250930
CF6RST
PRELIMINARY LOCAL CLIMATOLOGICAL DATA (WS FORM: F-6)

                                          STATION:   ROCHESTER MN
                                          MONTH:     NOVEMBER
                                          YEAR:      2017
                                          LATITUDE:   43 55 N
                                          LONGITUDE:  92 30 W

  TEMPERATURE IN F:       :PCPN:    SNOW:  WIND      :SUNSHINE: SKY     :PK WND
================================================================================
1   2   3   4   5  6A  6B    7    8   9   10  11  12  13   14  15   16   17  18
                                     12Z  AVG MX 2MIN
DY MAX MIN AVG DEP HDD CDD  WTR  SNW DPTH SPD SPD DIR MIN PSBL S-S WX    SPD DR
================================================================================

 1  39  23  31 -11  34   0 0.11  0.7    0 12.5 23 150   M    M   8 1      28 150
 2  43  34  39  -2  26   0 0.01  0.0    0 11.6 20 320   M    M   9 1      23 360
 3  37  26  32  -9  33   0 0.02    T    0  9.1 20  10   M    M   5 1      25 360
 4  41  33  37  -3  28   0 0.13    T    0 10.2 18 110   M    M  10 1      23 110
 5  42  24  33  -7  32   0 0.03  0.0    0 12.5 24 320   M    M  10 1      29 320
 6  33  21  27 -12  38   0    T    T    0  5.2 13 340   M    M   4        15 340
 7  36  24  30  -9  35   0 0.00  0.0    0  7.8 16 310   M    M   7        20 310
 8  42  22  32  -6  33   0    T  0.0    0 10.7 20 240   M    M   3 1      23 210
 9  38  10  24 -14  41   0    T    T    0 17.9 29 320   M    M   4        36 330
10  28   9  19 -18  46   0 0.00  0.0    0 15.2 26 160   M    M   4        34 170
11  35  28  32  -4  33   0    T  0.0    0 11.9 26 170   M    M  10 16     33 180
12  41  23  32  -4  33   0    T  0.0    0  6.6 12 310   M    M   3 126    16 300
13  44  20  32  -3  33   0 0.00  0.0    0 12.0 23 190   M    M   3 18     29 200
14  44  36  40   5  25   0 0.02  0.0    0 13.1 22 170   M    M  10 12     28 170
15  47  26  37   3  28   0 0.03  0.0    0 19.8 30 310   M    M  10 1      37 300
16  33  25  29  -5  36   0 0.00  0.0    0 13.1 26 160   M    M   8        34 160
17  37  32  35   2  30   0 0.06    T    0 15.4 31 160   M    M   9 12     38 150
18  39  20  30  -2  35   0 0.00  0.0    0 18.7 29 320   M    M   6 1      35 320
19  38  15  27  -5  38   0 0.00  0.0    0 12.7 20 300   M    M   0        25 310
20  50  29  40   9  25   0 0.00  0.0    0 15.4 29 200   M    M   0        35 200
21  37  16  27  -4  38   0    T    T    0 20.6 39 300   M    M   2        49 300
22  32  11  22  -8  43   0    T    T    0 10.4 20 210   M    M   4        24 200
23  46  22  34   5  31   0 0.00  0.0    0  9.7 23 200   M    M   0        29 190
24  61  37  49  20  16   0 0.01  0.0    0 17.8 28 320   M    M   2        33 320
================================================================================
SM  963  566       790   0  0.42     0.7 309.9          M      131
================================================================================
AV 40.1 23.6                              12.9 FASTST   M    M   5    MAX(MPH)
                                 MISC ---->  # 39 300               # 49  300
================================================================================
NOTES:
# LAST OF SEVERAL OCCURRENCES

COLUMN 17 PEAK WIND IN M.P.H.

PRELIMINARY LOCAL CLIMATOLOGICAL DATA (WS FORM: F-6) , PAGE 2

                                          STATION:  ROCHESTER MN
                                          MONTH:    NOVEMBER
                                          YEAR:     2017
                                          LATITUDE:   43 55 N
                                          LONGITUDE:  92 30 W

[TEMPERATURE DATA]      [PRECIPITATION DATA]       SYMBOLS USED IN COLUMN 16

AVERAGE MONTHLY: 31.9   TOTAL FOR MONTH:   0.42    1 = FOG OR MIST
DPTR FM NORMAL:  -3.6   DPTR FM NORMAL:   -1.14    2 = FOG REDUCING VISIBILITY
HIGHEST:    61 ON 24    GRTST 24HR  0.13 ON  4- 4      TO 1/4 MILE OR LESS
LOWEST:      9 ON 10                               3 = THUNDER
                        SNOW, ICE PELLETS, HAIL    4 = ICE PELLETS
                        TOTAL MONTH:   0.7 INCH    5 = HAIL
                        GRTST 24HR   0.7 ON  1- 1  6 = FREEZING RAIN OR DRIZZLE
                        GRTST DEPTH:   0           7 = DUSTSTORM OR SANDSTORM:
                                                       VSBY 1/2 MILE OR LESS
                                                   8 = SMOKE OR HAZE
[NO. OF DAYS WITH]      [WEATHER - DAYS WITH]      9 = BLOWING SNOW
                                                   X = TORNADO
MAX 32 OR BELOW:   2    0.01 INCH OR MORE:   9
MAX 90 OR ABOVE:   0    0.10 INCH OR MORE:   2
MIN 32 OR BELOW:  20    0.50 INCH OR MORE:   0
MIN  0 OR BELOW:   0    1.00 INCH OR MORE:   0

[HDD (BASE 65) ]
TOTAL THIS MO.   790    CLEAR  (SCALE 0-3)   7
DPTR FM NORMAL    82    PTCLDY (SCALE 4-7)  10
TOTAL FM JUL 1  1412    CLOUDY (SCALE 8-10)  7
DPTR FM NORMAL   -32

[CDD (BASE 65) ]
TOTAL THIS MO.     0
DPTR FM NORMAL     0    [PRESSURE DATA]
TOTAL FM JAN 1   494    HIGHEST SLP M ON M
DPTR FM NORMAL   -91    LOWEST  SLP 29.32 ON 24

[REMARKS]
