000
CXUS54 KLZK 281130
CF6RUE
PRELIMINARY LOCAL CLIMATOLOGICAL DATA (WS FORM: F-6)

                                          STATION:   Russellville
                                          MONTH:     SEPTEMBER
                                          YEAR:      2016
                                          LATITUDE:   35 15 N
                                          LONGITUDE:  93  6 W

  TEMPERATURE IN F:       :PCPN:    SNOW:  WIND      :SUNSHINE: SKY     :PK WND
================================================================================
1   2   3   4   5  6A  6B    7    8   9   10  11  12  13   14  15   16   17  18
                                     12Z  AVG MX 2MIN
DY MAX MIN AVG DEP HDD CDD  WTR  SNW DPTH SPD SPD DIR MIN PSBL S-S WX    SPD DR
================================================================================

 1  86  71  79   0   0  14    T  0.0    0  3.8 12  40   M    M   4 1      15  40
 2  82  62  72  -7   0   7 0.00  0.0    0  5.8 14  50   M    M   0        20  50
 3  83  58  71  -8   0   6 0.00  0.0    0  1.1 12  60   M    M   1        14  60
 4  88  59  74  -4   0   9 0.00  0.0    0  0.9  8 170   M    M   0        13 160
 5  92  67  80   2   0  15 0.00  0.0    0  1.3  8 190   M    M   1 1      13 180
 6  91  75  83   5   0  18 0.00  0.0    0  2.8 10 260   M    M   2 1      14 180
 7  92  73  83   6   0  18 0.00  0.0    0  2.3 10 190   M    M   1 1      14 190
 8  94  72  83   6   0  18 0.00  0.0    0  2.8 12 200   M    M   1        17 210
 9  93  72  83   6   0  18 0.00  0.0    0  3.7 12 200   M    M   0 1      17 190
10  83  60  72  -4   0   7 0.03  0.0    0  4.9 20 340   M    M   2 3      27 360
11  83  55  69  -7   0   4 0.00  0.0    0  1.5  7  50   M    M   0        12 110
12  88  57  73  -3   0   8 0.00  0.0    0  1.9  9 150   M    M   1        13 120
13  90  67  79   4   0  14 0.00  0.0    0  1.1  8 100   M    M   1 1      13  60
14  91  69  80   5   0  15 0.00  0.0    0  2.4 15 340   M    M   2 13     18  10
15  91  70  81   7   0  16 0.00  0.0    0  1.3 10 230   M    M   1 13     13 220
16  89  69  79   5   0  14 0.11  0.0    0  3.3 24 340   M    M   3 13     30 360
17  87  71  79   6   0  14 0.00  0.0    0  1.3  7 220   M    M   4 1       9 180
18  83  67  75   2   0  10 0.39  0.0    0  1.1 20 260   M    M   1 13     28 280
19  89  65  77   5   0  12 0.00  0.0    0  1.3  7 120   M    M   1 1      10 120
20  90  66  78   6   0  13 0.00  0.0    0  1.6  7 110   M    M   0 1      10 140
21  90  64  77   6   0  12 0.00  0.0    0  1.2  7  80   M    M   0 1       9  80
22  90  64  77   6   0  12 0.00  0.0    0  0.5  7 180   M    M   0 1      10 140
23  90  64  77   7   0  12 0.00  0.0    0  1.6  7 110   M    M   0 18     11 180
24  91  69  80  10   0  15 0.00  0.0    0  1.6  9 160   M    M   1 1      13 180
25  91  68  80  10   0  15 0.00  0.0    0  1.9 10 330   M    M   0 1      16 320
26  76  56  66  -3   0   1 0.00  0.0    0  5.5 18  20   M    M   5        29  10
27  81  50  66  -3   0   1 0.00  0.0    0  1.5  9 340   M    M   0        12 340
================================================================================
SM 2374 1760         0 318  0.53     0.0  60.0          M       32
================================================================================
AV 87.9 65.2                               2.2 FASTST   M    M   1    MAX(MPH)
                                 MISC ---->  # 24 340               # 30  360
================================================================================
NOTES:
# LAST OF SEVERAL OCCURRENCES

COLUMN 17 PEAK WIND IN M.P.H.

PRELIMINARY LOCAL CLIMATOLOGICAL DATA (WS FORM: F-6) , PAGE 2

                                          STATION:  Russellville
                                          MONTH:    SEPTEMBER
                                          YEAR:     2016
                                          LATITUDE:   35 15 N
                                          LONGITUDE:  93  6 W

[TEMPERATURE DATA]      [PRECIPITATION DATA]       SYMBOLS USED IN COLUMN 16

AVERAGE MONTHLY: 76.6   TOTAL FOR MONTH:   0.53    1 = FOG OR MIST
DPTR FM NORMAL:   2.2   DPTR FM NORMAL:   -2.33    2 = FOG REDUCING VISIBILITY
HIGHEST:    94 ON  8    GRTST 24HR  0.39 ON 18-18      TO 1/4 MILE OR LESS
LOWEST:     50 ON 27                               3 = THUNDER
                        SNOW, ICE PELLETS, HAIL    4 = ICE PELLETS
                        TOTAL MONTH:   0.0 INCH    5 = HAIL
                        GRTST 24HR     0.0         6 = FREEZING RAIN OR DRIZZLE
                        GRTST DEPTH:   0           7 = DUSTSTORM OR SANDSTORM:
                                                       VSBY 1/2 MILE OR LESS
                                                   8 = SMOKE OR HAZE
[NO. OF DAYS WITH]      [WEATHER - DAYS WITH]      9 = BLOWING SNOW
                                                   X = TORNADO
MAX 32 OR BELOW:   0    0.01 INCH OR MORE:   3
MAX 90 OR ABOVE:  14    0.10 INCH OR MORE:   2
MIN 32 OR BELOW:   0    0.50 INCH OR MORE:   0
MIN  0 OR BELOW:   0    1.00 INCH OR MORE:   0

[HDD (BASE 65) ]
TOTAL THIS MO.     0    CLEAR  (SCALE 0-3)  24
DPTR FM NORMAL    -7    PTCLDY (SCALE 4-7)   3
TOTAL FM JUL 1     0    CLOUDY (SCALE 8-10)  0
DPTR FM NORMAL    -7

[CDD (BASE 65) ]
TOTAL THIS MO.   318
DPTR FM NORMAL    57    [PRESSURE DATA]
TOTAL FM JAN 1  1965    HIGHEST SLP M ON M
DPTR FM NORMAL    82    LOWEST  SLP 29.84 ON 16

[REMARKS]
