000
CXUS54 KTSA 280840
CF6RVS
PRELIMINARY LOCAL CLIMATOLOGICAL DATA (WS FORM: F-6)

                                          STATION:   TULSA-RIVERSIDE  OKLAHOMA
                                          MONTH:     JUNE
                                          YEAR:      2017
                                          LATITUDE:   36  2 N
                                          LONGITUDE:  95 59 W

  TEMPERATURE IN F:       :PCPN:    SNOW:  WIND      :SUNSHINE: SKY     :PK WND
================================================================================
1   2   3   4   5  6A  6B    7    8   9   10  11  12  13   14  15   16   17  18
                                     12Z  AVG MX 2MIN
DY MAX MIN AVG DEP HDD CDD  WTR  SNW DPTH SPD SPD DIR MIN PSBL S-S WX    SPD DR
================================================================================

 1  88  64  76   3   0  11 0.00  0.0    0  5.0 18 200   M    M   1        23 200
 2  85  62  74   1   0   9 0.00  0.0    0  5.2 14 160   M    M   2 1      21 160
 3  83  69  76   2   0  11    T  0.0    0  4.4 10 180   M    M   4        14 160
 4  83  70  77   3   0  12 0.01  0.0    0  4.7 14  70   M    M   6        18  80
 5  90  68  79   5   0  14    T  0.0    0  6.3 18  40   M    M   3        23  40
 6  92  65  79   5   0  14 0.00  0.0    0  7.3 15  40   M    M   0        23  20
 7  85  63  74  -1   0   9 0.00  0.0    0  6.3 15  40   M    M   0        21  80
 8  85  56  71  -4   0   6 0.00  0.0    0  2.3 10 160   M    M   0        16 160
 9  87  65  76   1   0  11 0.00  0.0    0  7.8 17 180   M    M   2        23 180
10  90  69  80   4   0  15 0.00  0.0    0 12.3 22 190   M    M   3        29 160
11  91  71  81   5   0  16 0.00  0.0    0 12.6 23 180   M    M   1        33 180
12  94  72  83   7   0  18 0.00  0.0    0 11.1 22 190   M    M   3 8      32 190
13  93  76  85   9   0  20 0.00  0.0    0 13.2 22 190   M    M   4        31 170
14  93  79  86   9   0  21 0.00  0.0    0 12.2 21 190   M    M   2 3      27 180
15  93  67  80   3   0  15 0.25  0.0    0  9.1 37  30   M    M   2 138    48  40
16  97  66  82   5   0  17    T  0.0    0  8.4 17 190   M    M   1 3      23 120
17  92  78  85   8   0  20 0.00  0.0    0 11.1 23 190   M    M   1        32 190
18  81  67  74  -4   0   9 0.62  0.0    0  7.3 37  50   M    M   7 13     49  10
19  89  60  75  -3   0  10 0.00  0.0    0  3.1 12 100   M    M   0        14  90
20  94  64  79   1   0  14 0.00  0.0    0  3.5 13 180   M    M   0        17 170
21  94  67  81   3   0  16 0.00  0.0    0  6.3 16 130   M    M   0        23 160
22  91  68  80   2   0  15 0.00  0.0    0  5.4 14 120   M    M   3        19 130
23  90  72  81   2   0  16 0.02  0.0    0  7.9 21  30   M    M   1        28  30
24  86  67  77  -2   0  12    T  0.0    0  6.4 14  40   M    M   3        19  50
25  90  65  78  -1   0  13 0.00  0.0    0  4.2 14 120   M    M   3        17 140
26  89  67  78  -1   0  13 0.00  0.0    0  4.7 14 190   M    M   1        18 190
27  92  64  78  -2   0  13 0.00  0.0    0  7.2 16 150   M    M   0        24 160
================================================================================
SM 2417 1821         0 370  0.90     0.0 195.3          M       53
================================================================================
AV 89.5 67.4                               7.2 FASTST   M    M   2    MAX(MPH)
                                 MISC ---->  # 37  30               # 49   10
================================================================================
NOTES:
# LAST OF SEVERAL OCCURRENCES

COLUMN 17 PEAK WIND IN M.P.H.

PRELIMINARY LOCAL CLIMATOLOGICAL DATA (WS FORM: F-6) , PAGE 2

                                          STATION:  TULSA-RIVERSIDE  OKLAHOMA
                                          MONTH:    JUNE
                                          YEAR:     2017
                                          LATITUDE:   36  2 N
                                          LONGITUDE:  95 59 W

[TEMPERATURE DATA]      [PRECIPITATION DATA]       SYMBOLS USED IN COLUMN 16

AVERAGE MONTHLY: 78.5   TOTAL FOR MONTH:   0.90    1 = FOG OR MIST
DPTR FM NORMAL:   2.0   DPTR FM NORMAL:   -3.84    2 = FOG REDUCING VISIBILITY
HIGHEST:    97 ON 16    GRTST 24HR  0.62 ON 18-18      TO 1/4 MILE OR LESS
LOWEST:     56 ON  8                               3 = THUNDER
                        SNOW, ICE PELLETS, HAIL    4 = ICE PELLETS
                        TOTAL MONTH:   0.0 INCH    5 = HAIL
                        GRTST 24HR     0.0         6 = FREEZING RAIN OR DRIZZLE
                        GRTST DEPTH:   0           7 = DUSTSTORM OR SANDSTORM:
                                                       VSBY 1/2 MILE OR LESS
                                                   8 = SMOKE OR HAZE
[NO. OF DAYS WITH]      [WEATHER - DAYS WITH]      9 = BLOWING SNOW
                                                   X = TORNADO
MAX 32 OR BELOW:   0    0.01 INCH OR MORE:   4
MAX 90 OR ABOVE:  16    0.10 INCH OR MORE:   2
MIN 32 OR BELOW:   0    0.50 INCH OR MORE:   1
MIN  0 OR BELOW:   0    1.00 INCH OR MORE:   0

[HDD (BASE 65) ]
TOTAL THIS MO.     0    CLEAR  (SCALE 0-3)  22
DPTR FM NORMAL     0    PTCLDY (SCALE 4-7)   5
TOTAL FM JUL 1  2682    CLOUDY (SCALE 8-10)  0
DPTR FM NORMAL -1010

[CDD (BASE 65) ]
TOTAL THIS MO.   370
DPTR FM NORMAL    58    [PRESSURE DATA]
TOTAL FM JAN 1   634    HIGHEST SLP M ON M
DPTR FM NORMAL   119    LOWEST  SLP 29.64 ON 17

[REMARKS]
