892
CXUS54 KTSA 290840
CF6RVS
PRELIMINARY LOCAL CLIMATOLOGICAL DATA (WS FORM: F-6)

                                          STATION:   TULSA-RIVERSIDE  OKLAHOMA
                                          MONTH:     APRIL
                                          YEAR:      2017
                                          LATITUDE:   36  2 N
                                          LONGITUDE:  95 59 W

  TEMPERATURE IN F:       :PCPN:    SNOW:  WIND      :SUNSHINE: SKY     :PK WND
================================================================================
1   2   3   4   5  6A  6B    7    8   9   10  11  12  13   14  15   16   17  18
                                     12Z  AVG MX 2MIN
DY MAX MIN AVG DEP HDD CDD  WTR  SNW DPTH SPD SPD DIR MIN PSBL S-S WX    SPD DR
================================================================================

 1  78  47  63   7   2   0 0.50  0.0    0  9.2 18 110   M    M   3 13     24 120
 2  65  57  61   5   4   0 0.13  0.0    0  4.8 15 130   M    M   8 1      19 110
 3  73  52  63   7   2   0 0.08  0.0    0  4.6 13 250   M    M   6 1      20 250
 4  75  50  63   7   2   0 0.36  0.0    0  7.3 21  40   M    M   2 138    26  30
 5  65  46  56  -1   9   0 0.01  0.0    0  8.4 21 310   M    M   7        33 300
 6  68  37  53  -4  12   0 0.00  0.0    0  5.0 16  10   M    M   0 8      28  20
 7  75  38  57   0   8   0 0.00  0.0    0  5.6 14 200   M    M   0 18     21 110
 8  84  56  70  12   0   5 0.00  0.0    0 13.8 28 180   M    M   0        37 190
 9  81  64  73  15   0   8 0.00  0.0    0 15.1 28 190   M    M   2        36 210
10  76  57  67   9   0   2 0.00  0.0    0  8.5 20 200   M    M   2        26 340
11  73  46  60   2   5   0 0.00  0.0    0  6.1 14  20   M    M   0        19  40
12  80  50  65   6   0   0 0.00  0.0    0  5.8 18 200   M    M   4        26 200
13  81  54  68   9   0   3 0.70  0.0    0  3.2 31 200   M    M   3 138    44 200
14  84  63  74  15   0   9 0.24  0.0    0 11.2 24 180   M    M   4 1      33 180
15  83  62  73  13   0   8 0.00  0.0    0 12.0 25 180   M    M   1        31 180
16  79  62  71  11   0   6 0.62  0.0    0  6.4 18 350   M    M   7 13     25 330
17  74  57  66   6   0   1 1.33  0.0    0  3.3 18 270   M    M   4 13     33 280
18  83  53  68   8   0   3 0.00  0.0    0  5.3 17 200   M    M   3 12     22 200
19  81  60  71  10   0   6 0.00  0.0    0 10.5 23 180   M    M   4 1      32 190
20  72  63  68   7   0   3 0.03  0.0    0  7.4 17 180   M    M   8 1      25  10
21  65  52  59  -2   6   0 3.77  0.0    0 10.0 26  30   M    M  10 13     40 300
22  56  48  52 -10  13   0 0.00  0.0    0  7.2 18  20   M    M  10 1      26  10
23  71  42  57  -5   8   0 0.00  0.0    0  4.4 13  40   M    M   0 1      16  40
24  78  42  60  -2   5   0 0.00  0.0    0  8.6 24 170   M    M   0 1      32 180
25  83  60  72  10   0   7 0.44  0.0    0 11.0 23 180   M    M   2 13     32 180
26  62  44  53 -10  12   0 0.02  0.0    0  6.6 17  10   M    M   8 13     26 360
27  67  39  53 -10  12   0 0.08    M    0  5.1 16 130   M    M   0 13     25 140
28  77  57  67   4   0   2 0.53  0.0    0  8.1 18  30   M    M   6 13     26  30
================================================================================
SM 2089 1458       100  63  8.84     0.0 214.5          M      104
================================================================================
AV 74.6 52.1                               7.7 FASTST   M    M   4    MAX(MPH)
                                 MISC ---->  # 31 200               # 44  200
================================================================================
NOTES:
# LAST OF SEVERAL OCCURRENCES

COLUMN 17 PEAK WIND IN M.P.H.

PRELIMINARY LOCAL CLIMATOLOGICAL DATA (WS FORM: F-6) , PAGE 2

                                          STATION:  TULSA-RIVERSIDE  OKLAHOMA
                                          MONTH:    APRIL
                                          YEAR:     2017
                                          LATITUDE:   36  2 N
                                          LONGITUDE:  95 59 W

[TEMPERATURE DATA]      [PRECIPITATION DATA]       SYMBOLS USED IN COLUMN 16

AVERAGE MONTHLY: 63.3   TOTAL FOR MONTH:   8.84    1 = FOG OR MIST
DPTR FM NORMAL:   3.9   DPTR FM NORMAL:    5.20    2 = FOG REDUCING VISIBILITY
HIGHEST:    84 ON 14, 8 GRTST 24HR  3.77 ON 21-21      TO 1/4 MILE OR LESS
LOWEST:     37 ON  6                               3 = THUNDER
                        SNOW, ICE PELLETS, HAIL    4 = ICE PELLETS
                        TOTAL MONTH:   0.0 INCH    5 = HAIL
                        GRTST 24HR     0.0         6 = FREEZING RAIN OR DRIZZLE
                        GRTST DEPTH:   0           7 = DUSTSTORM OR SANDSTORM:
                                                       VSBY 1/2 MILE OR LESS
                                                   8 = SMOKE OR HAZE
[NO. OF DAYS WITH]      [WEATHER - DAYS WITH]      9 = BLOWING SNOW
                                                   X = TORNADO
MAX 32 OR BELOW:   0    0.01 INCH OR MORE:  15
MAX 90 OR ABOVE:   0    0.10 INCH OR MORE:  10
MIN 32 OR BELOW:   0    0.50 INCH OR MORE:   6
MIN  0 OR BELOW:   0    1.00 INCH OR MORE:   2

[HDD (BASE 65) ]
TOTAL THIS MO.   100    CLEAR  (SCALE 0-3)  14
DPTR FM NORMAL   -91    PTCLDY (SCALE 4-7)  10
TOTAL FM JUL 1  2627    CLOUDY (SCALE 8-10)  4
DPTR FM NORMAL -1018

[CDD (BASE 65) ]
TOTAL THIS MO.    63
DPTR FM NORMAL    26    [PRESSURE DATA]
TOTAL FM JAN 1   115    HIGHEST SLP M ON M
DPTR FM NORMAL    67    LOWEST  SLP 29.40 ON 25

[REMARKS]
