000
CXUS54 KEWX 200910
CF6RYW
PRELIMINARY LOCAL CLIMATOLOGICAL DATA (WS FORM: F-6)

                                          STATION:   LAGO VISTA
                                          MONTH:     DECEMBER
                                          YEAR:      2014
                                          LATITUDE:   30 30 N
                                          LONGITUDE:  97 58 W

  TEMPERATURE IN F:       :PCPN:    SNOW:  WIND      :SUNSHINE: SKY     :PK WND
================================================================================
1   2   3   4   5  6A  6B    7    8   9   10  11  12  13   14  15   16   17  18
                                     12Z  AVG MX 2MIN
DY MAX MIN AVG DEP HDD CDD  WTR  SNW DPTH SPD SPD DIR MIN PSBL S-S WX    SPD DR
================================================================================

 1  65  38  52   M  13   0    M    M    M  8.1 17  10   M    M  10 1      27  20
 2  51  37  44   M  21   0    M    M    M  3.7  8 350   M    M  10         M  M
 3  58  47  53   M  12   0    M    M    M  0.6  5 170   M    M  10 12      M  M
 4  65  58  62   M   3   0    M    M    M  4.4  9 140   M    M  10 12      M  M
 5  74  63  69   M   0   4    M    M    M  7.9 12 220   M    M   6 1      17 210
 6  68  53  61   M   4   0    M    M    M  8.1 12  10   M    M   3        20  10
 7  53  49  51   M  14   0    M    M    M  4.0  8  40   M    M   9         M  M
 8  67  49  58   M   7   0    M    M    M  3.4  7  50   M    M   5         M  M
 9  68  46  57   M   8   0    M    M    M  2.4  6  70   M    M   0 1       M  M
10  63  53  58   M   7   0    M    M    M  3.7  7 150   M    M   9         M  M
11  64  57  61   M   4   0    M    M    M  4.6  8 180   M    M  10 1       M  M
12  68  59  64   M   1   0    M    M    M  4.2  7 170   M    M   8         M  M
13  72  55  64   M   1   0    M    M    M  5.0  9 160   M    M   6 1      16 160
14  71  61  66   M   0   1    M    M    M  8.2 17 190   M    M  10        24 190
15  71  53  62   M   3   0    M    M    M  7.7 14 280   M    M   3 1      21 280
16  62  44  53   M  12   0    M    M    M  7.7 13  30   M    M   3        22  30
17  51  46  49   M  16   0    M    M    M  5.5 12  90   M    M  10 13     16  80
18  60  48  54   M  11   0    M    M    M  4.2 12  70   M    M  10 123    22  50
19  54  46  50   M  15   0 0.33    M    0  8.7 13  40   M    M  10 13     23  30
================================================================================
SM 1205  962       152   5  0.33    M    102.1          M      142
================================================================================
AV 63.4 50.6                               5.4 FASTST   M    M   7    MAX(MPH)
                                 MISC ---->    17   M               # 27   20
================================================================================
NOTES:
# LAST OF SEVERAL OCCURRENCES

COLUMN 17 PEAK WIND IN M.P.H.

PRELIMINARY LOCAL CLIMATOLOGICAL DATA (WS FORM: F-6) , PAGE 2

                                          STATION:  LAGO VISTA
                                          MONTH:    DECEMBER
                                          YEAR:     2014
                                          LATITUDE:   30 30 N
                                          LONGITUDE:  97 58 W

[TEMPERATURE DATA]      [PRECIPITATION DATA]       SYMBOLS USED IN COLUMN 16

AVERAGE MONTHLY: 57.0   TOTAL FOR MONTH:   0.33    1 = FOG OR MIST
DPTR FM NORMAL:     M   DPTR FM NORMAL:       M    2 = FOG REDUCING VISIBILITY
HIGHEST:    74 ON  5    GRTST 24HR  0.33 ON 19-19      TO 1/4 MILE OR LESS
LOWEST:     37 ON  2                               3 = THUNDER
                        SNOW, ICE PELLETS, HAIL    4 = ICE PELLETS
                        TOTAL MONTH:    M          5 = HAIL
                        GRTST 24HR    M  ON   M    6 = FREEZING RAIN OR DRIZZLE
                        GRTST DEPTH:   0           7 = DUSTSTORM OR SANDSTORM:
                                                       VSBY 1/2 MILE OR LESS
                                                   8 = SMOKE OR HAZE
[NO. OF DAYS WITH]      [WEATHER - DAYS WITH]      9 = BLOWING SNOW
                                                   X = TORNADO
MAX 32 OR BELOW:   0    0.01 INCH OR MORE:   1
MAX 90 OR ABOVE:   0    0.10 INCH OR MORE:   1
MIN 32 OR BELOW:   0    0.50 INCH OR MORE:   0
MIN  0 OR BELOW:   0    1.00 INCH OR MORE:   0

[HDD (BASE 65) ]
TOTAL THIS MO.   152    CLEAR  (SCALE 0-3)   3
DPTR FM NORMAL     M    PTCLDY (SCALE 4-7)   5
TOTAL FM JUL 1   444    CLOUDY (SCALE 8-10) 11
DPTR FM NORMAL     M

[CDD (BASE 65) ]
TOTAL THIS MO.     5
DPTR FM NORMAL     M    [PRESSURE DATA]
TOTAL FM JAN 1  3051    HIGHEST SLP M ON M
DPTR FM NORMAL     M    LOWEST  SLP M ON M

[REMARKS]
