000
CXUS55 KTWC 260855
CF6SAD
PRELIMINARY LOCAL CLIMATOLOGICAL DATA (WS FORM: F-6)

                                          STATION:   SAFFORD AZ AIRPORT
                                          MONTH:     SEPTEMBER
                                          YEAR:      2016
                                          LATITUDE:   32 50 N
                                          LONGITUDE: 109 38 W

  TEMPERATURE IN F:       :PCPN:    SNOW:  WIND      :SUNSHINE: SKY     :PK WND
================================================================================
1   2   3   4   5  6A  6B    7    8   9   10  11  12  13   14  15   16   17  18
                                     12Z  AVG MX 2MIN
DY MAX MIN AVG DEP HDD CDD  WTR  SNW DPTH SPD SPD DIR MIN PSBL S-S WX    SPD DR
================================================================================

 1  91  71  81  -1   0  16    T    M    M  9.2 24 140   M    M   1 3      31 130
 2  96  69  83   1   0  18 0.00    M    M  7.2 21 200   M    M   1 3      29 210
 3 100  71  86   4   0  21 0.00    M    M  7.9 17 190   M    M   2        23 200
 4 100  67  84   2   0  19 0.00    M    M  6.5 16 170   M    M   0        20 180
 5 104  60  82   0   0  17 0.00    M    M  8.3 22 190   M    M   0        34 220
 6  90  67  79  -2   0  14    T    M    M  6.8 16 150   M    M   4        21 150
 7  74  65  70 -11   0   5 2.10    M    M  7.4 15 100   M    M   9 1      20 110
 8  87  65  76  -5   0  11 0.04    M    M 10.1 20 310   M    M   5 1      25 290
 9  95  66  81   0   0  16 0.00    M    M  9.7 17 300   M    M   0        20 310
10  94  64  79  -2   0  14 0.00    M    M  7.8 17 130   M    M   0        27 200
11  89  70  80  -1   0  15 0.00    M    M  6.2 14  60   M    M   0        19  60
12  89  67  78  -2   0  13 0.04    M    M  8.8 26 300   M    M   1 3      35 300
13  91  62  77  -3   0  12 0.21    M    M  9.4 35 280   M    M   0 13     43 280
14  91  61  76  -4   0  11 0.00    M    M  5.9 16 100   M    M   0        22 310
15  91  63  77  -3   0  12 0.00    M    M  5.3 17 300   M    M   0        22 290
16  89  56  73  -6   0   8    T    M    M  3.1 12 260   M    M   0        14 260
17  90  54  72  -7   0   7    T    M    M  2.7  9 230   M    M   0        12 210
18  95  55  75  -4   0  10    T    M    M  2.7 10  90   M    M   0        12 100
19  96  57  77  -1   0  12    T    M    M  5.3 15 320   M    M   0        23 330
20  90  67  79   1   0  14    T    M    M  5.5 14 300   M    M   0        16 290
21  94  64  79   1   0  14    T    M    M  5.0 18 310   M    M   1        23 310
22  97  66  82   5   0  17    T    M    M  6.7 22 310   M    M   1        27 200
23  83  59  71  -6   0   6    T    M    M 10.0 43 310   M    M   2 8      52 320
24  83  51  67 -10   0   2    T    M    M  7.5 20 290   M    M   0        26 330
25  89  52  71  -5   0   6    T    M    M  6.2 21 110   M    M   1        28 120
================================================================================
SM 2288 1569         0 310  2.39    M    171.2          M       28
================================================================================
AV 91.5 62.8                               6.8 FASTST   M    M   1    MAX(MPH)
                                 MISC ---->  # 43 310               # 52  320
================================================================================
NOTES:
# LAST OF SEVERAL OCCURRENCES

COLUMN 17 PEAK WIND IN M.P.H.

PRELIMINARY LOCAL CLIMATOLOGICAL DATA (WS FORM: F-6) , PAGE 2

                                          STATION:  SAFFORD AZ AIRPORT
                                          MONTH:    SEPTEMBER
                                          YEAR:     2016
                                          LATITUDE:   32 50 N
                                          LONGITUDE: 109 38 W

[TEMPERATURE DATA]      [PRECIPITATION DATA]       SYMBOLS USED IN COLUMN 16

AVERAGE MONTHLY: 77.1   TOTAL FOR MONTH:   2.39    1 = FOG OR MIST
DPTR FM NORMAL:  -2.6   DPTR FM NORMAL:    1.52    2 = FOG REDUCING VISIBILITY
HIGHEST:   104 ON  5    GRTST 24HR  2.13 ON  7- 8      TO 1/4 MILE OR LESS
LOWEST:     51 ON 24                               3 = THUNDER
                        SNOW, ICE PELLETS, HAIL    4 = ICE PELLETS
                        TOTAL MONTH:    M          5 = HAIL
                        GRTST 24HR    M  ON   M    6 = FREEZING RAIN OR DRIZZLE
                        GRTST DEPTH:  M  ON   M    7 = DUSTSTORM OR SANDSTORM:
                                                       VSBY 1/2 MILE OR LESS
                                                   8 = SMOKE OR HAZE
[NO. OF DAYS WITH]      [WEATHER - DAYS WITH]      9 = BLOWING SNOW
                                                   X = TORNADO
MAX 32 OR BELOW:   0    0.01 INCH OR MORE:   4
MAX 90 OR ABOVE:  17    0.10 INCH OR MORE:   2
MIN 32 OR BELOW:   0    0.50 INCH OR MORE:   1
MIN  0 OR BELOW:   0    1.00 INCH OR MORE:   1

[HDD (BASE 65) ]
TOTAL THIS MO.     0    CLEAR  (SCALE 0-3)  22
DPTR FM NORMAL     0    PTCLDY (SCALE 4-7)   2
TOTAL FM JUL 1     0    CLOUDY (SCALE 8-10)  1
DPTR FM NORMAL     0

[CDD (BASE 65) ]
TOTAL THIS MO.   310
DPTR FM NORMAL   -59    [PRESSURE DATA]
TOTAL FM JAN 1  2515    HIGHEST SLP M ON M
DPTR FM NORMAL    83    LOWEST  SLP 29.57 ON  5

[REMARKS]
