837
CXUS56 KSGX 261445
CF6SAN
PRELIMINARY LOCAL CLIMATOLOGICAL DATA (WS FORM: F-6)

                                          STATION:   SAN DIEGO INTL AIRPORT CA
                                          MONTH:     MAY
                                          YEAR:      2017
                                          LATITUDE:   32 43 N
                                          LONGITUDE: 117 10 W

  TEMPERATURE IN F:       :PCPN:    SNOW:  WIND      :SUNSHINE: SKY     :PK WND
================================================================================
1   2   3   4   5  6A  6B    7    8   9   10  11  12  13   14  15   16   17  18
                                     12Z  AVG MX 2MIN
DY MAX MIN AVG DEP HDD CDD  WTR  SNW DPTH SPD SPD DIR MIN PSBL S-S WX    SPD DR
================================================================================

 1  77  60  69   6   0   4 0.00  0.0    0  4.2 13 210   M    M   0        15 210
 2  72  61  67   4   0   2 0.00  0.0    0  6.1 12 180   M    M   5 18     16 200
 3  75  61  68   5   0   3 0.00  0.0    0  6.2 13 310   M    M   5        16 320
 4  73  64  69   6   0   4 0.00  0.0    0  5.8 14 250   M    M   6        18 250
 5  66  62  64   1   1   0 0.00  0.0    0  6.9 12 200   M    M  10        15 190
 6  64  54  59  -5   6   0 0.10  0.0    0 13.3 29 270   M    M   9 1      36 260
 7  59  53  56  -8   9   0 0.79  0.0    0  9.0 26 240   M    M   9 1      32 230
 8  67  53  60  -4   5   0    T  0.0    0  8.4 21 300   M    M   6        24 310
 9  65  59  62  -2   3   0    T  0.0    0  8.6 15 180   M    M   8 1      20 190
10  70  59  65   1   0   0 0.01  0.0    0  6.4 12 220   M    M   9 1      18 250
11  70  61  66   2   0   1 0.00  0.0    0  8.5 17 290   M    M   6        21 300
12  69  61  65   1   0   0 0.00  0.0    0  5.7 14 320   M    M   9        18 280
13  70  61  66   2   0   1 0.00  0.0    0  7.1 15 290   M    M   4        21 290
14  65  60  63  -1   2   0 0.00  0.0    0 10.9 16 240   M    M   7        21 230
15  65  58  62  -2   3   0 0.02  0.0    0 12.0 20 260   M    M   8        24 260
16  65  59  62  -2   3   0    T  0.0    0  9.1 14 240   M    M   6        19 240
17  67  59  63  -1   2   0 0.00  0.0    0  8.5 14 270   M    M   7        19 240
18  70  61  66   2   0   1 0.00  0.0    0  6.0 13 270   M    M   4        17 250
19  79  59  69   5   0   4 0.00  0.0    0  7.2 20 320   M    M   0        25 320
20  85  64  75  11   0  10 0.00  0.0    0  6.2 21 310   M    M   1        25 310
21  78  63  71   7   0   6 0.00  0.0    0  4.6 12 280   M    M   3        14 300
22  72  61  67   3   0   2 0.00  0.0    0  6.9 14 290   M    M   5        17 290
23  73  62  68   4   0   3 0.00  0.0    0  7.5 16 300   M    M   6 18     20 290
24  71  61  66   2   0   1 0.00  0.0    0  7.4 14 260   M    M   9 1      18 280
25  68  61  65   1   0   0 0.00  0.0    0  6.4 14 220   M    M   9        19 210
================================================================================
SM 1755 1497        34  42  0.92     0.0 188.9          M      151
================================================================================
AV 70.2 59.9                               7.6 FASTST   M    M   6    MAX(MPH)
                                 MISC ---->  # 29 270               # 36  260
================================================================================
NOTES:
# LAST OF SEVERAL OCCURRENCES

COLUMN 17 PEAK WIND IN M.P.H.

PRELIMINARY LOCAL CLIMATOLOGICAL DATA (WS FORM: F-6) , PAGE 2

                                          STATION:  SAN DIEGO INTL AIRPORT CA
                                          MONTH:    MAY
                                          YEAR:     2017
                                          LATITUDE:   32 43 N
                                          LONGITUDE: 117 10 W

[TEMPERATURE DATA]      [PRECIPITATION DATA]       SYMBOLS USED IN COLUMN 16

AVERAGE MONTHLY: 65.0   TOTAL FOR MONTH:   0.92    1 = FOG OR MIST
DPTR FM NORMAL:   1.2   DPTR FM NORMAL:    0.82    2 = FOG REDUCING VISIBILITY
HIGHEST:    85 ON 20    GRTST 24HR  0.79 ON  7- 7      TO 1/4 MILE OR LESS
LOWEST:     53 ON  8, 7                            3 = THUNDER
                        SNOW, ICE PELLETS, HAIL    4 = ICE PELLETS
                        TOTAL MONTH:   0.0 INCH    5 = HAIL
                        GRTST 24HR     0.0         6 = FREEZING RAIN OR DRIZZLE
                        GRTST DEPTH:   0           7 = DUSTSTORM OR SANDSTORM:
                                                       VSBY 1/2 MILE OR LESS
                                                   8 = SMOKE OR HAZE
[NO. OF DAYS WITH]      [WEATHER - DAYS WITH]      9 = BLOWING SNOW
                                                   X = TORNADO
MAX 32 OR BELOW:   0    0.01 INCH OR MORE:   4
MAX 90 OR ABOVE:   0    0.10 INCH OR MORE:   2
MIN 32 OR BELOW:   0    0.50 INCH OR MORE:   1
MIN  0 OR BELOW:   0    1.00 INCH OR MORE:   0

[HDD (BASE 65) ]
TOTAL THIS MO.    34    CLEAR  (SCALE 0-3)   4
DPTR FM NORMAL   -17    PTCLDY (SCALE 4-7)  13
TOTAL FM JUL 1   721    CLOUDY (SCALE 8-10)  8
DPTR FM NORMAL  -479

[CDD (BASE 65) ]
TOTAL THIS MO.    42
DPTR FM NORMAL    17    [PRESSURE DATA]
TOTAL FM JAN 1    88    HIGHEST SLP M ON M
DPTR FM NORMAL    39    LOWEST  SLP 29.77 ON 24

[REMARKS]
