000
CXUS54 KEWX 230910
CF6SAT
PRELIMINARY LOCAL CLIMATOLOGICAL DATA (WS FORM: F-6)

                                          STATION:   SAN ANTONIO
                                          MONTH:     APRIL
                                          YEAR:      2014
                                          LATITUDE:   29 31 N
                                          LONGITUDE:  98 28 W

  TEMPERATURE IN F:       :PCPN:    SNOW:  WIND      :SUNSHINE: SKY     :PK WND
================================================================================
1   2   3   4   5  6A  6B    7    8   9   10  11  12  13   14  15   16   17  18
                                     12Z  AVG MX 2MIN
DY MAX MIN AVG DEP HDD CDD  WTR  SNW DPTH SPD SPD DIR MIN PSBL S-S WX    SPD DR
================================================================================

 1  88  68  78  12   0  13    T  0.0    0 13.7 25 150   M    M   9 8      29 150
 2  88  71  80  14   0  15    T  0.0    0 13.2 23 160   M    M   8 18     29 160
 3  85  70  78  12   0  13 0.00  0.0    0  9.4 16 160   M    M   8 18     20 150
 4  76  59  68   2   0   3    T  0.0    0 13.1 28  10   M    M   8 13     39  20
 5  64  56  60  -7   5   0    T  0.0    0  7.8 16  50   M    M   9        23  70
 6  66  49  58  -9   7   0 0.03  0.0    0  8.5 17 340   M    M   8 1      22 340
 7  79  44  62  -5   3   0 0.40  0.0    0  5.8 32 330   M    M   4 35     42 300
 8  81  51  66  -2   0   1 0.00  0.0    0 11.1 26 310   M    M   0        38 300
 9  87  46  67  -1   0   2 0.00  0.0    0  9.0 26 150   M    M   1        30 150
10  90  56  73   5   0   8 0.00  0.0    0 13.5 25 150   M    M   5 1      34 150
11  90  59  75   7   0  10 0.00  0.0    0 11.4 24 130   M    M   4        29 140
12  88  65  77   9   0  12 0.00  0.0    0 15.0 28 160   M    M   9 8      37 150
13  86  70  78   9   0  13 0.00  0.0    0 12.1 20 150   M    M   9        23 150
14  75  47  61  -8   4   0 0.08    M    0 16.2 32 360   M    M   6 138    45 360
15  67  39  53 -16  12   0 0.00  0.0    0  6.3 17  30   M    M   0        24  40
16  76  41  59 -10   6   0 0.00  0.0    0 11.2 23 140   M    M   4 8      31 150
17  67  57  62  -8   3   0 0.17  0.0    0  7.6 14  80   M    M  10 1      17 120
18  80  61  71   1   0   6    T  0.0    0  5.8 15  80   M    M   7 1      19  70
19  81  55  68  -2   0   3 0.00  0.0    0  8.2 22 130   M    M   7 1      25 130
20  76  65  71   1   0   6    T  0.0    0  8.8 16 130   M    M  10 18     20 140
21  83  68  76   5   0  11    T  0.0    0  9.1 16 260   M    M   9        20 180
22  91  63  77   6   0  12 0.00  0.0    0  7.1 17  20   M    M   3 1      21  50
================================================================================
SM 1764 1260        40 128  0.68     0.0 223.9          M      138
================================================================================
AV 80.2 57.3                              10.2 FASTST   M    M   6    MAX(MPH)
                                 MISC ---->  # 32 330               # 45  360
================================================================================
NOTES:
# LAST OF SEVERAL OCCURRENCES

COLUMN 17 PEAK WIND IN M.P.H.

PRELIMINARY LOCAL CLIMATOLOGICAL DATA (WS FORM: F-6) , PAGE 2

                                          STATION:  SAN ANTONIO
                                          MONTH:    APRIL
                                          YEAR:     2014
                                          LATITUDE:   29 31 N
                                          LONGITUDE:  98 28 W

[TEMPERATURE DATA]      [PRECIPITATION DATA]       SYMBOLS USED IN COLUMN 16

AVERAGE MONTHLY: 68.7   TOTAL FOR MONTH:   0.68    1 = FOG OR MIST
DPTR FM NORMAL:   0.4   DPTR FM NORMAL:   -0.73    2 = FOG REDUCING VISIBILITY
HIGHEST:    91 ON 22    GRTST 24HR  0.40 ON  7- 7      TO 1/4 MILE OR LESS
LOWEST:     39 ON 15                               3 = THUNDER
                        SNOW, ICE PELLETS, HAIL    4 = ICE PELLETS
                        TOTAL MONTH:   0.0 INCH    5 = HAIL
                        GRTST 24HR     0.0         6 = FREEZING RAIN OR DRIZZLE
                        GRTST DEPTH:   0           7 = DUSTSTORM OR SANDSTORM:
                                                       VSBY 1/2 MILE OR LESS
                                                   8 = SMOKE OR HAZE
[NO. OF DAYS WITH]      [WEATHER - DAYS WITH]      9 = BLOWING SNOW
                                                   X = TORNADO
MAX 32 OR BELOW:   0    0.01 INCH OR MORE:   4
MAX 90 OR ABOVE:   3    0.10 INCH OR MORE:   2
MIN 32 OR BELOW:   0    0.50 INCH OR MORE:   0
MIN  0 OR BELOW:   0    1.00 INCH OR MORE:   0

[HDD (BASE 65) ]
TOTAL THIS MO.    40    CLEAR  (SCALE 0-3)   4
DPTR FM NORMAL     3    PTCLDY (SCALE 4-7)  10
TOTAL FM JUL 1  1562    CLOUDY (SCALE 8-10)  8
DPTR FM NORMAL    70

[CDD (BASE 65) ]
TOTAL THIS MO.   128
DPTR FM NORMAL    19    [PRESSURE DATA]
TOTAL FM JAN 1   254    HIGHEST SLP M ON M
DPTR FM NORMAL    54    LOWEST  SLP 29.60 ON 13

[REMARKS]
