000
CXUS52 KCHS 280715
CF6SAV
PRELIMINARY LOCAL CLIMATOLOGICAL DATA (WS FORM: F-6)

                                          STATION:   SAVANNAH GA
                                          MONTH:     FEBRUARY
                                          YEAR:      2017
                                          LATITUDE:   32  7 N
                                          LONGITUDE:  81 12 W

  TEMPERATURE IN F:       :PCPN:    SNOW:  WIND      :SUNSHINE: SKY     :PK WND
================================================================================
1   2   3   4   5  6A  6B    7    8   9   10  11  12  13   14  15   16   17  18
                                     12Z  AVG MX 2MIN
DY MAX MIN AVG DEP HDD CDD  WTR  SNW DPTH SPD SPD DIR MIN PSBL S-S WX    SPD DR
================================================================================

 1  74  50  62  11   3   0 0.00  0.0    0  8.5 22 260   M    M   1        28 270
 2  77  50  64  13   1   0 0.00  0.0    0  6.8 15 260   M    M   2 1      18 260
 3  77  52  65  14   0   0    T  0.0    0  9.0 21 250   M    M   6        25 240
 4  54  42  48  -3  17   0 0.00  0.0    0 10.1 20  30   M    M   8        25  30
 5  63  38  51   0  14   0 0.00  0.0    0  5.6 16 290   M    M   6        20 290
 6  73  39  56   5   9   0 0.00  0.0    0  3.3 10 170   M    M   4 12     11 170
 7  80  51  66  14   0   1 0.03  0.0    0  8.3 17 160   M    M   6 123    22 180
 8  76  59  68  16   0   3 0.09  0.0    0  9.5 17 220   M    M   8 1      21 230
 9  72  45  59   7   6   0    T  0.0    0 17.3 30 300   M    M   6        40 310
10  59  34  47  -5  18   0 0.00  0.0    0  6.1 14 150   M    M   2        20 120
11  79  40  60   8   5   0 0.00  0.0    0  6.4 17 270   M    M   1 8      20 270
12  82  58  70  18   0   5 0.00  0.0    0 10.2 24 250   M    M   5 1      29 260
13  74  48  61   8   4   0 0.00  0.0    0  7.0 18  20   M    M   1        25  20
14  74  42  58   5   7   0 0.00  0.0    0  5.9 15 150   M    M   3 1      19 200
15  81  55  68  15   0   3 0.02  0.0    0 15.4 31 270   M    M   5 1      43 270
16  67  41  54   1  11   0 0.00  0.0    0  8.2 16 280   M    M   0        21 270
17  74  38  56   3   9   0 0.00  0.0    0  5.8 15 270   M    M   2 8      20 260
18  69  50  60   6   5   0    T  0.0    0  3.4 12 130   M    M   5        14 200
19  78  47  63   9   2   0 0.00  0.0    0  5.1 17 280   M    M   3 18     23 310
20  77  48  63   9   2   0 0.00  0.0    0  4.0 14 100   M    M   6        16 100
21  75  54  65  11   0   0    T  0.0    0  7.5 18 100   M    M   7 1      23 100
22  69  62  66  12   0   1 2.08  0.0    0  8.7 20 110   M    M  10 1      23 120
23  79  60  70  15   0   5 0.00  0.0    0 10.5 20  80   M    M   5        30  90
24  81  58  70  15   0   5 0.00  0.0    0  6.7 10 110   M    M   1 1       M  M
25  80  57  69  14   0   4 0.00  0.0    0 10.3 24 250   M    M   5 1      29 250
26  69  40  55   0  10   0 0.00  0.0    0  4.8 20 310   M    M   0        26 310
27  76  43  60   4   5   0 0.00  0.0    0  8.0 23 150   M    M   5 1      28 170
================================================================================
SM 1989 1301       128  27  2.22     0.0 212.4          M      113
================================================================================
AV 73.7 48.2                               7.9 FASTST   M    M   4    MAX(MPH)
                                 MISC ---->  # 31 270               # 43  270
================================================================================
NOTES:
# LAST OF SEVERAL OCCURRENCES

COLUMN 17 PEAK WIND IN M.P.H.

PRELIMINARY LOCAL CLIMATOLOGICAL DATA (WS FORM: F-6) , PAGE 2

                                          STATION:  SAVANNAH GA
                                          MONTH:    FEBRUARY
                                          YEAR:     2017
                                          LATITUDE:   32  7 N
                                          LONGITUDE:  81 12 W

[TEMPERATURE DATA]      [PRECIPITATION DATA]       SYMBOLS USED IN COLUMN 16

AVERAGE MONTHLY: 60.9   TOTAL FOR MONTH:   2.22    1 = FOG OR MIST
DPTR FM NORMAL:   8.0   DPTR FM NORMAL:   -0.47    2 = FOG REDUCING VISIBILITY
HIGHEST:    82 ON 12    GRTST 24HR  2.08 ON 22-22      TO 1/4 MILE OR LESS
LOWEST:     34 ON 10                               3 = THUNDER
                        SNOW, ICE PELLETS, HAIL    4 = ICE PELLETS
                        TOTAL MONTH:   0.0 INCH    5 = HAIL
                        GRTST 24HR     0.0         6 = FREEZING RAIN OR DRIZZLE
                        GRTST DEPTH:   0           7 = DUSTSTORM OR SANDSTORM:
                                                       VSBY 1/2 MILE OR LESS
                                                   8 = SMOKE OR HAZE
[NO. OF DAYS WITH]      [WEATHER - DAYS WITH]      9 = BLOWING SNOW
                                                   X = TORNADO
MAX 32 OR BELOW:   0    0.01 INCH OR MORE:   4
MAX 90 OR ABOVE:   0    0.10 INCH OR MORE:   1
MIN 32 OR BELOW:   0    0.50 INCH OR MORE:   1
MIN  0 OR BELOW:   0    1.00 INCH OR MORE:   1

[HDD (BASE 65) ]
TOTAL THIS MO.   128    CLEAR  (SCALE 0-3)  10
DPTR FM NORMAL  -205    PTCLDY (SCALE 4-7)  15
TOTAL FM JUL 1   810    CLOUDY (SCALE 8-10)  2
DPTR FM NORMAL  -697

[CDD (BASE 65) ]
TOTAL THIS MO.    27
DPTR FM NORMAL    27    [PRESSURE DATA]
TOTAL FM JAN 1    50    HIGHEST SLP M ON M
DPTR FM NORMAL    47    LOWEST  SLP 29.52 ON 15

[REMARKS]
