000
CXUS55 KLOX 241655
CF6SBA
PRELIMINARY LOCAL CLIMATOLOGICAL DATA (WS FORM: F-6)

                                          STATION:   SANTA BARBARA AIRPORT CA
                                          MONTH:     OCTOBER
                                          YEAR:      2014
                                          LATITUDE:   34 25 N
                                          LONGITUDE: 119 50 W

  TEMPERATURE IN F:       :PCPN:    SNOW:  WIND      :SUNSHINE: SKY     :PK WND
================================================================================
1   2   3   4   5  6A  6B    7    8   9   10  11  12  13   14  15   16   17  18
                                     12Z  AVG MX 2MIN
DY MAX MIN AVG DEP HDD CDD  WTR  SNW DPTH SPD SPD DIR MIN PSBL S-S WX    SPD DR
================================================================================

 1  75  55  65   1   0   0 0.00  0.0    0  4.1 10 240   M    M   1 1      15 170
 2  94  53  74  11   0   9 0.00  0.0    0  3.5  9 270   M    M   1 1      13 250
 3  92  52  72   9   0   7 0.00  0.0    0  4.3 15 270   M    M   0        20 270
 4  96  56  76  13   0  11 0.00  0.0    0  2.8 14 260   M    M   1 1      17 250
 5  83  58  71   8   0   6 0.00  0.0    0  4.0 10 170   M    M   0 1      13 150
 6  80  58  69   6   0   4 0.00  0.0    0  4.1 12 250   M    M   2 18     16 120
 7  81  57  69   6   0   4 0.00  0.0    0  3.0 12 270   M    M   4 18     14 270
 8  77  53  65   2   0   0 0.00  0.0    0  4.4 12 250   M    M   2 128    15 230
 9  76  61  69   7   0   4 0.00  0.0    0  5.8 13 270   M    M   7 18     17 270
10  72  56  64   2   1   0 0.00  0.0    0  3.8 13 250   M    M   5 1      15 250
11  76  52  64   2   1   0 0.00  0.0    0  3.6 10 230   M    M   0        13 260
12  74  56  65   3   0   0 0.00  0.0    0  5.3 12 140   M    M   3        14 160
13  75  64  70   8   0   5 0.00  0.0    0  5.0 10 150   M    M   7 18     18 170
14  73  66  70   8   0   5 0.00  0.0    0  5.8 13 150   M    M   9        16 130
15  75  58  67   5   0   2 0.00  0.0    0  4.6 16 270   M    M   5        28 240
16  75  54  65   3   0   0 0.00  0.0    0  4.3 14 140   M    M   1        16 250
17  76  53  65   3   0   0 0.00  0.0    0  4.6 17 270   M    M   1        22 260
18  76  53  65   4   0   0 0.00  0.0    0  4.5 12 260   M    M   0        17 240
19  74  54  64   3   1   0 0.00  0.0    0  4.8 13 240   M    M   1        16 290
20  75  54  65   4   0   0 0.00  0.0    0  3.5 12  20   M    M   1        15  30
21  77  53  65   4   0   0 0.00  0.0    0  4.1 16  10   M    M   1 1      20  10
22  79  52  66   5   0   1 0.00  0.0    0  3.8 15 250   M    M   1        20 250
23  79  52  66   5   0   1 0.00  0.0    0  2.3  8 260   M    M   0        11 260
================================================================================
SM 1810 1280         3  59  0.00     0.0  96.0          M       53
================================================================================
AV 78.7 55.7                               4.2 FASTST   M    M   2    MAX(MPH)
                                 MISC ---->  # 17 270               # 28  240
================================================================================
NOTES:
# LAST OF SEVERAL OCCURRENCES

COLUMN 17 PEAK WIND IN M.P.H.

PRELIMINARY LOCAL CLIMATOLOGICAL DATA (WS FORM: F-6) , PAGE 2

                                          STATION:  SANTA BARBARA AIRPORT CA
                                          MONTH:    OCTOBER
                                          YEAR:     2014
                                          LATITUDE:   34 25 N
                                          LONGITUDE: 119 50 W

[TEMPERATURE DATA]      [PRECIPITATION DATA]       SYMBOLS USED IN COLUMN 16

AVERAGE MONTHLY: 67.2   TOTAL FOR MONTH:   0.00    1 = FOG OR MIST
DPTR FM NORMAL:   5.0   DPTR FM NORMAL:   -0.49    2 = FOG REDUCING VISIBILITY
HIGHEST:    96 ON  4    GRTST 24HR  0.00 ON 23-23      TO 1/4 MILE OR LESS
LOWEST:     52 ON 23,22                            3 = THUNDER
                        SNOW, ICE PELLETS, HAIL    4 = ICE PELLETS
                        TOTAL MONTH:   0.0 INCH    5 = HAIL
                        GRTST 24HR     0.0         6 = FREEZING RAIN OR DRIZZLE
                        GRTST DEPTH:   0           7 = DUSTSTORM OR SANDSTORM:
                                                       VSBY 1/2 MILE OR LESS
                                                   8 = SMOKE OR HAZE
[NO. OF DAYS WITH]      [WEATHER - DAYS WITH]      9 = BLOWING SNOW
                                                   X = TORNADO
MAX 32 OR BELOW:   0    0.01 INCH OR MORE:   0
MAX 90 OR ABOVE:   3    0.10 INCH OR MORE:   0
MIN 32 OR BELOW:   0    0.50 INCH OR MORE:   0
MIN  0 OR BELOW:   0    1.00 INCH OR MORE:   0

[HDD (BASE 65) ]
TOTAL THIS MO.     3    CLEAR  (SCALE 0-3)  16
DPTR FM NORMAL   -77    PTCLDY (SCALE 4-7)   6
TOTAL FM JUL 1     4    CLOUDY (SCALE 8-10)  1
DPTR FM NORMAL  -171

[CDD (BASE 65) ]
TOTAL THIS MO.    59
DPTR FM NORMAL    48    [PRESSURE DATA]
TOTAL FM JAN 1   523    HIGHEST SLP M ON M
DPTR FM NORMAL   341    LOWEST  SLP 29.72 ON  1

[REMARKS]
