000
CXUS55 KLOX 291655
CF6SBA
PRELIMINARY LOCAL CLIMATOLOGICAL DATA (WS FORM: F-6)

                                          STATION:   SANTA BARBARA AIRPORT CA
                                          MONTH:     JANUARY
                                          YEAR:      2015
                                          LATITUDE:   34 25 N
                                          LONGITUDE: 119 50 W

  TEMPERATURE IN F:       :PCPN:    SNOW:  WIND      :SUNSHINE: SKY     :PK WND
================================================================================
1   2   3   4   5  6A  6B    7    8   9   10  11  12  13   14  15   16   17  18
                                     12Z  AVG MX 2MIN
DY MAX MIN AVG DEP HDD CDD  WTR  SNW DPTH SPD SPD DIR MIN PSBL S-S WX    SPD DR
================================================================================

 1  58  30  44  -8  21   0 0.00  0.0    0  2.7 10 140   M    M   0        14 150
 2  60  33  47  -5  18   0 0.00  0.0    0  2.1 10 250   M    M   0        15 250
 3  60  37  49  -3  16   0 0.00  0.0    0  2.1  9 150   M    M   1        12 150
 4  63  38  51  -1  14   0 0.00  0.0    0  2.8 12 260   M    M   1        14 280
 5  75  39  57   5   8   0 0.00  0.0    0  2.3  8 240   M    M   0        10 240
 6  82  41  62  10   3   0 0.00  0.0    0  1.6 10 270   M    M   0        13 260
 7  79  42  61   9   4   0 0.00  0.0    0  3.5 13 260   M    M   0        15 260
 8  68  48  58   6   7   0 0.00  0.0    0  3.6 10 150   M    M   2        13 210
 9  66  49  58   6   7   0 0.00  0.0    0  1.9 10 250   M    M   3 1      15 230
10  61  50  56   4   9   0 0.66  0.0    0  3.6 10 130   M    M   9 18     14 120
11  65  50  58   6   7   0 0.58  0.0    0  3.9 12 250   M    M   7 1      14 260
12  63  45  54   2  11   0 0.00  0.0    M  3.4 10 160   M    M   2 1      14 160
13  67  44  56   4   9   0 0.00  0.0    0  2.8  9 250   M    M   1 1      11 260
14  67  41  54   2  11   0 0.00  0.0    0  2.0  9 230   M    M   0        11 240
15  70  42  56   4   9   0 0.00  0.0    0  3.3 13 280   M    M   0        16 280
16  69  40  55   3  10   0 0.00  0.0    0  1.7  8 150   M    M   0        10 160
17  73  43  58   6   7   0 0.00  0.0    0  2.0 10 170   M    M   0        12 190
18  68  47  58   6   7   0 0.00  0.0    0  2.7 12 250   M    M   2 1      12 240
19  63  48  56   4   9   0 0.00  0.0    0  2.3  8 140   M    M   6 12     10 220
20  62  45  54   2  11   0 0.00  0.0    0  2.8 10 150   M    M   6 128    12 150
21  65  44  55   3  10   0 0.00  0.0    0  4.1 10 240   M    M   3 18     15 250
22  72  41  57   5   8   0 0.00  0.0    0  2.1 12 270   M    M   1        12 280
23  70  40  55   3  10   0 0.00  0.0    0  2.3  9 260   M    M   0        11 240
24  77  40  59   7   6   0 0.00  0.0    0  3.4 15 210   M    M   0        19 180
25  79  40  60   8   5   0 0.00  0.0    0  3.2 13 270   M    M   1        16 270
26  76  50  63  11   2   0 0.09  0.0    0  3.9 16 100   M    M   5 1      20 100
27  67  51  59   7   6   0    T  0.0    0  3.7 10 270   M    M   4        12 260
28  68  49  59   6   6   0 0.00  0.0    0  2.3 12 220   M    M   6        13 230
================================================================================
SM 1913 1207       251   0  1.33     0.0  78.1          M       60
================================================================================
AV 68.3 43.1                               2.8 FASTST   M    M   2    MAX(MPH)
                                 MISC ---->  # 16 100               # 20  100
================================================================================
NOTES:
# LAST OF SEVERAL OCCURRENCES

COLUMN 17 PEAK WIND IN M.P.H.

PRELIMINARY LOCAL CLIMATOLOGICAL DATA (WS FORM: F-6) , PAGE 2

                                          STATION:  SANTA BARBARA AIRPORT CA
                                          MONTH:    JANUARY
                                          YEAR:     2015
                                          LATITUDE:   34 25 N
                                          LONGITUDE: 119 50 W

[TEMPERATURE DATA]      [PRECIPITATION DATA]       SYMBOLS USED IN COLUMN 16

AVERAGE MONTHLY: 55.7   TOTAL FOR MONTH:   1.33    1 = FOG OR MIST
DPTR FM NORMAL:   3.7   DPTR FM NORMAL:   -1.83    2 = FOG REDUCING VISIBILITY
HIGHEST:    82 ON  6    GRTST 24HR  1.23 ON 10-11      TO 1/4 MILE OR LESS
LOWEST:     30 ON  1                               3 = THUNDER
                        SNOW, ICE PELLETS, HAIL    4 = ICE PELLETS
                        TOTAL MONTH:   0.0 INCH    5 = HAIL
                        GRTST 24HR     0.0         6 = FREEZING RAIN OR DRIZZLE
                        GRTST DEPTH:   0           7 = DUSTSTORM OR SANDSTORM:
                                                       VSBY 1/2 MILE OR LESS
                                                   8 = SMOKE OR HAZE
[NO. OF DAYS WITH]      [WEATHER - DAYS WITH]      9 = BLOWING SNOW
                                                   X = TORNADO
MAX 32 OR BELOW:   0    0.01 INCH OR MORE:   3
MAX 90 OR ABOVE:   0    0.10 INCH OR MORE:   2
MIN 32 OR BELOW:   1    0.50 INCH OR MORE:   2
MIN  0 OR BELOW:   0    1.00 INCH OR MORE:   0

[HDD (BASE 65) ]
TOTAL THIS MO.   251    CLEAR  (SCALE 0-3)  21
DPTR FM NORMAL  -111    PTCLDY (SCALE 4-7)   6
TOTAL FM JUL 1   629    CLOUDY (SCALE 8-10)  1
DPTR FM NORMAL  -617

[CDD (BASE 65) ]
TOTAL THIS MO.     0
DPTR FM NORMAL     0    [PRESSURE DATA]
TOTAL FM JAN 1     0    HIGHEST SLP M ON M
DPTR FM NORMAL     0    LOWEST  SLP 29.92 ON M

[REMARKS]
