000
CXUS55 KLOX 281655
CF6SBA
PRELIMINARY LOCAL CLIMATOLOGICAL DATA (WS FORM: F-6)

                                          STATION:   SANTA BARBARA AIRPORT CA
                                          MONTH:     JULY
                                          YEAR:      2015
                                          LATITUDE:   34 25 N
                                          LONGITUDE: 119 50 W

  TEMPERATURE IN F:       :PCPN:    SNOW:  WIND      :SUNSHINE: SKY     :PK WND
================================================================================
1   2   3   4   5  6A  6B    7    8   9   10  11  12  13   14  15   16   17  18
                                     12Z  AVG MX 2MIN
DY MAX MIN AVG DEP HDD CDD  WTR  SNW DPTH SPD SPD DIR MIN PSBL S-S WX    SPD DR
================================================================================

 1  75  60  68   4   0   3 0.00  0.0    0  5.3 14 270   M    M   2 1      17 270
 2  77  63  70   6   0   5    T  0.0    0  7.0 20 270   M    M   4        23 270
 3  72  62  67   2   0   2 0.00  0.0    0  6.7 17 260   M    M   6 18     21 260
 4  72  62  67   2   0   2 0.00  0.0    0  7.7 17 250   M    M   6        22 280
 5  71  61  66   1   0   1 0.00  0.0    0  6.7 15 250   M    M   7 1      20 260
 6  72  61  67   2   0   2 0.00  0.0    0  6.2 12 240   M    M   6 1      15 220
 7  72  58  65   0   0   0 0.00  0.0    0  5.9 13 120   M    M   3        16 160
 8  75  58  67   2   0   2 0.00  0.0    0  5.0 15 270   M    M   3        19 270
 9  75  56  66   1   0   1 0.00  0.0    0  7.0 20 270   M    M   3 1       M  M
10  74  56  65   0   0   0 0.00  0.0    0  6.8 16 260   M    M   1         M  M
11  77  58  68   3   0   3 0.00  0.0    0  5.3 15 270   M    M   0        18 250
12  79  60  70   4   0   5 0.00  0.0    0  6.8 15 250   M    M   0        17 260
13  80  60  70   4   0   5 0.00  0.0    0  5.5 16 260   M    M   0        20 250
14  77  59  68   2   0   3 0.00  0.0    0  6.3 14 140   M    M   0        16 140
15  76  63  70   4   0   5 0.00  0.0    0  6.9 16 260   M    M   3        20 270
16  73  57  65  -1   0   0 0.00  0.0    0  6.6 14 260   M    M   4 18     18 270
17  74  56  65  -1   0   0 0.00  0.0    0  5.2 14 260   M    M   4 1      18 250
18  78  54  66   0   0   1    T  0.0    0  4.0 14 120   M    M   4 3      18 140
19  88  67  78  12   0  13 0.01  0.0    0  4.6 14 160   M    M   6        17 160
20  83  68  76  10   0  11    T  0.0    0  5.1 15 140   M    M   6        18 150
21  79  66  73   7   0   8 0.00  0.0    0  5.9 14 260   M    M   7 1      18 270
22  76  66  71   5   0   6 0.00  0.0    0  4.4 13 260   M    M   8 18     15 270
23  77  64  71   5   0   6 0.00  0.0    0  4.6 13 280   M    M   6 1      18 270
24  79  61  70   4   0   5 0.00  0.0    0  5.3 14 270   M    M   0        16 250
25  81  61  71   5   0   6 0.00  0.0    0  6.1 13 140   M    M   0        16 140
26  79  60  70   4   0   5 0.00  0.0    0  6.2 14 150   M    M   0        22 100
27  75  60  68   2   0   3 0.00  0.0    0  6.1 14 260   M    M   2 8      20 260
================================================================================
SM 2066 1637         0 103  0.01     0.0 159.2          M       91
================================================================================
AV 76.5 60.6                               5.9 FASTST   M    M   3    MAX(MPH)
                                 MISC ---->  # 20 270               # 23  270
================================================================================
NOTES:
# LAST OF SEVERAL OCCURRENCES

COLUMN 17 PEAK WIND IN M.P.H.

PRELIMINARY LOCAL CLIMATOLOGICAL DATA (WS FORM: F-6) , PAGE 2

                                          STATION:  SANTA BARBARA AIRPORT CA
                                          MONTH:    JULY
                                          YEAR:     2015
                                          LATITUDE:   34 25 N
                                          LONGITUDE: 119 50 W

[TEMPERATURE DATA]      [PRECIPITATION DATA]       SYMBOLS USED IN COLUMN 16

AVERAGE MONTHLY: 68.6   TOTAL FOR MONTH:   0.01    1 = FOG OR MIST
DPTR FM NORMAL:   3.1   DPTR FM NORMAL:   -0.02    2 = FOG REDUCING VISIBILITY
HIGHEST:    88 ON 19    GRTST 24HR  0.01 ON 19-19      TO 1/4 MILE OR LESS
LOWEST:     54 ON 18                               3 = THUNDER
                        SNOW, ICE PELLETS, HAIL    4 = ICE PELLETS
                        TOTAL MONTH:   0.0 INCH    5 = HAIL
                        GRTST 24HR     0.0         6 = FREEZING RAIN OR DRIZZLE
                        GRTST DEPTH:   0           7 = DUSTSTORM OR SANDSTORM:
                                                       VSBY 1/2 MILE OR LESS
                                                   8 = SMOKE OR HAZE
[NO. OF DAYS WITH]      [WEATHER - DAYS WITH]      9 = BLOWING SNOW
                                                   X = TORNADO
MAX 32 OR BELOW:   0    0.01 INCH OR MORE:   1
MAX 90 OR ABOVE:   0    0.10 INCH OR MORE:   0
MIN 32 OR BELOW:   0    0.50 INCH OR MORE:   0
MIN  0 OR BELOW:   0    1.00 INCH OR MORE:   0

[HDD (BASE 65) ]
TOTAL THIS MO.     0    CLEAR  (SCALE 0-3)  13
DPTR FM NORMAL   -27    PTCLDY (SCALE 4-7)  14
TOTAL FM JUL 1     0    CLOUDY (SCALE 8-10)  0
DPTR FM NORMAL   -27

[CDD (BASE 65) ]
TOTAL THIS MO.   103
DPTR FM NORMAL    61    [PRESSURE DATA]
TOTAL FM JAN 1   165    HIGHEST SLP M ON M
DPTR FM NORMAL    95    LOWEST  SLP 29.74 ON 17

[REMARKS]
