000
CXUS53 KMKX 190808
CF6SBM
PRELIMINARY LOCAL CLIMATOLOGICAL DATA (WS FORM: F-6)

                                          STATION:   SHEBOYGAN WI
                                          MONTH:     MAY
                                          YEAR:      2017
                                          LATITUDE:   43 46 N
                                          LONGITUDE:  87 51 W

  TEMPERATURE IN F:       :PCPN:    SNOW:  WIND      :SUNSHINE: SKY     :PK WND
================================================================================
1   2   3   4   5  6A  6B    7    8   9   10  11  12  13   14  15   16   17  18
                                     12Z  AVG MX 2MIN
DY MAX MIN AVG DEP HDD CDD  WTR  SNW DPTH SPD SPD DIR MIN PSBL S-S WX    SPD DR
================================================================================

 1  55  38  47  -2  18   0 0.58    M    M 14.7 25 200   M    M  10 12     31 250
 2  48  35  42  -7  23   0    T    M    0 12.1 24 280   M    M  10 1      31 270
 3  57  31  44  -5  21   0 0.00  0.0    0  5.2 14 160   M    M   0        19 130
 4  60  33  47  -3  18   0 0.00  0.0    0  5.7 20  50   M    M   2        24  50
 5  54  40  47  -3  18   0 0.00  0.0    0 10.0 18  60   M    M   2        25  30
 6  46  44  45  -5  20   0 0.00  0.0    M  5.4  6  30   M    M  10         M  M
 7   M   M   M   M   M   M    M    M    M   M   M   M   M    M   M         M  M
 8   M   M   M   M   M   M    M    M    M   M   M   M   M    M   M         M  M
 9  56  40  48  -3  17   0 0.00    M    M  5.9 12 180   M    M   7        15 150
10  60  43  52   1  13   0 0.06    M    M  4.6 12 130   M    M   5 1      18 140
11  64  41  53   1  12   0 0.00  0.0    0  4.4 10  90   M    M   5        14 110
12  64  45  55   3  10   0    T    M    M  6.2 13  50   M    M   3        14  70
13  72  44  58   6   7   0    T    M    M  8.7 22 230   M    M   2        28 240
14  57  42  50  -3  15   0 0.00    M    M 10.4 17  60   M    M   1        24  50
15  66  42  54   1  11   0 0.32  0.0    0  8.7 20  70   M    M   3 13     24  80
16  83  51  67  14   0   2 0.05  0.0    0  9.5 24 200   M    M   2 138    33 180
17  80  60  70  16   0   5 0.27  0.0    0 13.9 39 240   M    M   3 138    52 240
18  70  44  57   3   8   0 0.10  0.0    0 13.4 28 250   M    M   7 1      36 240
================================================================================
SM  992  673       211   7  1.38     0.0 138.8          M       72
================================================================================
AV 62.0 42.1                               8.7 FASTST   M    M   5    MAX(MPH)
                                 MISC ---->  # 39 240               # 52  240
================================================================================
NOTES:
# LAST OF SEVERAL OCCURRENCES

COLUMN 17 PEAK WIND IN M.P.H.

PRELIMINARY LOCAL CLIMATOLOGICAL DATA (WS FORM: F-6) , PAGE 2

                                          STATION:  SHEBOYGAN WI
                                          MONTH:    MAY
                                          YEAR:     2017
                                          LATITUDE:   43 46 N
                                          LONGITUDE:  87 51 W

[TEMPERATURE DATA]      [PRECIPITATION DATA]       SYMBOLS USED IN COLUMN 16

AVERAGE MONTHLY: 52.0   TOTAL FOR MONTH:   1.38    1 = FOG OR MIST
DPTR FM NORMAL:   0.8   DPTR FM NORMAL:   -0.48    2 = FOG REDUCING VISIBILITY
HIGHEST:    83 ON 16    GRTST 24HR  0.58 ON  1- 1      TO 1/4 MILE OR LESS
LOWEST:     31 ON  3                               3 = THUNDER
                        SNOW, ICE PELLETS, HAIL    4 = ICE PELLETS
                        TOTAL MONTH:   0.0 INCH    5 = HAIL
                        GRTST 24HR     0.0         6 = FREEZING RAIN OR DRIZZLE
                        GRTST DEPTH:   0           7 = DUSTSTORM OR SANDSTORM:
                                                       VSBY 1/2 MILE OR LESS
                                                   8 = SMOKE OR HAZE
[NO. OF DAYS WITH]      [WEATHER - DAYS WITH]      9 = BLOWING SNOW
                                                   X = TORNADO
MAX 32 OR BELOW:   0    0.01 INCH OR MORE:   6
MAX 90 OR ABOVE:   0    0.10 INCH OR MORE:   4
MIN 32 OR BELOW:   1    0.50 INCH OR MORE:   1
MIN  0 OR BELOW:   0    1.00 INCH OR MORE:   0

[HDD (BASE 65) ]
TOTAL THIS MO.   211    CLEAR  (SCALE 0-3)   8
DPTR FM NORMAL   -39    PTCLDY (SCALE 4-7)   5
TOTAL FM JUL 1  6448    CLOUDY (SCALE 8-10)  3
DPTR FM NORMAL  -982

[CDD (BASE 65) ]
TOTAL THIS MO.     7
DPTR FM NORMAL     7    [PRESSURE DATA]
TOTAL FM JAN 1     7    HIGHEST SLP M ON M
DPTR FM NORMAL     7    LOWEST  SLP 29.29 ON  1

[REMARKS]
