000
CXUS55 KLOX 231155
CF6SBP
PRELIMINARY LOCAL CLIMATOLOGICAL DATA (WS FORM: F-6)

                                          STATION:   SAN LUIS OBISPO AIRPORT CA
                                          MONTH:     APRIL
                                          YEAR:      2017
                                          LATITUDE:   35 13 N
                                          LONGITUDE: 120 38 W

  TEMPERATURE IN F:       :PCPN:    SNOW:  WIND      :SUNSHINE: SKY     :PK WND
================================================================================
1   2   3   4   5  6A  6B    7    8   9   10  11  12  13   14  15   16   17  18
                                     12Z  AVG MX 2MIN
DY MAX MIN AVG DEP HDD CDD  WTR  SNW DPTH SPD SPD DIR MIN PSBL S-S WX    SPD DR
================================================================================

 1  80  44  62   6   3   0 0.00    M    0  4.3 21 310   M    M   0        23 310
 2  72  49  61   5   4   0 0.00  0.0    0  4.6 15 310   M    M   4 128    18 310
 3  73  49  61   5   4   0 0.00  0.0    0  6.4 21 310   M    M   4 12     24 300
 4  71  44  58   2   7   0 0.00  0.0    0  3.1 13 270   M    M   1 18     16 280
 5  78  48  63   7   2   0 0.00    M    0  3.3 14 240   M    M   3 12     17 240
 6  68  49  59   3   6   0 0.00  0.0    0  4.6 15 340   M    M   3 1      26  10
 7  63  55  59   3   6   0 0.63  0.0    0  7.3 20 160   M    M  10 18     26 150
 8  62  48  55  -1  10   0 0.02    M    0 13.3 24 300   M    M   3 1      32 300
 9  72  48  60   4   5   0 0.00  0.0    0 10.3 28 310   M    M   1        33 310
10  78  49  64   8   1   0 0.00  0.0    0  9.9 23 310   M    M   0         M  M
11  71  47  59   3   6   0    T    M    0  7.0 20 320   M    M   3        26 290
12  70  50  60   4   5   0    T  0.0    0  5.7 16 230   M    M   9 1      22 210
13  65  50  58   2   7   0 0.09  0.0    0  9.4 20 310   M    M   6 18     23 320
14  71  48  60   3   5   0 0.00  0.0    0 13.6 24 310   M    M   0        31 330
15  81  49  65   8   0   0 0.00  0.0    0   M  23 310   M    M   0         M  M
16  70  47  59   2   6   0 0.00  0.0    0  4.1 14 310   M    M   3        17 310
17  65  55  60   3   5   0 0.15  0.0    0  5.2 15 180   M    M  10 1      22 190
18  65  55  60   3   5   0 0.42  0.0    0  5.1 16 320   M    M   9 18     19 330
19  74  51  63   6   2   0 0.00  0.0    0  8.7 24 310   M    M   2 12     33 320
20  75  53  64   7   1   0 0.00  0.0    0 12.8 28 330   M    M   0        33 330
21  85  54  70  13   0   5 0.00  0.0    0 10.2 24 320   M    M   0        30 310
22  80  51  66   9   0   1 0.00  0.0    0 11.2 26 310   M    M   1        34 310
================================================================================
SM 1589 1093        90   6  1.31     0.0 160.1          M       72
================================================================================
AV 72.2 49.7                               7.6 FASTST   M    M   3    MAX(MPH)
                                 MISC ---->  # 28 310               # 34  310
================================================================================
NOTES:
# LAST OF SEVERAL OCCURRENCES

COLUMN 17 PEAK WIND IN M.P.H.

PRELIMINARY LOCAL CLIMATOLOGICAL DATA (WS FORM: F-6) , PAGE 2

                                          STATION:  SAN LUIS OBISPO AIRPORT CA
                                          MONTH:    APRIL
                                          YEAR:     2017
                                          LATITUDE:   35 13 N
                                          LONGITUDE: 120 38 W

[TEMPERATURE DATA]      [PRECIPITATION DATA]       SYMBOLS USED IN COLUMN 16

AVERAGE MONTHLY: 61.0   TOTAL FOR MONTH:   1.31    1 = FOG OR MIST
DPTR FM NORMAL:   4.5   DPTR FM NORMAL:    0.48    2 = FOG REDUCING VISIBILITY
HIGHEST:    85 ON 21    GRTST 24HR  0.65 ON  7- 8      TO 1/4 MILE OR LESS
LOWEST:     44 ON  4, 1                            3 = THUNDER
                        SNOW, ICE PELLETS, HAIL    4 = ICE PELLETS
                        TOTAL MONTH:   0.0 INCH    5 = HAIL
                        GRTST 24HR     0.0         6 = FREEZING RAIN OR DRIZZLE
                        GRTST DEPTH:   0           7 = DUSTSTORM OR SANDSTORM:
                                                       VSBY 1/2 MILE OR LESS
                                                   8 = SMOKE OR HAZE
[NO. OF DAYS WITH]      [WEATHER - DAYS WITH]      9 = BLOWING SNOW
                                                   X = TORNADO
MAX 32 OR BELOW:   0    0.01 INCH OR MORE:   5
MAX 90 OR ABOVE:   0    0.10 INCH OR MORE:   3
MIN 32 OR BELOW:   0    0.50 INCH OR MORE:   1
MIN  0 OR BELOW:   0    1.00 INCH OR MORE:   0

[HDD (BASE 65) ]
TOTAL THIS MO.    90    CLEAR  (SCALE 0-3)  13
DPTR FM NORMAL  -102    PTCLDY (SCALE 4-7)   5
TOTAL FM JUL 1  1300    CLOUDY (SCALE 8-10)  4
DPTR FM NORMAL  -780

[CDD (BASE 65) ]
TOTAL THIS MO.     6
DPTR FM NORMAL     6    [PRESSURE DATA]
TOTAL FM JAN 1    42    HIGHEST SLP M ON M
DPTR FM NORMAL    39    LOWEST  SLP 29.78 ON 22

[REMARKS]
