000
CXUS51 KAKQ 221439
CF6SBY
PRELIMINARY LOCAL CLIMATOLOGICAL DATA (WS FORM: F-6)

                                          STATION:   SALISBURY MD
                                          MONTH:     FEBRUARY
                                          YEAR:      2017
                                          LATITUDE:   38 20 N
                                          LONGITUDE:  75 30 W

  TEMPERATURE IN F:       :PCPN:    SNOW:  WIND      :SUNSHINE: SKY     :PK WND
================================================================================
1   2   3   4   5  6A  6B    7    8   9   10  11  12  13   14  15   16   17  18
                                     12Z  AVG MX 2MIN
DY MAX MIN AVG DEP HDD CDD  WTR  SNW DPTH SPD SPD DIR MIN PSBL S-S WX    SPD DR
================================================================================

 1  46  28  37   1  28   0 0.00  0.0    0  1.1  6 200   M    M   6        17 120
 2  50  34  42   6  23   0    T  0.0    0  3.7 15 270   M    M   3 1      19 260
 3  38  26  32  -4  33   0 0.00  0.0    0  5.2 20 320   M    M   5        25 320
 4  37  22  30  -6  35   0 0.00  0.0    0  9.3 21 320   M    M   0        28 330
 5  50  25  38   2  27   0 0.00  0.0    0  6.4 18 240   M    M   2        23 230
 6  60  26  43   7  22   0 0.00  0.0    0  3.7 14 160   M    M   0        18 200
 7  66  39  53  17  12   0    T  0.0    0 14.2 24 200   M    M   4        33 200
 8  72  52  62  25   3   0    T  0.0    0  8.4 24 220   M    M   1        32 210
 9  54  26  40   3  25   0 0.39    T    0 17.6 37 320   M    M   6 1      50 340
10  37  22  30  -7  35   0 0.00  0.0    0 10.3 21 270   M    M   3        29 290
11  53  37  45   8  20   0 0.00  0.0    0  7.7 18 200   M    M   0        24 200
12  67  43  55  18  10   0 0.05  0.0    0  7.7 29 330   M    M   6 1      37 330
13  47  30  39   2  26   0 0.00  0.0    0 17.3 35 300   M    M   1        51 300
14  47  23  35  -2  30   0 0.00  0.0    0  4.6 16 210   M    M   2        19 200
15  50  31  41   3  24   0 0.29  0.0    0  8.2 26 310   M    M   6 1      38 310
16  41  30  36  -2  29   0 0.00  0.0    0 14.2 29 320   M    M   4        42 330
17  49  25  37  -1  28   0 0.00  0.0    0  5.7 20 310   M    M   1        25 330
18  68  28  48  10  17   0 0.00  0.0    0  6.7 20 200   M    M   0        25 210
19  70  50  60  22   5   0    T  0.0    0  7.4 17 330   M    M   4        22 330
20  63  35  49  11  16   0 0.00  0.0    0  6.7 17 330   M    M   0        24 340
21  55  32  44   5  21   0 0.00  0.0    0  4.5 14 120   M    M   0        19 140
================================================================================
SM 1120  664       469   0  0.73    T    170.6          M       54
================================================================================
AV 53.3 31.6                               8.1 FASTST   M    M   3    MAX(MPH)
                                 MISC ---->  # 37 320               # 51  300
================================================================================
NOTES:
# LAST OF SEVERAL OCCURRENCES

COLUMN 17 PEAK WIND IN M.P.H.

PRELIMINARY LOCAL CLIMATOLOGICAL DATA (WS FORM: F-6) , PAGE 2

                                          STATION:  SALISBURY MD
                                          MONTH:    FEBRUARY
                                          YEAR:     2017
                                          LATITUDE:   38 20 N
                                          LONGITUDE:  75 30 W

[TEMPERATURE DATA]      [PRECIPITATION DATA]       SYMBOLS USED IN COLUMN 16

AVERAGE MONTHLY: 42.5   TOTAL FOR MONTH:   0.73    1 = FOG OR MIST
DPTR FM NORMAL:   5.4   DPTR FM NORMAL:   -1.77    2 = FOG REDUCING VISIBILITY
HIGHEST:    72 ON  8    GRTST 24HR  0.39 ON  9- 9      TO 1/4 MILE OR LESS
LOWEST:     22 ON 10, 4                            3 = THUNDER
                        SNOW, ICE PELLETS, HAIL    4 = ICE PELLETS
                        TOTAL MONTH:    T          5 = HAIL
                        GRTST 24HR    T  ON  9- 9  6 = FREEZING RAIN OR DRIZZLE
                        GRTST DEPTH:   0           7 = DUSTSTORM OR SANDSTORM:
                                                       VSBY 1/2 MILE OR LESS
                                                   8 = SMOKE OR HAZE
[NO. OF DAYS WITH]      [WEATHER - DAYS WITH]      9 = BLOWING SNOW
                                                   X = TORNADO
MAX 32 OR BELOW:   0    0.01 INCH OR MORE:   3
MAX 90 OR ABOVE:   0    0.10 INCH OR MORE:   2
MIN 32 OR BELOW:  14    0.50 INCH OR MORE:   0
MIN  0 OR BELOW:   0    1.00 INCH OR MORE:   0

[HDD (BASE 65) ]
TOTAL THIS MO.   469    CLEAR  (SCALE 0-3)  13
DPTR FM NORMAL  -118    PTCLDY (SCALE 4-7)   8
TOTAL FM JUL 1  2671    CLOUDY (SCALE 8-10)  0
DPTR FM NORMAL  -457

[CDD (BASE 65) ]
TOTAL THIS MO.     0
DPTR FM NORMAL     0    [PRESSURE DATA]
TOTAL FM JAN 1     0    HIGHEST SLP M ON M
DPTR FM NORMAL     0    LOWEST  SLP 29.38 ON  9

[REMARKS]
