000
CXUS51 KAKQ 281010
CF6SBY
PRELIMINARY LOCAL CLIMATOLOGICAL DATA (WS FORM: F-6)

                                          STATION:   SALISBURY MD
                                          MONTH:     MARCH
                                          YEAR:      2017
                                          LATITUDE:   38 20 N
                                          LONGITUDE:  75 30 W

  TEMPERATURE IN F:       :PCPN:    SNOW:  WIND      :SUNSHINE: SKY     :PK WND
================================================================================
1   2   3   4   5  6A  6B    7    8   9   10  11  12  13   14  15   16   17  18
                                     12Z  AVG MX 2MIN
DY MAX MIN AVG DEP HDD CDD  WTR  SNW DPTH SPD SPD DIR MIN PSBL S-S WX    SPD DR
================================================================================

 1  77  56  67  27   0   2 0.08  0.0    0 16.4 39 210   M    M   5 1      56 210
 2  62  39  51  10  14   0 0.00  0.0    0 16.1 28 310   M    M   1        41 320
 3  44  28  36  -5  29   0    T    T    0  9.5 29 310   M    M   3        38 320
 4  41  22  32  -9  33   0 0.00  0.0    0 10.4 22 290   M    M   0        32 280
 5  39  18  29 -13  36   0 0.00  0.0    0  6.4 14 330   M    M   0        22 360
 6  55  20  38  -4  27   0 0.00  0.0    0  5.4 14 150   M    M   2        19 130
 7  69  47  58  16   7   0 0.01  0.0    0 12.8 23 210   M    M   6        36 210
 8  63  43  53  11  12   0 0.04  0.0    0 12.4 30 320   M    M   4 1      38 320
 9  69  37  53  10  12   0 0.00  0.0    0 10.2 24 250   M    M   0        33 260
10  55  31  43   0  22   0 0.13    T    0 12.5 29 330   M    M   5 1      37 300
11  39  24  32 -11  33   0 0.00  0.0    0 12.7 24 300   M    M   1 8      36 270
12  38  23  31 -13  34   0 0.00  0.0    0  6.9 17 280   M    M   0        24 310
13  42  21  32 -12  33   0 0.27    T    0  8.1 17 100   M    M   4 1      22 110
14  47  29  38  -6  27   0 2.92    T    0 17.8 32 330   M    M  10 14     44 330
15  33  23  28 -16  37   0 0.00  0.0    0 17.6 32 270   M    M   7        46 270
16  42  25  34 -11  31   0 0.00  0.0    0 11.9 25 320   M    M   0        36 310
17  50  25  38  -7  27   0    T  0.0    0  7.1 18 250   M    M   3        23 260
18  60  40  50   5  15   0 0.01  0.0    0  7.2 20  40   M    M   8 1      27  30
19  51  36  44  -2  21   0 0.15    T    0 12.9 22  50   M    M   7 14     30  40
20  54  32  43  -3  22   0 0.00  0.0    0  6.6 15 360   M    M   2        20 360
21  60  41  51   5  14   0    T  0.0    0  3.4 12 310   M    M   6        16 280
22  52  29  41  -5  24   0    T  0.0    0 12.3 32 340   M    M   3        39 340
23  47  24  36 -11  29   0 0.00  0.0    0  5.7 13  10   M    M   0        18  20
24  63  26  45  -2  20   0 0.00  0.0    0 10.0 23 210   M    M   1        32 210
25  77  47  62  15   3   0 0.00  0.0    0 10.3 20 250   M    M   0        29 230
26  51  45  48   0  17   0 0.00  0.0    0 11.1 18  70   M    M  10 12     22  60
27  74  45  60  12   5   0    T    M    0  9.6 21 200   M    M   4 12     30 200
================================================================================
SM 1454  876       584   2  3.61    T    283.3          M       92
================================================================================
AV 53.9 32.4                              10.5 FASTST   M    M   3    MAX(MPH)
                                 MISC ---->  # 39 210               # 56  210
================================================================================
NOTES:
# LAST OF SEVERAL OCCURRENCES

COLUMN 17 PEAK WIND IN M.P.H.

PRELIMINARY LOCAL CLIMATOLOGICAL DATA (WS FORM: F-6) , PAGE 2

                                          STATION:  SALISBURY MD
                                          MONTH:    MARCH
                                          YEAR:     2017
                                          LATITUDE:   38 20 N
                                          LONGITUDE:  75 30 W

[TEMPERATURE DATA]      [PRECIPITATION DATA]       SYMBOLS USED IN COLUMN 16

AVERAGE MONTHLY: 43.2   TOTAL FOR MONTH:   3.61    1 = FOG OR MIST
DPTR FM NORMAL:  -1.0   DPTR FM NORMAL:   -0.22    2 = FOG REDUCING VISIBILITY
HIGHEST:    77 ON 25, 1 GRTST 24HR  2.92 ON 14-14      TO 1/4 MILE OR LESS
LOWEST:     18 ON  5                               3 = THUNDER
                        SNOW, ICE PELLETS, HAIL    4 = ICE PELLETS
                        TOTAL MONTH:    T          5 = HAIL
                        GRTST 24HR    T  ON 19-19  6 = FREEZING RAIN OR DRIZZLE
                        GRTST DEPTH:   0           7 = DUSTSTORM OR SANDSTORM:
                                                       VSBY 1/2 MILE OR LESS
                                                   8 = SMOKE OR HAZE
[NO. OF DAYS WITH]      [WEATHER - DAYS WITH]      9 = BLOWING SNOW
                                                   X = TORNADO
MAX 32 OR BELOW:   0    0.01 INCH OR MORE:   8
MAX 90 OR ABOVE:   0    0.10 INCH OR MORE:   4
MIN 32 OR BELOW:  16    0.50 INCH OR MORE:   1
MIN  0 OR BELOW:   0    1.00 INCH OR MORE:   1

[HDD (BASE 65) ]
TOTAL THIS MO.   584    CLEAR  (SCALE 0-3)  14
DPTR FM NORMAL    19    PTCLDY (SCALE 4-7)  11
TOTAL FM JUL 1  3335    CLOUDY (SCALE 8-10)  2
DPTR FM NORMAL  -535

[CDD (BASE 65) ]
TOTAL THIS MO.     2
DPTR FM NORMAL     2    [PRESSURE DATA]
TOTAL FM JAN 1     2    HIGHEST SLP M ON M
DPTR FM NORMAL     2    LOWEST  SLP 29.31 ON 14

[REMARKS]
