000
CXUS56 KSTO 281455
CF6SCK
PRELIMINARY LOCAL CLIMATOLOGICAL DATA (WS FORM: F-6)

                                          STATION:   STOCKTON AIRPORT CA
                                          MONTH:     FEBRUARY
                                          YEAR:      2015
                                          LATITUDE:   37 54 N
                                          LONGITUDE: 121 15 W

  TEMPERATURE IN F:       :PCPN:    SNOW:  WIND      :SUNSHINE: SKY     :PK WND
================================================================================
1   2   3   4   5  6A  6B    7    8   9   10  11  12  13   14  15   16   17  18
                                     12Z  AVG MX 2MIN
DY MAX MIN AVG DEP HDD CDD  WTR  SNW DPTH SPD SPD DIR MIN PSBL S-S WX    SPD DR
================================================================================

 1  66  38  52   4  13   0 0.00    M    0  4.3 13 160   M    M   1 128    15 150
 2  67  37  52   4  13   0 0.00  0.0    0  2.7 12 350   M    M   2 128    14 360
 3  69  43  56   8   9   0 0.00  0.0    0  2.7  8  90   M    M   0 18     23  60
 4  70  39  55   7  10   0 0.00  0.0    0  4.6 15 170   M    M   1 128    24 330
 5  59  40  50   1  15   0 0.00  0.0    0  2.7 10 130   M    M   2 128    13 130
 6  68  50  59  10   6   0 0.50  0.0    0 17.2 35 160   M    M   6 18     46 160
 7  69  56  63  14   2   0 0.26  0.0    0 10.6 26 140   M    M   6 1      32 140
 8  66  56  61  12   4   0 0.62  0.0    0 13.0 26 140   M    M   7 1      35 150
 9  69  50  60  10   5   0 0.04  0.0    0  7.0 16 310   M    M   3        18 310
10  64  43  54   4  11   0 0.00  0.0    0  6.4 15 280   M    M   0        20 290
11  68  39  54   4  11   0 0.00  0.0    0  1.7  7 320   M    M   0         8 310
12  72  41  57   7   8   0 0.00  0.0    0  1.4  7 270   M    M   1 12      7 220
13  74  43  59   9   6   0 0.00  0.0    0  2.5  9 260   M    M   1 12     10 260
14  75  42  59   9   6   0 0.00  0.0    0  3.7 10 350   M    M   1 128    14  10
15  72  39  56   5   9   0 0.00  0.0    0  2.6  7 270   M    M   2 12      8 260
16  73  44  59   8   6   0 0.00  0.0    0  3.6 13 290   M    M   2 128     M  M
17  67  44  56   5   9   0 0.00    M    0  5.7 14 310   M    M   3 128    15 310
18  64  42  53   2  12   0 0.00  0.0    0  2.5 13 290   M    M   1 128    15 330
19  57  44  51   0  14   0 0.01    M    0  1.5  8 280   M    M  10 12     10 270
20  61  46  54   2  11   0 0.00  0.0    0  4.9 12  90   M    M   6 18     37 340
21  62  45  54   2  11   0 0.00  0.0    0  4.8 14 140   M    M   6 18     16 140
22  68  42  55   3  10   0 0.00  0.0    0  7.2 23 340   M    M   5 1      28 350
23  66  35  51  -1  14   0 0.00  0.0    0  4.4 20 340   M    M   2        23 330
24  66  33  50  -2  15   0 0.00  0.0    0  2.7 10 310   M    M   0 8      12 310
25  66  34  50  -2  15   0 0.00  0.0    0  3.1  9 310   M    M   0        13 270
26  74  40  57   5   8   0 0.00  0.0    0  7.1 24 310   M    M   0        28 320
27  68  45  57   4   8   0 0.00  0.0    0 11.0 28 240   M    M   1        32 250
================================================================================
SM 1820 1150       261   0  1.43     0.0 141.6          M       69
================================================================================
AV 67.4 42.6                               5.2 FASTST   M    M   3    MAX(MPH)
                                 MISC ---->  # 35 160                10000  M
================================================================================
NOTES:
# LAST OF SEVERAL OCCURRENCES

COLUMN 17 PEAK WIND IN M.P.H.

PRELIMINARY LOCAL CLIMATOLOGICAL DATA (WS FORM: F-6) , PAGE 2

                                          STATION:  STOCKTON AIRPORT CA
                                          MONTH:    FEBRUARY
                                          YEAR:     2015
                                          LATITUDE:   37 54 N
                                          LONGITUDE: 121 15 W

[TEMPERATURE DATA]      [PRECIPITATION DATA]       SYMBOLS USED IN COLUMN 16

AVERAGE MONTHLY: 55.0   TOTAL FOR MONTH:   1.43    1 = FOG OR MIST
DPTR FM NORMAL:   4.6   DPTR FM NORMAL:   -1.03    2 = FOG REDUCING VISIBILITY
HIGHEST:    75 ON 14    GRTST 24HR  0.76 ON  6- 7      TO 1/4 MILE OR LESS
LOWEST:     33 ON 24                               3 = THUNDER
                        SNOW, ICE PELLETS, HAIL    4 = ICE PELLETS
                        TOTAL MONTH:   0.0 INCH    5 = HAIL
                        GRTST 24HR     0.0         6 = FREEZING RAIN OR DRIZZLE
                        GRTST DEPTH:   0           7 = DUSTSTORM OR SANDSTORM:
                                                       VSBY 1/2 MILE OR LESS
                                                   8 = SMOKE OR HAZE
[NO. OF DAYS WITH]      [WEATHER - DAYS WITH]      9 = BLOWING SNOW
                                                   X = TORNADO
MAX 32 OR BELOW:   0    0.01 INCH OR MORE:   5
MAX 90 OR ABOVE:   0    0.10 INCH OR MORE:   3
MIN 32 OR BELOW:   0    0.50 INCH OR MORE:   2
MIN  0 OR BELOW:   0    1.00 INCH OR MORE:   0

[HDD (BASE 65) ]
TOTAL THIS MO.   261    CLEAR  (SCALE 0-3)  18
DPTR FM NORMAL  -135    PTCLDY (SCALE 4-7)   8
TOTAL FM JUL 1  1427    CLOUDY (SCALE 8-10)  1
DPTR FM NORMAL  -624

[CDD (BASE 65) ]
TOTAL THIS MO.     0
DPTR FM NORMAL     0    [PRESSURE DATA]
TOTAL FM JAN 1     0    HIGHEST SLP M ON M
DPTR FM NORMAL     0    LOWEST  SLP 30.11 ON  6

[REMARKS]
