000
CXUS56 KSGX 301545
CF6SDM
PRELIMINARY LOCAL CLIMATOLOGICAL DATA (WS FORM: F-6)

                                          STATION:   SAN DIEGO/BROWN
                                          MONTH:     SEPTEMBER
                                          YEAR:      2016
                                          LATITUDE:   32 34 N
                                          LONGITUDE: 116 59 W

  TEMPERATURE IN F:       :PCPN:    SNOW:  WIND      :SUNSHINE: SKY     :PK WND
================================================================================
1   2   3   4   5  6A  6B    7    8   9   10  11  12  13   14  15   16   17  18
                                     12Z  AVG MX 2MIN
DY MAX MIN AVG DEP HDD CDD  WTR  SNW DPTH SPD SPD DIR MIN PSBL S-S WX    SPD DR
================================================================================

 1  78  62  70  -1   0   5 0.00  0.0    0  3.0 13 270   M    M   4 18     17 280
 2  77  62  70  -1   0   5 0.00  0.0    0  4.0 13 260   M    M   5 18     17 270
 3  74  61  68  -3   0   3 0.00  0.0    0  5.5 14 270   M    M   6        21  40
 4  75  61  68  -3   0   3 0.00  0.0    0  4.7 15 270   M    M   5        20 270
 5  74  59  67  -4   0   2 0.00  0.0    0  5.3 14 290   M    M   4        19 280
 6  77  57  67  -4   0   2 0.00  0.0    0  3.8 14 270   M    M   3 1      19 270
 7  78  59  69  -2   0   4 0.00  0.0    0  3.9 15 270   M    M   5 128    20 290
 8  77  64  71   0   0   6 0.00  0.0    0  5.1 15 270   M    M   6 8      18 270
 9  78  64  71   0   0   6 0.00  0.0    0  5.2 14 270   M    M   M        19 270
10  79  61  70   0   0   5 0.00  0.0    0  4.5 13 270   M    M   3 128    18 280
11  78  65  72   2   0   7 0.00  0.0    0  4.2 12 270   M    M   6 18     17 270
12  73  64  69  -1   0   4 0.00  0.0    0  6.2 17 260   M    M   9        21 260
13  72  60  66  -4   0   1 0.00  0.0    0  4.4 12 270   M    M   6        15 270
14  74  55  65  -5   0   0 0.00  0.0    0  5.3 15 270   M    M   1 18     20 280
15  77  52  65  -5   0   0 0.00  0.0    0  4.8 15 270   M    M   0 18     19 280
16  76  55  66  -4   0   1 0.00  0.0    0  3.5 12 280   M    M   2 18     17 300
17  76  57  67  -3   0   2 0.00  0.0    0  3.7 14 270   M    M   3 18     19 270
18  79  56  68  -2   0   3 0.00  0.0    0  3.0  9 310   M    M   0 18     14 290
19  85  63  74   5   0   9    T  0.0    0  3.8 18 230   M    M   3 138    23 220
20  78  69  74   5   0   9 0.73  0.0    0  4.0 10 150   M    M   7 1      14 220
21  81  65  73   4   0   8 0.01  0.0    0  4.3 14 280   M    M  10 18     23 250
22  74  58  66  -3   0   1 0.00  0.0    0  6.3 15 260   M    M   8 18     21 230
23  75  54  65  -4   0   0 0.00  0.0    0  4.8 14 280   M    M   1 8      18 280
24  89  57  73   4   0   8 0.00  0.0    0  6.4 14 270   M    M   0 8      17 280
25  96  58  77   8   0  12 0.00  0.0    0  6.0 17 270   M    M   0        25 270
26  99  67  83  15   0  18 0.00  0.0    0  7.6 20  70   M    M   0        30  50
27  96  69  83  15   0  18 0.00  0.0    0  5.8 20 130   M    M   1        25 120
28  92  65  79  11   0  14 0.00  0.0    0  5.8 16 270   M    M   0        20 270
29  89  64  77   9   0  12 0.00  0.0    0  3.6 14 260   M    M   0        18 280
================================================================================
SM 2326 1763         0 168  0.74     0.0 138.5          M       98
================================================================================
AV 80.2 60.8                               4.8 FASTST   M    M   4    MAX(MPH)
                                 MISC ---->  # 20  70               # 30   50
================================================================================
NOTES:
# LAST OF SEVERAL OCCURRENCES

COLUMN 17 PEAK WIND IN M.P.H.

PRELIMINARY LOCAL CLIMATOLOGICAL DATA (WS FORM: F-6) , PAGE 2

                                          STATION:  SAN DIEGO/BROWN
                                          MONTH:    SEPTEMBER
                                          YEAR:     2016
                                          LATITUDE:   32 34 N
                                          LONGITUDE: 116 59 W

[TEMPERATURE DATA]      [PRECIPITATION DATA]       SYMBOLS USED IN COLUMN 16

AVERAGE MONTHLY: 70.5   TOTAL FOR MONTH:   0.74    1 = FOG OR MIST
DPTR FM NORMAL:   0.7   DPTR FM NORMAL:    0.52    2 = FOG REDUCING VISIBILITY
HIGHEST:    99 ON 26    GRTST 24HR  0.73 ON 20-20      TO 1/4 MILE OR LESS
LOWEST:     52 ON 15                               3 = THUNDER
                        SNOW, ICE PELLETS, HAIL    4 = ICE PELLETS
                        TOTAL MONTH:   0.0 INCH    5 = HAIL
                        GRTST 24HR     0.0         6 = FREEZING RAIN OR DRIZZLE
                        GRTST DEPTH:   0           7 = DUSTSTORM OR SANDSTORM:
                                                       VSBY 1/2 MILE OR LESS
                                                   8 = SMOKE OR HAZE
[NO. OF DAYS WITH]      [WEATHER - DAYS WITH]      9 = BLOWING SNOW
                                                   X = TORNADO
MAX 32 OR BELOW:   0    0.01 INCH OR MORE:   2
MAX 90 OR ABOVE:   4    0.10 INCH OR MORE:   1
MIN 32 OR BELOW:   0    0.50 INCH OR MORE:   1
MIN  0 OR BELOW:   0    1.00 INCH OR MORE:   0

[HDD (BASE 65) ]
TOTAL THIS MO.     0    CLEAR  (SCALE 0-3)  14
DPTR FM NORMAL     0    PTCLDY (SCALE 4-7)  12
TOTAL FM JUL 1     0    CLOUDY (SCALE 8-10)  2
DPTR FM NORMAL    -4

[CDD (BASE 65) ]
TOTAL THIS MO.   168
DPTR FM NORMAL    24    [PRESSURE DATA]
TOTAL FM JAN 1   894    HIGHEST SLP M ON M
DPTR FM NORMAL   353    LOWEST  SLP 29.74 ON  5

[REMARKS]
