000
CXUS54 KFWD 170730
CF6SEP
PRELIMINARY LOCAL CLIMATOLOGICAL DATA (WS FORM: F-6)

                                          STATION:   STEPHENVILLE
                                          MONTH:     APRIL
                                          YEAR:      2014
                                          LATITUDE:   32 13 N
                                          LONGITUDE:  98 11 W

  TEMPERATURE IN F:       :PCPN:    SNOW:  WIND      :SUNSHINE: SKY     :PK WND
================================================================================
1   2   3   4   5  6A  6B    7    8   9   10  11  12  13   14  15   16   17  18
                                     12Z  AVG MX 2MIN
DY MAX MIN AVG DEP HDD CDD  WTR  SNW DPTH SPD SPD DIR MIN PSBL S-S WX    SPD DR
================================================================================

 1  83  61  72  13   0   7 0.00  0.0    0 11.4 15 130   M    M   3        22 170
 2  78  67  73  13   0   8 0.00  0.0    0  9.9 15 170   M    M   6        23 170
 3  91  61  76  16   0  11 0.06  0.0    0 10.4 23 330   M    M   4        33 330
 4  68  43  56  -4   9   0 0.00  0.0    0 11.0 24 340   M    M   0        33 340
 5  61  48  55  -5  10   0 0.00  0.0    0  6.3 15 120   M    M   6        30 120
 6  52  46  49 -12  16   0 0.25  0.0    0  7.2 12  50   M    M  10        16 360
 7  69  48  59  -2   6   0 0.06  0.0    0  2.8 13 330   M    M   6        17 330
 8  73  48  61   0   4   0 0.00  0.0    0 10.3 24 320   M    M   1        35 320
 9  85  44  65   3   0   0 0.00  0.0    0  8.1 15 210   M    M   0        23 210
10  90  58  74  12   0   9 0.00  0.0    0 14.0 21 190   M    M   0        32 170
11  87  57  72  10   0   7 0.00  0.0    0  9.8 15 170   M    M   0        23 170
12  83  62  73  11   0   8 0.00  0.0    0 14.6 23 170   M    M   0        31 180
13  79  64  72   9   0   7 0.14  0.0    0 12.9 24 170   M    M   6        31 160
14  66  42  54  -9  11   0 0.00  0.0    0 18.5 28 340   M    M   7        38 340
15  63  32  48 -15  17   0 0.00  0.0    0  4.0  9 170   M    M   0         M  M
16  70  40  55  -9  10   0 0.00  0.0    0 11.7 20 160   M    M   0        30 170
================================================================================
SM 1198  821        83  57  0.51     0.0 162.9          M       49
================================================================================
AV 74.9 51.3                              10.2 FASTST   M    M   3    MAX(MPH)
                                 MISC ---->    28   M               # 38  340
================================================================================
NOTES:
# LAST OF SEVERAL OCCURRENCES

COLUMN 17 PEAK WIND IN M.P.H.

PRELIMINARY LOCAL CLIMATOLOGICAL DATA (WS FORM: F-6) , PAGE 2

                                          STATION:  STEPHENVILLE
                                          MONTH:    APRIL
                                          YEAR:     2014
                                          LATITUDE:   32 13 N
                                          LONGITUDE:  98 11 W

[TEMPERATURE DATA]      [PRECIPITATION DATA]       SYMBOLS USED IN COLUMN 16

AVERAGE MONTHLY: 63.1   TOTAL FOR MONTH:   0.51    1 = FOG OR MIST
DPTR FM NORMAL:   1.7   DPTR FM NORMAL:   -0.63    2 = FOG REDUCING VISIBILITY
HIGHEST:    91 ON  3    GRTST 24HR  0.25 ON  6- 6      TO 1/4 MILE OR LESS
LOWEST:     32 ON 15                               3 = THUNDER
                        SNOW, ICE PELLETS, HAIL    4 = ICE PELLETS
                        TOTAL MONTH:   0.0 INCH    5 = HAIL
                        GRTST 24HR     0.0         6 = FREEZING RAIN OR DRIZZLE
                        GRTST DEPTH:   0           7 = DUSTSTORM OR SANDSTORM:
                                                       VSBY 1/2 MILE OR LESS
                                                   8 = SMOKE OR HAZE
[NO. OF DAYS WITH]      [WEATHER - DAYS WITH]      9 = BLOWING SNOW
                                                   X = TORNADO
MAX 32 OR BELOW:   0    0.01 INCH OR MORE:   4
MAX 90 OR ABOVE:   2    0.10 INCH OR MORE:   2
MIN 32 OR BELOW:   1    0.50 INCH OR MORE:   0
MIN  0 OR BELOW:   0    1.00 INCH OR MORE:   0

[HDD (BASE 65) ]
TOTAL THIS MO.    83    CLEAR  (SCALE 0-3)   9
DPTR FM NORMAL    -3    PTCLDY (SCALE 4-7)   6
TOTAL FM JUL 1  2703    CLOUDY (SCALE 8-10)  1
DPTR FM NORMAL    41

[CDD (BASE 65) ]
TOTAL THIS MO.    57
DPTR FM NORMAL    29    [PRESSURE DATA]
TOTAL FM JAN 1    80    HIGHEST SLP M ON M
DPTR FM NORMAL    32    LOWEST  SLP M ON M

[REMARKS]
