000
CXUS53 KLSX 171600
CF6SET
PRELIMINARY LOCAL CLIMATOLOGICAL DATA (WS FORM: F-6)

                                          STATION:   ST_CHARLES MO
                                          MONTH:     DECEMBER
                                          YEAR:      2014
                                          LATITUDE:   38 55 N
                                          LONGITUDE:  90 26 W

  TEMPERATURE IN F:       :PCPN:    SNOW:  WIND      :SUNSHINE: SKY     :PK WND
================================================================================
1   2   3   4   5  6A  6B    7    8   9   10  11  12  13   14  15   16   17  18
                                     12Z  AVG MX 2MIN
DY MAX MIN AVG DEP HDD CDD  WTR  SNW DPTH SPD SPD DIR MIN PSBL S-S WX    SPD DR
================================================================================

 1  33  24  29  -9  36   0    T    M    M 13.2 21  20   M    M   8        27 350
 2  35  25  30  -8  35   0 0.00  0.0    0  4.7 10  70   M    M  10 8      13  40
 3  45  27  36  -1  29   0 0.00  0.0    0  5.6 13  40   M    M   1 18     18  50
 4  39  33  36  -1  29   0 0.02  0.0    0  7.1 13  40   M    M  10 12     16  50
 5  46  39  43   7  22   0 0.94  0.0    0  8.0 16 360   M    M  10 12     21 360
 6  42  31  37   1  28   0    T  0.0    0  9.4 17 360   M    M   9 18     21  20
 7  40  29  35  -1  30   0 0.00  0.0    0  6.3 13 100   M    M   2 18     15 100
 8  46  35  41   6  24   0 0.02  0.0    0  4.6 14 290   M    M   8 1      21 310
 9  39  33  36   1  29   0 0.00  0.0    0  9.3 17 350   M    M  10        23 340
10  36  33  35   1  30   0 0.00  0.0    0  3.0  8  30   M    M  10 18     16 130
11  37  29  33  -1  32   0 0.00  0.0    0  1.9  8  40   M    M   7 1      11  40
12  48  32  40   6  25   0 0.00  0.0    0  5.0 13  80   M    M  10 18     14  80
13  56  30  43   9  22   0 0.00  0.0    0  3.9 10 210   M    M   7 128    12 190
14  61  45  53  20  12   0 0.00  0.0    0  8.0 14 110   M    M   5 1      17 100
15  52  43  48  15  17   0 0.33  0.0    0 13.4 25 260   M    M  10 1      33 260
16  43  31  37   4  28   0    T  0.0    0 17.8 33 290   M    M  10 18     40 280
================================================================================
SM  698  519       428   0  1.31     0.0 121.2          M      127
================================================================================
AV 43.6 32.4                               7.6 FASTST   M    M   8    MAX(MPH)
                                 MISC ---->  # 33 290               # 40  280
================================================================================
NOTES:
# LAST OF SEVERAL OCCURRENCES

COLUMN 17 PEAK WIND IN M.P.H.

PRELIMINARY LOCAL CLIMATOLOGICAL DATA (WS FORM: F-6) , PAGE 2

                                          STATION:  ST_CHARLES MO
                                          MONTH:    DECEMBER
                                          YEAR:     2014
                                          LATITUDE:   38 55 N
                                          LONGITUDE:  90 26 W

[TEMPERATURE DATA]      [PRECIPITATION DATA]       SYMBOLS USED IN COLUMN 16

AVERAGE MONTHLY: 38.0   TOTAL FOR MONTH:   1.31    1 = FOG OR MIST
DPTR FM NORMAL:   2.8   DPTR FM NORMAL:   -0.26    2 = FOG REDUCING VISIBILITY
HIGHEST:    61 ON 14    GRTST 24HR  0.94 ON  5- 5      TO 1/4 MILE OR LESS
LOWEST:     24 ON  1                               3 = THUNDER
                        SNOW, ICE PELLETS, HAIL    4 = ICE PELLETS
                        TOTAL MONTH:   0.0 INCH    5 = HAIL
                        GRTST 24HR     0.0         6 = FREEZING RAIN OR DRIZZLE
                        GRTST DEPTH:   0           7 = DUSTSTORM OR SANDSTORM:
                                                       VSBY 1/2 MILE OR LESS
                                                   8 = SMOKE OR HAZE
[NO. OF DAYS WITH]      [WEATHER - DAYS WITH]      9 = BLOWING SNOW
                                                   X = TORNADO
MAX 32 OR BELOW:   0    0.01 INCH OR MORE:   4
MAX 90 OR ABOVE:   0    0.10 INCH OR MORE:   2
MIN 32 OR BELOW:   9    0.50 INCH OR MORE:   1
MIN  0 OR BELOW:   0    1.00 INCH OR MORE:   0

[HDD (BASE 65) ]
TOTAL THIS MO.   428    CLEAR  (SCALE 0-3)   2
DPTR FM NORMAL   -49    PTCLDY (SCALE 4-7)   3
TOTAL FM JUL 1  1571    CLOUDY (SCALE 8-10) 11
DPTR FM NORMAL   154

[CDD (BASE 65) ]
TOTAL THIS MO.     0
DPTR FM NORMAL     0    [PRESSURE DATA]
TOTAL FM JAN 1  1259    HIGHEST SLP M ON M
DPTR FM NORMAL   -86    LOWEST  SLP 29.65 ON 15

[REMARKS]
