000
CXUS52 KMLB 181122
CF6SFB
PRELIMINARY LOCAL CLIMATOLOGICAL DATA (WS FORM: F-6)

                                          STATION:   SANFORD
                                          MONTH:     APRIL
                                          YEAR:      2014
                                          LATITUDE:   28 46 N
                                          LONGITUDE:  81 15 W

  TEMPERATURE IN F:       :PCPN:    SNOW:  WIND      :SUNSHINE: SKY     :PK WND
================================================================================
1   2   3   4   5  6A  6B    7    8   9   10  11  12  13   14  15   16   17  18
                                     12Z  AVG MX 2MIN
DY MAX MIN AVG DEP HDD CDD  WTR  SNW DPTH SPD SPD DIR MIN PSBL S-S WX    SPD DR
================================================================================

 1  83  48  66  -3   0   1 0.00  0.0    0  3.2 13 110   M    M   0 128    15 100
 2  85  55  70   1   0   5 0.00  0.0    0  5.8 16 110   M    M   0        19 110
 3  86  58  72   3   0   7 0.00  0.0    0  6.6 15 120   M    M   0        17 140
 4  85  63  74   4   0   9 0.00  0.0    0  5.8 16 170   M    M   1        20 170
 5  84  63  74   4   0   9 0.00  0.0    0  5.8 13 280   M    M   3 1      18 270
 6  88  68  78   8   0  13 0.00  0.0    0  6.0 16 200   M    M   1        22 210
 7  91  71  81  11   0  16 0.07  0.0    0 11.8 26 200   M    M   2 8      35 200
 8  80  61  71   1   0   6 0.74  0.0    0 11.7 21 260   M    M   7 138    28 280
 9  75  56  66  -4   0   1 0.01  0.0    0  7.1 15 300   M    M   2        21 300
10  79  53  66  -4   0   1 0.00  0.0    0  6.0 16 100   M    M   1        20 100
11  81  57  69  -2   0   4 0.00  0.0    0  7.4 18 110   M    M   3        24  60
12  82  61  72   1   0   7 0.00  0.0    0  7.2 18  90   M    M   2        23 100
13  84  64  74   3   0   9 0.00  0.0    0  9.8 18  90   M    M   3        26 130
14  89  66  78   7   0  13 0.00  0.0    0  6.9 16 140   M    M   4        20 140
15  87  63  75   4   0  10 0.96  0.0    0 10.8 25 300   M    M   4 13     30 220
16  74  50  62 -10   3   0 0.00  0.0    0 12.1 23  50   M    M   6        29 330
17  78  62  70  -2   0   5 0.00  0.0    0 12.2 24  80   M    M   6        29  80
================================================================================
SM 1411 1019         3 116  1.78     0.0 136.2          M       45
================================================================================
AV 83.0 59.9                               8.0 FASTST   M    M   3    MAX(MPH)
                                 MISC ---->  # 26 200               # 35  200
================================================================================
NOTES:
# LAST OF SEVERAL OCCURRENCES

COLUMN 17 PEAK WIND IN M.P.H.

PRELIMINARY LOCAL CLIMATOLOGICAL DATA (WS FORM: F-6) , PAGE 2

                                          STATION:  SANFORD
                                          MONTH:    APRIL
                                          YEAR:     2014
                                          LATITUDE:   28 46 N
                                          LONGITUDE:  81 15 W

[TEMPERATURE DATA]      [PRECIPITATION DATA]       SYMBOLS USED IN COLUMN 16

AVERAGE MONTHLY: 71.5   TOTAL FOR MONTH:   1.78    1 = FOG OR MIST
DPTR FM NORMAL:   1.1   DPTR FM NORMAL:    0.22    2 = FOG REDUCING VISIBILITY
HIGHEST:    91 ON  7    GRTST 24HR  0.96 ON 15-15      TO 1/4 MILE OR LESS
LOWEST:     48 ON  1                               3 = THUNDER
                        SNOW, ICE PELLETS, HAIL    4 = ICE PELLETS
                        TOTAL MONTH:   0.0 INCH    5 = HAIL
                        GRTST 24HR     0.0         6 = FREEZING RAIN OR DRIZZLE
                        GRTST DEPTH:   0           7 = DUSTSTORM OR SANDSTORM:
                                                       VSBY 1/2 MILE OR LESS
                                                   8 = SMOKE OR HAZE
[NO. OF DAYS WITH]      [WEATHER - DAYS WITH]      9 = BLOWING SNOW
                                                   X = TORNADO
MAX 32 OR BELOW:   0    0.01 INCH OR MORE:   4
MAX 90 OR ABOVE:   1    0.10 INCH OR MORE:   2
MIN 32 OR BELOW:   0    0.50 INCH OR MORE:   2
MIN  0 OR BELOW:   0    1.00 INCH OR MORE:   0

[HDD (BASE 65) ]
TOTAL THIS MO.     3    CLEAR  (SCALE 0-3)  12
DPTR FM NORMAL   -12    PTCLDY (SCALE 4-7)   5
TOTAL FM JUL 1   485    CLOUDY (SCALE 8-10)  0
DPTR FM NORMAL  -113

[CDD (BASE 65) ]
TOTAL THIS MO.   116
DPTR FM NORMAL    13    [PRESSURE DATA]
TOTAL FM JAN 1   318    HIGHEST SLP M ON M
DPTR FM NORMAL    11    LOWEST  SLP 29.69 ON  8

[REMARKS]
