000
CXUS52 KMLB 240637
CF6SFB
PRELIMINARY LOCAL CLIMATOLOGICAL DATA (WS FORM: F-6)

                                          STATION:   SANFORD
                                          MONTH:     MAY
                                          YEAR:      2016
                                          LATITUDE:   28 46 N
                                          LONGITUDE:  81 15 W

  TEMPERATURE IN F:       :PCPN:    SNOW:  WIND      :SUNSHINE: SKY     :PK WND
================================================================================
1   2   3   4   5  6A  6B    7    8   9   10  11  12  13   14  15   16   17  18
                                     12Z  AVG MX 2MIN
DY MAX MIN AVG DEP HDD CDD  WTR  SNW DPTH SPD SPD DIR MIN PSBL S-S WX    SPD DR
================================================================================

 1  89  68  79   5   0  14 0.00  0.0    0  7.4 16 120   M    M   1        21 130
 2  92  69  81   7   0  16 0.23  0.0    0  7.1 20 130   M    M   2 13     24 140
 3  90  72  81   6   0  16 0.00  0.0    0  8.8 20 300   M    M   2 3      24 250
 4  77  66  72  -3   0   7 0.50  0.0    0  9.4 21 210   M    M   5 13     29 200
 5  81  57  69  -6   0   4 0.00  0.0    0 12.8 26 260   M    M   0        39 270
 6  78  53  66  -9   0   1 0.00  0.0    0  8.4 23 260   M    M   0        27 260
 7  81  54  68  -8   0   3 0.00  0.0    0  8.1 15 360   M    M   0        20 360
 8  87  59  73  -3   0   8 0.00  0.0    0  6.1 14 110   M    M   0        16 310
 9  88  61  75  -1   0  10 0.00  0.0    0  6.3 18  90   M    M   0        23 100
10  87  65  76   0   0  11    T  0.0    0  6.8 16 100   M    M   3        20 100
11  90  66  78   2   0  13 0.00  0.0    0  5.7 16  90   M    M   1        21  20
12  88  69  79   3   0  14 0.00  0.0    0  5.1 14 130   M    M   2        18 140
13  93  68  81   4   0  16 0.00  0.0    0  5.4 14  20   M    M   3 3      20 260
14  93  69  81   4   0  16 0.00  0.0    0  7.8 18 260   M    M   1        23 290
15  92  64  78   1   0  13 0.00  0.0    0  6.9 16  70   M    M   0        22  80
16  90  68  79   2   0  14    T  0.0    0  6.9 21  90   M    M   4        25 120
17  91  70  81   3   0  16 1.25  0.0    0  9.2 24 160   M    M   5 13     32 160
18  91  70  81   3   0  16 0.00  0.0    0  7.6 16 290   M    M   2        26 300
19  91  73  82   4   0  17 0.00  0.0    0  8.0 21 220   M    M   5 3      26 220
20  90  70  80   2   0  15 0.52  0.0    0  6.6 30 300   M    M   2 138    38 300
21  90  72  81   3   0  16 0.01  0.0    0  6.9 18 280   M    M   2        24 290
22  90  71  81   3   0  16 0.00  0.0    0 11.4 24 280   M    M   1        29 280
23  87  66  77  -2   0  12 0.00  0.0    0  5.6 15  80   M    M   1        19  80
================================================================================
SM 2026 1520         0 284  2.51     0.0 174.3          M       42
================================================================================
AV 88.1 66.1                               7.6 FASTST   M    M   2    MAX(MPH)
                                 MISC ---->  # 30 300               # 39  270
================================================================================
NOTES:
# LAST OF SEVERAL OCCURRENCES

COLUMN 17 PEAK WIND IN M.P.H.

PRELIMINARY LOCAL CLIMATOLOGICAL DATA (WS FORM: F-6) , PAGE 2

                                          STATION:  SANFORD
                                          MONTH:    MAY
                                          YEAR:     2016
                                          LATITUDE:   28 46 N
                                          LONGITUDE:  81 15 W

[TEMPERATURE DATA]      [PRECIPITATION DATA]       SYMBOLS USED IN COLUMN 16

AVERAGE MONTHLY: 77.1   TOTAL FOR MONTH:   2.51    1 = FOG OR MIST
DPTR FM NORMAL:   0.6   DPTR FM NORMAL:    0.53    2 = FOG REDUCING VISIBILITY
HIGHEST:    93 ON 14,13 GRTST 24HR  1.25 ON 17-17      TO 1/4 MILE OR LESS
LOWEST:     53 ON  6                               3 = THUNDER
                        SNOW, ICE PELLETS, HAIL    4 = ICE PELLETS
                        TOTAL MONTH:   0.0 INCH    5 = HAIL
                        GRTST 24HR     0.0         6 = FREEZING RAIN OR DRIZZLE
                        GRTST DEPTH:   0           7 = DUSTSTORM OR SANDSTORM:
                                                       VSBY 1/2 MILE OR LESS
                                                   8 = SMOKE OR HAZE
[NO. OF DAYS WITH]      [WEATHER - DAYS WITH]      9 = BLOWING SNOW
                                                   X = TORNADO
MAX 32 OR BELOW:   0    0.01 INCH OR MORE:   5
MAX 90 OR ABOVE:  13    0.10 INCH OR MORE:   4
MIN 32 OR BELOW:   0    0.50 INCH OR MORE:   3
MIN  0 OR BELOW:   0    1.00 INCH OR MORE:   1

[HDD (BASE 65) ]
TOTAL THIS MO.     0    CLEAR  (SCALE 0-3)  19
DPTR FM NORMAL     0    PTCLDY (SCALE 4-7)   4
TOTAL FM JUL 1   410    CLOUDY (SCALE 8-10)  0
DPTR FM NORMAL  -188

[CDD (BASE 65) ]
TOTAL THIS MO.   284
DPTR FM NORMAL    18    [PRESSURE DATA]
TOTAL FM JAN 1   780    HIGHEST SLP M ON M
DPTR FM NORMAL   102    LOWEST  SLP 29.64 ON  4

[REMARKS]
