000
CXUS56 KOTX 210900
CF6SFF
PRELIMINARY LOCAL CLIMATOLOGICAL DATA (WS FORM: F-6)

                                          STATION:   SPOKANE WA FELTS AIRPORT
                                          MONTH:     SEPTEMBER
                                          YEAR:      2014
                                          LATITUDE:   47 40 N
                                          LONGITUDE: 117 20 W

  TEMPERATURE IN F:       :PCPN:    SNOW:  WIND      :SUNSHINE: SKY     :PK WND
================================================================================
1   2   3   4   5  6A  6B    7    8   9   10  11  12  13   14  15   16   17  18
                                     12Z  AVG MX 2MIN
DY MAX MIN AVG DEP HDD CDD  WTR  SNW DPTH SPD SPD DIR MIN PSBL S-S WX    SPD DR
================================================================================

 1  76  50  63  -3   2   0 0.00    M    M  5.9 18 220   M    M   1        30 250
 2  79  52  66   1   0   1 0.03    M    M  8.7 22 250   M    M   3        29 250
 3  64  48  56  -9   9   0 0.15    M    M  5.4 22 220   M    M   7 1      26 240
 4  74  44  59  -6   6   0 0.00    M    M  1.4  8  60   M    M   2 1      12 330
 5  80  44  62  -2   3   0 0.00    M    M  2.3 14  70   M    M   0        18  70
 6  84  45  65   1   0   0 0.00    M    M  1.9  8  80   M    M   0        12 290
 7  87  46  67   3   0   2 0.00    M    M  3.0 12 220   M    M   0        15 230
 8  82  51  67   4   0   2 0.00    M    M  7.1 23 230   M    M   0        28 230
 9  78  52  65   2   0   0 0.00    M    M  4.7 16 250   M    M   2        24 290
10  68  47  58  -5   7   0 0.00    M    M  6.5 18  60   M    M   5        25  60
11  67  41  54  -8  11   0 0.00    M    M  6.0 20  70   M    M   0        28  80
12  73  35  54  -8  11   0 0.00    M    M  2.4  9 350   M    M   0        14 340
13  77  41  59  -3   6   0 0.00    M    M  2.0 12  60   M    M   0        15 350
14  81  41  61   0   4   0 0.00    M    M  1.3  7  80   M    M   0 8       9 120
15  85  43  64   3   1   0 0.00    M    M  2.3  7  70   M    M   0 8      10 130
16  86  50  68   8   0   3 0.00    M    M  1.6 10  70   M    M   0        12  60
17  85  51  68   8   0   3 0.00    M    M  2.2  7 100   M    M   0 8       9 150
18  82  55  69   9   0   4 0.00    M    M  8.8 22 230   M    M   4        33 220
19  78  56  67   8   0   2 0.00    M    M  6.2 15 220   M    M   3        21 200
20  84  49  67   8   0   2 0.00    M    M  2.1 10  60   M    M   0 8      15 320
================================================================================
SM 1570  941        60  19  0.18    M     81.8          M       27
================================================================================
AV 78.5 47.0                               4.1 FASTST   M    M   1    MAX(MPH)
                                 MISC ---->  # 23 230               # 33  220
================================================================================
NOTES:
# LAST OF SEVERAL OCCURRENCES

COLUMN 17 PEAK WIND IN M.P.H.

PRELIMINARY LOCAL CLIMATOLOGICAL DATA (WS FORM: F-6) , PAGE 2

                                          STATION:  SPOKANE WA FELTS AIRPORT
                                          MONTH:    SEPTEMBER
                                          YEAR:     2014
                                          LATITUDE:   47 40 N
                                          LONGITUDE: 117 20 W

[TEMPERATURE DATA]      [PRECIPITATION DATA]       SYMBOLS USED IN COLUMN 16

AVERAGE MONTHLY: 62.8   TOTAL FOR MONTH:   0.18    1 = FOG OR MIST
DPTR FM NORMAL:   0.4   DPTR FM NORMAL:   -0.34    2 = FOG REDUCING VISIBILITY
HIGHEST:    87 ON  7    GRTST 24HR  0.18 ON  2- 3      TO 1/4 MILE OR LESS
LOWEST:     35 ON 12                               3 = THUNDER
                        SNOW, ICE PELLETS, HAIL    4 = ICE PELLETS
                        TOTAL MONTH:    M          5 = HAIL
                        GRTST 24HR    M  ON   M    6 = FREEZING RAIN OR DRIZZLE
                        GRTST DEPTH:  M  ON   M    7 = DUSTSTORM OR SANDSTORM:
                                                       VSBY 1/2 MILE OR LESS
                                                   8 = SMOKE OR HAZE
[NO. OF DAYS WITH]      [WEATHER - DAYS WITH]      9 = BLOWING SNOW
                                                   X = TORNADO
MAX 32 OR BELOW:   0    0.01 INCH OR MORE:   2
MAX 90 OR ABOVE:   0    0.10 INCH OR MORE:   1
MIN 32 OR BELOW:   0    0.50 INCH OR MORE:   0
MIN  0 OR BELOW:   0    1.00 INCH OR MORE:   0

[HDD (BASE 65) ]
TOTAL THIS MO.    60    CLEAR  (SCALE 0-3)  16
DPTR FM NORMAL   -20    PTCLDY (SCALE 4-7)   4
TOTAL FM JUL 1    66    CLOUDY (SCALE 8-10)  0
DPTR FM NORMAL   -60

[CDD (BASE 65) ]
TOTAL THIS MO.    19
DPTR FM NORMAL   -10    [PRESSURE DATA]
TOTAL FM JAN 1   624    HIGHEST SLP M ON M
DPTR FM NORMAL   219    LOWEST  SLP  0.00 ON M

[REMARKS]
