000
CXUS56 KOTX 280900
CF6SFF
PRELIMINARY LOCAL CLIMATOLOGICAL DATA (WS FORM: F-6)

                                          STATION:   SPOKANE WA FELTS AIRPORT
                                          MONTH:     JULY
                                          YEAR:      2016
                                          LATITUDE:   47 40 N
                                          LONGITUDE: 117 20 W

  TEMPERATURE IN F:       :PCPN:    SNOW:  WIND      :SUNSHINE: SKY     :PK WND
================================================================================
1   2   3   4   5  6A  6B    7    8   9   10  11  12  13   14  15   16   17  18
                                     12Z  AVG MX 2MIN
DY MAX MIN AVG DEP HDD CDD  WTR  SNW DPTH SPD SPD DIR MIN PSBL S-S WX    SPD DR
================================================================================

 1  88  61  75   9   0  10 0.00    M    M  4.9 15 220   M    M   0        22 290
 2  86  60  73   6   0   8 0.00    M    M  6.6 16 200   M    M   2        20 180
 3  84  63  74   7   0   9 0.00    M    M 12.5 30 220   M    M   0        37 230
 4  76  54  65  -2   0   0 0.00    M    M  9.1 22 220   M    M   2        31 220
 5  74  51  63  -5   2   0 0.05    M    M  7.5 18 260   M    M   5 1      25 250
 6  76  55  66  -2   0   1 0.00    M    M  3.1 10 230   M    M   6        15 350
 7  78  50  64  -4   1   0    T    M    M  5.9 17 220   M    M   5        20 160
 8  72  57  65  -3   0   0 0.07    M    M  4.2 14 210   M    M   7 18     18 210
 9  75  56  66  -3   0   1 0.09    M    M  5.7 17 210   M    M   6 1      21 230
10  72  50  61  -8   4   0 0.00    M    M  7.8 21 220   M    M   4        26 220
11  76  55  66  -3   0   1 0.00    M    M 10.4 21 180   M    M   5        27 200
12  75  50  63  -6   2   0 0.03    M    M  3.7 16 330   M    M   6        21 320
13  82  52  67  -3   0   2 0.00    M    M  4.4 15 230   M    M   2 8      20 230
14  87  53  70   0   0   5 0.00    M    M  4.0 14 200   M    M   0        21 200
15  80  57  69  -1   0   4 0.00    M    M  7.4 22 210   M    M   2        28 220
16  74  55  65  -5   0   0 0.13    M    M  2.1 17 210   M    M   6        22 220
17  86  56  71   1   0   6 0.00    M    M  2.8 14 180   M    M   5        17  70
18  86  56  71   0   0   6 0.00    M    M  4.9 20 290   M    M   1        33 250
19  79  54  67  -4   0   2 0.00    M    M  3.8 14 250   M    M   2        20 240
20  86  50  68  -3   0   3 0.00    M    M  3.4 15 220   M    M   1        25 190
21  93  53  73   2   0   8 0.00    M    M  3.4 12 340   M    M   0 8      21  70
22  74  51  63  -8   2   0 0.90    M    M  3.6 21 130   M    M   4 13     30 290
23  80  53  67  -4   0   2 0.00    M    M  4.6 14 220   M    M   1 1      16 220
24  88  53  71   0   0   6 0.00    M    M  2.7 12 230   M    M   0        14 220
25  94  56  75   3   0  10 0.00    M    M  3.0 10 340   M    M   0        14 330
26  93  60  77   5   0  12 0.04    M    M  4.9 22 340   M    M   3 3      32 350
27  94  59  77   5   0  12 0.00    M    M  2.1 10 240   M    M   0 8      13 250
================================================================================
SM 2208 1480        11 108  1.31    M    138.5          M       75
================================================================================
AV 81.8 54.8                               5.1 FASTST   M    M   3    MAX(MPH)
                                 MISC ---->  # 30 220               # 37  230
================================================================================
NOTES:
# LAST OF SEVERAL OCCURRENCES

COLUMN 17 PEAK WIND IN M.P.H.

PRELIMINARY LOCAL CLIMATOLOGICAL DATA (WS FORM: F-6) , PAGE 2

                                          STATION:  SPOKANE WA FELTS AIRPORT
                                          MONTH:    JULY
                                          YEAR:     2016
                                          LATITUDE:   47 40 N
                                          LONGITUDE: 117 20 W

[TEMPERATURE DATA]      [PRECIPITATION DATA]       SYMBOLS USED IN COLUMN 16

AVERAGE MONTHLY: 68.3   TOTAL FOR MONTH:   1.31    1 = FOG OR MIST
DPTR FM NORMAL:  -1.3   DPTR FM NORMAL:    0.55    2 = FOG REDUCING VISIBILITY
HIGHEST:    94 ON 27,25 GRTST 24HR  0.90 ON 22-22      TO 1/4 MILE OR LESS
LOWEST:     50 ON 20,12                            3 = THUNDER
                        SNOW, ICE PELLETS, HAIL    4 = ICE PELLETS
                        TOTAL MONTH:    M          5 = HAIL
                        GRTST 24HR    M  ON   M    6 = FREEZING RAIN OR DRIZZLE
                        GRTST DEPTH:  M  ON   M    7 = DUSTSTORM OR SANDSTORM:
                                                       VSBY 1/2 MILE OR LESS
                                                   8 = SMOKE OR HAZE
[NO. OF DAYS WITH]      [WEATHER - DAYS WITH]      9 = BLOWING SNOW
                                                   X = TORNADO
MAX 32 OR BELOW:   0    0.01 INCH OR MORE:   7
MAX 90 OR ABOVE:   4    0.10 INCH OR MORE:   2
MIN 32 OR BELOW:   0    0.50 INCH OR MORE:   1
MIN  0 OR BELOW:   0    1.00 INCH OR MORE:   0

[HDD (BASE 65) ]
TOTAL THIS MO.    11    CLEAR  (SCALE 0-3)  16
DPTR FM NORMAL    -7    PTCLDY (SCALE 4-7)  11
TOTAL FM JUL 1    11    CLOUDY (SCALE 8-10)  0
DPTR FM NORMAL    -7

[CDD (BASE 65) ]
TOTAL THIS MO.   108
DPTR FM NORMAL   -36    [PRESSURE DATA]
TOTAL FM JAN 1   226    HIGHEST SLP M ON M
DPTR FM NORMAL    35    LOWEST  SLP  0.00 ON M

[REMARKS]
