000
CXUS56 KMTR 301000
CF6SFO
PRELIMINARY LOCAL CLIMATOLOGICAL DATA (WS FORM: F-6)

                                          STATION:   SAN FRANCISCO AIRPORT
                                          MONTH:     JUNE
                                          YEAR:      2015
                                          LATITUDE:   37 37 N
                                          LONGITUDE: 122 23 W

  TEMPERATURE IN F:       :PCPN:    SNOW:  WIND      :SUNSHINE: SKY     :PK WND
================================================================================
1   2   3   4   5  6A  6B    7    8   9   10  11  12  13   14  15   16   17  18
                                     12Z  AVG MX 2MIN
DY MAX MIN AVG DEP HDD CDD  WTR  SNW DPTH SPD SPD DIR MIN PSBL S-S WX    SPD DR
================================================================================

 1  74  58  66   5   0   1 0.00  0.0    0  8.6 22 270   M    M   7        26 250
 2  65  56  61   0   4   0 0.00  0.0    0 15.3 29 270   M    M   7 1      33 270
 3  65  55  60  -1   5   0 0.00  0.0    0 16.2 26 270   M    M   7        36 270
 4  70  54  62   1   3   0 0.00  0.0    0 10.4 22 280   M    M   5        26 280
 5  73  54  64   3   1   0 0.00  0.0    0  6.7 21 300   M    M   4        23 300
 6  74  57  66   5   0   1 0.00  0.0    0  6.8 20 310   M    M   6        23 300
 7  71  55  63   1   2   0 0.00  0.0    0 12.8 25 300   M    M   5        31 290
 8  84  55  70   8   0   5 0.00  0.0    0 11.5 28 280   M    M   2        30 290
 9  79  54  67   5   0   2 0.00  0.0    M  8.5 22 280   M    M   7        25 270
10  68  56  62   0   3   0 0.26  0.0    0 10.3 20 280   M    M   9 1      23 280
11  71  54  63   1   2   0 0.00  0.0    0 11.5 22 300   M    M   5 18     26 300
12  73  55  64   2   1   0 0.00  0.0    0 11.7 24 300   M    M   2        33 290
13  77  56  67   5   0   2 0.00  0.0    0  8.4 17 320   M    M   2        24 300
14  70  53  62   0   3   0 0.00  0.0    0 12.5 24 290   M    M   3        29 270
15  61  53  57  -5   8   0 0.00  0.0    0 14.2 24 270   M    M   9        31 260
16  66  53  60  -2   5   0 0.00  0.0    0 13.0 28 280   M    M   4        31 290
17  67  52  60  -2   5   0 0.00  0.0    0 11.9 29 290   M    M   3        33 290
18  67  52  60  -2   5   0 0.00  0.0    0 12.0 21 280   M    M   3        26 270
19  69  51  60  -2   5   0 0.00  0.0    0 14.0 26 280   M    M   3        32 280
20  69  53  61  -2   4   0 0.00  0.0    0 15.0 24 290   M    M   6        28 290
21  66  55  61  -2   4   0 0.00  0.0    0 14.0 24 280   M    M   4        30 280
22  64  54  59  -4   6   0 0.00  0.0    0 13.2 25 290   M    M   4        30 290
23  68  54  61  -2   4   0 0.00  0.0    0 14.7 29 280   M    M   2        36 270
24  71  54  63   0   2   0 0.00  0.0    0 12.5 25 290   M    M   3        31 290
25  76  56  66   3   0   1 0.00  0.0    0  9.3 22 290   M    M   1        24 300
26  73  56  65   2   0   0 0.00  0.0    0 11.4 22 310   M    M   3        26 310
27  75  58  67   4   0   2 0.00  0.0    0  7.6 20 190   M    M   7        23 190
28  72  59  66   3   0   1 0.00  0.0    0 11.8 24 280   M    M   7        30 290
29  68  56  62  -1   3   0 0.00  0.0    0 15.4 26 270   M    M   6        35 280
================================================================================
SM 2046 1588        75  15  0.26     0.0 341.2          M      136
================================================================================
AV 70.6 54.8                              11.8 FASTST   M    M   5    MAX(MPH)
                                 MISC ---->  # 29 270               # 36  270
================================================================================
NOTES:
# LAST OF SEVERAL OCCURRENCES

COLUMN 17 PEAK WIND IN M.P.H.

PRELIMINARY LOCAL CLIMATOLOGICAL DATA (WS FORM: F-6) , PAGE 2

                                          STATION:  SAN FRANCISCO AIRPORT
                                          MONTH:    JUNE
                                          YEAR:     2015
                                          LATITUDE:   37 37 N
                                          LONGITUDE: 122 23 W

[TEMPERATURE DATA]      [PRECIPITATION DATA]       SYMBOLS USED IN COLUMN 16

AVERAGE MONTHLY: 62.7   TOTAL FOR MONTH:   0.26    1 = FOG OR MIST
DPTR FM NORMAL:   0.5   DPTR FM NORMAL:    0.15    2 = FOG REDUCING VISIBILITY
HIGHEST:    84 ON  8    GRTST 24HR  0.26 ON 10-10      TO 1/4 MILE OR LESS
LOWEST:     51 ON 19                               3 = THUNDER
                        SNOW, ICE PELLETS, HAIL    4 = ICE PELLETS
                        TOTAL MONTH:   0.0 INCH    5 = HAIL
                        GRTST 24HR     0.0         6 = FREEZING RAIN OR DRIZZLE
                        GRTST DEPTH:   0           7 = DUSTSTORM OR SANDSTORM:
                                                       VSBY 1/2 MILE OR LESS
                                                   8 = SMOKE OR HAZE
[NO. OF DAYS WITH]      [WEATHER - DAYS WITH]      9 = BLOWING SNOW
                                                   X = TORNADO
MAX 32 OR BELOW:   0    0.01 INCH OR MORE:   1
MAX 90 OR ABOVE:   0    0.10 INCH OR MORE:   1
MIN 32 OR BELOW:   0    0.50 INCH OR MORE:   0
MIN  0 OR BELOW:   0    1.00 INCH OR MORE:   0

[HDD (BASE 65) ]
TOTAL THIS MO.    75    CLEAR  (SCALE 0-3)   9
DPTR FM NORMAL   -27    PTCLDY (SCALE 4-7)  18
TOTAL FM JUL 1  1546    CLOUDY (SCALE 8-10)  2
DPTR FM NORMAL -1104

[CDD (BASE 65) ]
TOTAL THIS MO.    15
DPTR FM NORMAL   -11    [PRESSURE DATA]
TOTAL FM JAN 1    28    HIGHEST SLP M ON M
DPTR FM NORMAL   -17    LOWEST  SLP 29.73 ON M

[REMARKS]
