626
CXUS56 KMTR 261000
CF6SFO
PRELIMINARY LOCAL CLIMATOLOGICAL DATA (WS FORM: F-6)

                                          STATION:   SAN FRANCISCO AIRPORT
                                          MONTH:     JUNE
                                          YEAR:      2017
                                          LATITUDE:   37 37 N
                                          LONGITUDE: 122 23 W

  TEMPERATURE IN F:       :PCPN:    SNOW:  WIND      :SUNSHINE: SKY     :PK WND
================================================================================
1   2   3   4   5  6A  6B    7    8   9   10  11  12  13   14  15   16   17  18
                                     12Z  AVG MX 2MIN
DY MAX MIN AVG DEP HDD CDD  WTR  SNW DPTH SPD SPD DIR MIN PSBL S-S WX    SPD DR
================================================================================

 1  69  55  62   1   3   0 0.00  0.0    0 15.1 29 260   M    M   5        35 260
 2  71  53  62   1   3   0 0.00  0.0    0 16.5 29 270   M    M   4        34 270
 3  67  54  61   0   4   0 0.00  0.0    0 14.8 28 270   M    M   5        33 270
 4  67  53  60  -1   5   0 0.00  0.0    0 15.6 30 260   M    M   2        36 250
 5  74  51  63   2   2   0 0.00  0.0    0 13.1 30 280   M    M   3 8      35 280
 6  65  52  59  -2   6   0 0.00  0.0    0 13.4 29 270   M    M   3        35 270
 7  68  54  61  -1   4   0 0.00  0.0    0  9.1 21 260   M    M   8        25 250
 8  66  59  63   1   2   0 0.05  0.0    0  7.1 17 190   M    M  10 18     21 190
 9  66  56  61  -1   4   0 0.00  0.0    0 14.8 30 260   M    M   6        36 270
10  68  54  61  -1   4   0 0.00  0.0    0 18.0 26 260   M    M   3        31 270
11  64  54  59  -3   6   0 0.00  0.0    0 24.1 37 270   M    M   3        48 260
12  65  53  59  -3   6   0 0.00  0.0    0 16.2 28 280   M    M   3        36 280
13  70  52  61  -1   4   0 0.00  0.0    0 12.2 30 260   M    M   1        34 260
14  73  53  63   1   2   0 0.00  0.0    0 16.7 33 280   M    M   1        39 280
15  72  55  64   2   1   0 0.00  0.0    0 21.9 38 270   M    M   2        44 270
16  75  57  66   4   0   1 0.00  0.0    0 18.0 31 280   M    M   1        37 280
17  77  55  66   4   0   1 0.00  0.0    0 16.3 29 290   M    M   2        32 290
18  97  62  80  18   0  15 0.00  0.0    0  8.0 21 300   M    M   1        23 290
19  77  58  68   6   0   3 0.00  0.0    0 13.8 26 290   M    M   1        31 290
20  72  56  64   1   1   0 0.00  0.0    0 15.3 30 280   M    M   1        36 280
21  76  54  65   2   0   0 0.00  0.0    0 10.8 22 300   M    M   2        25 310
22  80  59  70   7   0   5 0.00  0.0    0 11.0 23 300   M    M   1 8      27 290
23  73  58  66   3   0   1 0.00  0.0    0 11.8 25 290   M    M   3        30 290
24  69  57  63   0   2   0 0.00  0.0    0 16.4 30 290   M    M   7        34 290
25  68  57  63   0   2   0 0.00  0.0    0 14.6 26 270   M    M   7        31 270
================================================================================
SM 1789 1381        61  26  0.05     0.0 364.6          M       85
================================================================================
AV 71.6 55.2                              14.6 FASTST   M    M   3    MAX(MPH)
                                 MISC ---->  # 38 270               # 48  260
================================================================================
NOTES:
# LAST OF SEVERAL OCCURRENCES

COLUMN 17 PEAK WIND IN M.P.H.

PRELIMINARY LOCAL CLIMATOLOGICAL DATA (WS FORM: F-6) , PAGE 2

                                          STATION:  SAN FRANCISCO AIRPORT
                                          MONTH:    JUNE
                                          YEAR:     2017
                                          LATITUDE:   37 37 N
                                          LONGITUDE: 122 23 W

[TEMPERATURE DATA]      [PRECIPITATION DATA]       SYMBOLS USED IN COLUMN 16

AVERAGE MONTHLY: 63.4   TOTAL FOR MONTH:   0.05    1 = FOG OR MIST
DPTR FM NORMAL:   1.4   DPTR FM NORMAL:   -0.05    2 = FOG REDUCING VISIBILITY
HIGHEST:    97 ON 18    GRTST 24HR  0.05 ON  8- 8      TO 1/4 MILE OR LESS
LOWEST:     51 ON  5                               3 = THUNDER
                        SNOW, ICE PELLETS, HAIL    4 = ICE PELLETS
                        TOTAL MONTH:   0.0 INCH    5 = HAIL
                        GRTST 24HR     0.0         6 = FREEZING RAIN OR DRIZZLE
                        GRTST DEPTH:   0           7 = DUSTSTORM OR SANDSTORM:
                                                       VSBY 1/2 MILE OR LESS
                                                   8 = SMOKE OR HAZE
[NO. OF DAYS WITH]      [WEATHER - DAYS WITH]      9 = BLOWING SNOW
                                                   X = TORNADO
MAX 32 OR BELOW:   0    0.01 INCH OR MORE:   1
MAX 90 OR ABOVE:   1    0.10 INCH OR MORE:   0
MIN 32 OR BELOW:   0    0.50 INCH OR MORE:   0
MIN  0 OR BELOW:   0    1.00 INCH OR MORE:   0

[HDD (BASE 65) ]
TOTAL THIS MO.    61    CLEAR  (SCALE 0-3)  15
DPTR FM NORMAL   -29    PTCLDY (SCALE 4-7)   9
TOTAL FM JUL 1  2210    CLOUDY (SCALE 8-10)  1
DPTR FM NORMAL  -428

[CDD (BASE 65) ]
TOTAL THIS MO.    26
DPTR FM NORMAL     4    [PRESSURE DATA]
TOTAL FM JAN 1    49    HIGHEST SLP M ON M
DPTR FM NORMAL     8    LOWEST  SLP 29.66 ON 22

[REMARKS]
