000
CXUS53 KSGF 260800
CF6SGF
PRELIMINARY LOCAL CLIMATOLOGICAL DATA (WS FORM: F-6)

                                          STATION:   SPRINGFIELD MO
                                          MONTH:     MAY
                                          YEAR:      2015
                                          LATITUDE:   37 13 N
                                          LONGITUDE:  93 23 W

  TEMPERATURE IN F:       :PCPN:    SNOW:  WIND      :SUNSHINE: SKY     :PK WND
================================================================================
1   2   3   4   5  6A  6B    7    8   9   10  11  12  13   14  15   16   17  18
                                     12Z  AVG MX 2MIN
DY MAX MIN AVG DEP HDD CDD  WTR  SNW DPTH SPD SPD DIR MIN PSBL S-S WX    SPD DR
================================================================================

 1  73  44  59  -1   6   0 0.00  0.0    0  4.3 15 170   M    M   0        17 170
 2  77  48  63   2   2   0 0.00  0.0    0  8.9 15 230   M    M   0        22 200
 3  82  56  69   8   0   4    T  0.0    0 12.3 24 220   M    M   1        27 210
 4  83  61  72  11   0   7    T  0.0    0 10.4 18 220   M    M   2        23 210
 5  81  59  70   8   0   5    T  0.0    0 12.4 23 150   M    M   3        31 160
 6  79  60  70   8   0   5 0.12  0.0    0 14.7 28 150   M    M   4 1      36 190
 7  81  64  73  11   0   8 0.00  0.0    0 12.6 23 200   M    M   2        28 200
 8  77  64  71   8   0   6 0.59  0.0    0  7.2 18 200   M    M   8 13     25 200
 9  79  62  71   8   0   6 0.92  0.0    0  9.1 23 100   M    M   6 13     30 170
10  73  62  68   5   0   3 0.45  0.0    0 14.4 26 140   M    M   4 13     34 150
11  66  48  57  -6   8   0 0.13  0.0    0 10.6 21 280   M    M   3 1      27 260
12  69  44  57  -7   8   0 0.00  0.0    0  7.0 16  10   M    M   0        20  10
13  72  47  60  -4   5   0    T  0.0    0 12.7 25 130   M    M   4        32 160
14  79  57  68   4   0   3 0.07  0.0    0 16.1 25 150   M    M   6 1      33 140
15  81  66  74   9   0   9 0.21  0.0    0 10.5 20 160   M    M   2 13     24 150
16  82  69  76  11   0  11 0.11  0.0    0 15.7 25 150   M    M   5 8      32 150
17  77  62  70   5   0   5 0.54  0.0    0 14.2 38 210   M    M   3 138    48 220
18  82  58  70   5   0   5 0.00  0.0    0  9.4 18 360   M    M   1 1      23 350
19  72  51  62  -4   3   0 0.04  0.0    0 10.8 18  40   M    M   1        23  40
20  63  49  56 -10   9   0 0.51  0.0    0 13.4 23 140   M    M   9 1      27 140
21  65  46  56 -10   9   0    T  0.0    0  6.3 16  20   M    M   6 1      20  20
22  68  42  55 -11  10   0 0.00  0.0    0  8.0 20 150   M    M   4        25 150
23  74  59  67   0   0   2 0.01  0.0    0 15.3 24 150   M    M   7        31 140
24  76  62  69   2   0   4 0.57  0.0    0 12.0 28 190   M    M   9 1      35 240
25  82  61  72   5   0   7 0.07  0.0    0 12.7 28 130   M    M   5 1      35 140
================================================================================
SM 1893 1401        60  90  4.34     0.0 281.0          M       95
================================================================================
AV 75.7 56.0                              11.2 FASTST   M    M   4    MAX(MPH)
                                 MISC ---->  # 38 210               # 48  220
================================================================================
NOTES:
# LAST OF SEVERAL OCCURRENCES

COLUMN 17 PEAK WIND IN M.P.H.

PRELIMINARY LOCAL CLIMATOLOGICAL DATA (WS FORM: F-6) , PAGE 2

                                          STATION:  SPRINGFIELD MO
                                          MONTH:    MAY
                                          YEAR:     2015
                                          LATITUDE:   37 13 N
                                          LONGITUDE:  93 23 W

[TEMPERATURE DATA]      [PRECIPITATION DATA]       SYMBOLS USED IN COLUMN 16

AVERAGE MONTHLY: 65.9   TOTAL FOR MONTH:   4.34    1 = FOG OR MIST
DPTR FM NORMAL:   2.0   DPTR FM NORMAL:    0.14    2 = FOG REDUCING VISIBILITY
HIGHEST:    83 ON  4    GRTST 24HR  1.43 ON  8- 9      TO 1/4 MILE OR LESS
LOWEST:     42 ON 22                               3 = THUNDER
                        SNOW, ICE PELLETS, HAIL    4 = ICE PELLETS
                        TOTAL MONTH:   0.0 INCH    5 = HAIL
                        GRTST 24HR     0.0         6 = FREEZING RAIN OR DRIZZLE
                        GRTST DEPTH:   0           7 = DUSTSTORM OR SANDSTORM:
                                                       VSBY 1/2 MILE OR LESS
                                                   8 = SMOKE OR HAZE
[NO. OF DAYS WITH]      [WEATHER - DAYS WITH]      9 = BLOWING SNOW
                                                   X = TORNADO
MAX 32 OR BELOW:   0    0.01 INCH OR MORE:  14
MAX 90 OR ABOVE:   0    0.10 INCH OR MORE:  10
MIN 32 OR BELOW:   0    0.50 INCH OR MORE:   5
MIN  0 OR BELOW:   0    1.00 INCH OR MORE:   0

[HDD (BASE 65) ]
TOTAL THIS MO.    60    CLEAR  (SCALE 0-3)  12
DPTR FM NORMAL   -27    PTCLDY (SCALE 4-7)  11
TOTAL FM JUL 1  4532    CLOUDY (SCALE 8-10)  2
DPTR FM NORMAL   -29

[CDD (BASE 65) ]
TOTAL THIS MO.    90
DPTR FM NORMAL    29    [PRESSURE DATA]
TOTAL FM JAN 1   112    HIGHEST SLP M ON M
DPTR FM NORMAL    26    LOWEST  SLP 29.76 ON 25

[REMARKS]
