000
CXUS53 KSGF 290800
CF6SGF
PRELIMINARY LOCAL CLIMATOLOGICAL DATA (WS FORM: F-6)

                                          STATION:   SPRINGFIELD MO
                                          MONTH:     MARCH
                                          YEAR:      2017
                                          LATITUDE:   37 13 N
                                          LONGITUDE:  93 23 W

  TEMPERATURE IN F:       :PCPN:    SNOW:  WIND      :SUNSHINE: SKY     :PK WND
================================================================================
1   2   3   4   5  6A  6B    7    8   9   10  11  12  13   14  15   16   17  18
                                     12Z  AVG MX 2MIN
DY MAX MIN AVG DEP HDD CDD  WTR  SNW DPTH SPD SPD DIR MIN PSBL S-S WX    SPD DR
================================================================================

 1  71  35  53  11  12   0 0.19  0.0    0 13.3 31 320   M    M   1 1358   37 320
 2  58  24  41  -1  24   0 0.00  0.0    0  9.1 25 290   M    M   0        33 290
 3  58  25  42   0  23   0 0.00  0.0    0 11.1 21 160   M    M   0        26 170
 4  69  42  56  13   9   0 0.00  0.0    0 15.1 26 200   M    M   1        34 220
 5  59  52  56  13   9   0 0.00  0.0    0 18.6 26 160   M    M   8        33 180
 6  74  44  59  16   6   0 0.52  0.0    0 22.1 47 290   M    M   7 13     65 310
 7  58  39  49   5  16   0 0.06  0.0    0 11.0 28 280   M    M   1 13     39 280
 8  68  32  50   6  15   0 0.00  0.0    0 10.8 23 190   M    M   0        28 200
 9  80  44  62  18   3   0 0.19  0.0    0 10.7 26 220   M    M   3 135    32 200
10  50  34  42  -2  23   0 0.00  0.0    0 12.5 20  20   M    M   2        26  40
11  41  32  37  -8  28   0 0.16    T    0 10.5 17  90   M    M   9 14     22 100
12  48  27  38  -7  27   0 0.11    T    0 10.0 25 150   M    M   4 1      31 150
13  41  29  35 -11  30   0    T    T    0 12.8 24 310   M    M  10 16     31 310
14  32  25  29 -17  36   0 0.06  0.1    0  8.7 15 340   M    M   9 1      19 330
15  39  19  29 -17  36   0 0.00  0.0    0  5.4 16 150   M    M   5        20 140
16  59  38  49   3  16   0 0.00  0.0    0 15.6 24 150   M    M   5        31 160
17  74  47  61  14   4   0 0.00  0.0    0 10.7 20 270   M    M   6        25 230
18  68  40  54   7  11   0 0.00  0.0    0  6.0 14 330   M    M   0 8      17 320
19  76  46  61  14   4   0    T  0.0    0 15.3 25 150   M    M   3        31 150
20  85  56  71  23   0   6 0.00  0.0    0 10.3 23 230   M    M   0        27 230
21  66  52  59  11   6   0 0.57  0.0    0 12.9 25  60   M    M   5 13     32  50
22  61  46  54   6  11   0 0.00  0.0    0 14.2 26 140   M    M   9        33 140
23  78  47  63  15   2   0 0.00  0.0    0 20.7 29 140   M    M   3        37 140
24  71  54  63  14   2   0 1.60  0.0    0 14.4 32 200   M    M   5 13     40 190
25  61  46  54   5  11   0 0.14  0.0    0 10.8 18 260   M    M   8 13     25 250
26  67  46  57   8   8   0 0.67  0.0    0  7.8 23 140   M    M   6 13     28 130
27  61  51  56   6   9   0 0.41  0.0    0  9.0 28 280   M    M   9 13     34 280
28  68  50  59   9   6   0 0.00  0.0    0  8.9 24 110   M    M   6 1      31 110
================================================================================
SM 1741 1122       387   6  4.68     0.1 338.3          M      125
================================================================================
AV 62.2 40.1                              12.1 FASTST   M    M   4    MAX(MPH)
                                 MISC ---->  # 47 290               # 65  310
================================================================================
NOTES:
# LAST OF SEVERAL OCCURRENCES

COLUMN 17 PEAK WIND IN M.P.H.

PRELIMINARY LOCAL CLIMATOLOGICAL DATA (WS FORM: F-6) , PAGE 2

                                          STATION:  SPRINGFIELD MO
                                          MONTH:    MARCH
                                          YEAR:     2017
                                          LATITUDE:   37 13 N
                                          LONGITUDE:  93 23 W

[TEMPERATURE DATA]      [PRECIPITATION DATA]       SYMBOLS USED IN COLUMN 16

AVERAGE MONTHLY: 51.1   TOTAL FOR MONTH:   4.68    1 = FOG OR MIST
DPTR FM NORMAL:   5.2   DPTR FM NORMAL:    1.46    2 = FOG REDUCING VISIBILITY
HIGHEST:    85 ON 20    GRTST 24HR  1.60 ON 24-24      TO 1/4 MILE OR LESS
LOWEST:     19 ON 15                               3 = THUNDER
                        SNOW, ICE PELLETS, HAIL    4 = ICE PELLETS
                        TOTAL MONTH:   0.1 INCH    5 = HAIL
                        GRTST 24HR   0.1 ON   M    6 = FREEZING RAIN OR DRIZZLE
                        GRTST DEPTH:   0           7 = DUSTSTORM OR SANDSTORM:
                                                       VSBY 1/2 MILE OR LESS
                                                   8 = SMOKE OR HAZE
[NO. OF DAYS WITH]      [WEATHER - DAYS WITH]      9 = BLOWING SNOW
                                                   X = TORNADO
MAX 32 OR BELOW:   1    0.01 INCH OR MORE:  12
MAX 90 OR ABOVE:   0    0.10 INCH OR MORE:  10
MIN 32 OR BELOW:   8    0.50 INCH OR MORE:   4
MIN  0 OR BELOW:   0    1.00 INCH OR MORE:   1

[HDD (BASE 65) ]
TOTAL THIS MO.   387    CLEAR  (SCALE 0-3)  12
DPTR FM NORMAL  -149    PTCLDY (SCALE 4-7)   9
TOTAL FM JUL 1  3076    CLOUDY (SCALE 8-10)  7
DPTR FM NORMAL -1053

[CDD (BASE 65) ]
TOTAL THIS MO.     6
DPTR FM NORMAL     6    [PRESSURE DATA]
TOTAL FM JAN 1    15    HIGHEST SLP M ON M
DPTR FM NORMAL    15    LOWEST  SLP 29.50 ON  1

[REMARKS]
