000
CXUS54 KHGX 241415
CF6SGR
PRELIMINARY LOCAL CLIMATOLOGICAL DATA (WS FORM: F-6)

                                          STATION:   SUGAR LAND/HULL FLD
                                          MONTH:     FEBRUARY
                                          YEAR:      2018
                                          LATITUDE:   29 37 N
                                          LONGITUDE:  95 39 W

  TEMPERATURE IN F:       :PCPN:    SNOW:  WIND      :SUNSHINE: SKY     :PK WND
================================================================================
1   2   3   4   5  6A  6B    7    8   9   10  11  12  13   14  15   16   17  18
                                     12Z  AVG MX 2MIN
DY MAX MIN AVG DEP HDD CDD  WTR  SNW DPTH SPD SPD DIR MIN PSBL S-S WX    SPD DR
================================================================================

 1  83  51  67  13   0   2 0.00  0.0    0  8.8 23 220   M    M   4 12     32 210
 2  63  56  60   6   5   0 0.00  0.0    0 12.6 24  30   M    M   9        30  40
 3  61  50  56   2   9   0 0.07  0.0    0  6.1 12  90   M    M  10 128    15 120
 4  75  59  67  13   0   2 0.00  0.0    0  6.3 17  40   M    M  10 128    21  40
 5  64  54  59   5   6   0    T  0.0    0  6.9 12  40   M    M   9 128    14 110
 6  80  55  68  14   0   3 0.03  0.0    0  8.9 18 170   M    M   9 128    24 170
 7  55  44  50  -4  15   0 0.24    M    0 14.0 21  10   M    M   9 13     27  10
 8  59  42  51  -4  14   0 0.00  0.0    0  6.5 18  20   M    M   8        21  30
 9  76  54  65  10   0   0 0.06  0.0    0  5.2 15 150   M    M   9 18     18 160
10  72  49  61   6   4   0 2.53    M    0  5.4 16 310   M    M  10 13     20 310
11  49  40  45 -10  20   0 0.01  0.0    0 14.4 23 360   M    M  10 1      28 350
12  50  38  44 -11  21   0 0.00  0.0    0 11.1 17  10   M    M  10 18     21  20
13  56  47  52  -4  13   0 0.56    M    0  6.1 13  70   M    M  10 1238   15  60
14  83  55  69  13   0   4    T  0.0    0  7.2 17 190   M    M   8 12     21 180
15  83  69  76  20   0  11 0.00  0.0    0 11.4 22 200   M    M   8        29 180
16  83  69  76  20   0  11    T  0.0    0  5.4 16 230   M    M   9 1      19 230
17  80  63  72  16   0   7 0.04  0.0    0  7.1 17 360   M    M   9 1      20 360
18  83  63  73  16   0   8 0.00  0.0    0 10.7 22 150   M    M   8 18     27 170
19  83  71  77  20   0  12 0.00  0.0    0 17.6 28 160   M    M  10        33 160
20  82  72  77  20   0  12    T  0.0    0 16.5 25 180   M    M  10        35 180
21  76  51  64   7   1   0 1.96  0.0    0  8.6 17 190   M    M  10 13     24 200
22  67  51  59   2   6   0 0.05  0.0    0  6.2 13 360   M    M   8 1      16 360
23  82  55  69  11   0   4 0.00  0.0    0  9.3 21 150   M    M   8 12     25 140
================================================================================
SM 1645 1258       114  76  5.55     0.0 212.3          M      205
================================================================================
AV 71.5 54.7                               9.2 FASTST   M    M   9    MAX(MPH)
                                 MISC ---->  # 28 160               # 35  180
================================================================================
NOTES:
# LAST OF SEVERAL OCCURRENCES

COLUMN 17 PEAK WIND IN M.P.H.

PRELIMINARY LOCAL CLIMATOLOGICAL DATA (WS FORM: F-6) , PAGE 2

                                          STATION:  SUGAR LAND/HULL FLD
                                          MONTH:    FEBRUARY
                                          YEAR:     2018
                                          LATITUDE:   29 37 N
                                          LONGITUDE:  95 39 W

[TEMPERATURE DATA]      [PRECIPITATION DATA]       SYMBOLS USED IN COLUMN 16

AVERAGE MONTHLY: 63.1   TOTAL FOR MONTH:   5.55    1 = FOG OR MIST
DPTR FM NORMAL:   7.6   DPTR FM NORMAL:    2.88    2 = FOG REDUCING VISIBILITY
HIGHEST:    83 ON 19,18 GRTST 24HR  2.53 ON 10-10      TO 1/4 MILE OR LESS
LOWEST:     38 ON 12                               3 = THUNDER
                        SNOW, ICE PELLETS, HAIL    4 = ICE PELLETS
                        TOTAL MONTH:   0.0 INCH    5 = HAIL
                        GRTST 24HR     0.0         6 = FREEZING RAIN OR DRIZZLE
                        GRTST DEPTH:   0           7 = DUSTSTORM OR SANDSTORM:
                                                       VSBY 1/2 MILE OR LESS
                                                   8 = SMOKE OR HAZE
[NO. OF DAYS WITH]      [WEATHER - DAYS WITH]      9 = BLOWING SNOW
                                                   X = TORNADO
MAX 32 OR BELOW:   0    0.01 INCH OR MORE:  10
MAX 90 OR ABOVE:   0    0.10 INCH OR MORE:   4
MIN 32 OR BELOW:   0    0.50 INCH OR MORE:   3
MIN  0 OR BELOW:   0    1.00 INCH OR MORE:   2

[HDD (BASE 65) ]
TOTAL THIS MO.   114    CLEAR  (SCALE 0-3)   0
DPTR FM NORMAL  -119    PTCLDY (SCALE 4-7)   5
TOTAL FM JUL 1  1009    CLOUDY (SCALE 8-10) 18
DPTR FM NORMAL  -174

[CDD (BASE 65) ]
TOTAL THIS MO.    76
DPTR FM NORMAL    60    [PRESSURE DATA]
TOTAL FM JAN 1    83    HIGHEST SLP M ON M
DPTR FM NORMAL    55    LOWEST  SLP 29.79 ON 10

[REMARKS]
