000
CXUS55 KBYZ 301055
CF6SHR
PRELIMINARY LOCAL CLIMATOLOGICAL DATA (WS FORM: F-6)

                                          STATION:   SHERIDAN WY
                                          MONTH:     OCTOBER
                                          YEAR:      2014
                                          LATITUDE:   44 46 N
                                          LONGITUDE: 106 58 W

  TEMPERATURE IN F:       :PCPN:    SNOW:  WIND      :SUNSHINE: SKY     :PK WND
================================================================================
1   2   3   4   5  6A  6B    7    8   9   10  11  12  13   14  15   16   17  18
                                     12Z  AVG MX 2MIN
DY MAX MIN AVG DEP HDD CDD  WTR  SNW DPTH SPD SPD DIR MIN PSBL S-S WX    SPD DR
================================================================================

 1  58  34  46  -5  19   0 0.02    M    M 10.9 22 320   M    M   8        29 330
 2  59  29  44  -7  21   0 0.02    M    M  9.5 33 320   M    M   5        43 320
 3  58  20  39 -11  26   0 0.00    M    M  6.1 21 310   M    M   0        25 330
 4  73  29  51   1  14   0    T    M    M 10.7 37 320   M    M   5        46 320
 5  70  41  56   7   9   0    T    M    M 12.9 31 310   M    M   6        39 320
 6  75  37  56   7   9   0 0.00    M    M 15.4 36 310   M    M   2        44 320
 7  68  42  55   6  10   0    T    M    M  2.3  8 350   M    M   6 8      11 360
 8  79  37  58  10   7   0 0.00    M    M  4.6 20 330   M    M   2        26 340
 9  68  36  52   4  13   0 0.00    M    M  4.0 12  40   M    M   2        14  50
10  65  32  49   1  16   0 0.00    M    M  2.8 12 260   M    M   1 8      13 270
11  76  37  57  10   8   0    T    M    M  4.9 48 310   M    M   2 8      60 310
12  54  38  46  -1  19   0 0.12    M    M 15.0 35 330   M    M   9 1      43 320
13  63  30  47   1  18   0 0.00    M    M  4.7 15 200   M    M   0        20 150
14  83  32  58  12   7   0 0.00    M    M  2.6 14 150   M    M   0        17 140
15  82  41  62  16   3   0 0.00    M    M  7.7 30 320   M    M   0        43 260
16  63  34  49   3  16   0 0.00    M    M 10.2 29 320   M    M   0        35 310
17  65  29  47   2  18   0 0.00    M    M  3.8 16 130   M    M   0        21 120
18  77  30  54   9  11   0 0.00    M    M  2.1 10 360   M    M   0        11 360
19  76  36  56  12   9   0 0.00    M    M  2.8 12 150   M    M   0        14 140
20  79  30  55  11  10   0 0.00    M    M  2.7  9 260   M    M   0        10 330
21  82  37  60  16   5   0 0.00    M    M 10.3 30 320   M    M   0        36 340
22  64  31  48   5  17   0 0.00    M    M  5.5 25 310   M    M   0        30 300
23  75  30  53  10  12   0 0.00    M    M  3.4 12 220   M    M   0        13  20
24  69  33  51   8  14   0 0.00    M    M  4.3 18 360   M    M   1        21 350
25  74  26  50   8  15   0 0.00    M    M  5.1 13 220   M    M   0        15 210
26  70  33  52  10  13   0 0.00    M    M 10.6 36 260   M    M   1        50 250
27  54  31  43   1  22   0 0.00    M    M 14.1 35 320   M    M   7        43 310
28  54  21  38  -3  27   0 0.00    M    M  4.5 12 300   M    M   1        13 300
29  67  25  46   5  19   0    T    M    M  8.3 32 320   M    M   4        42 330
================================================================================
SM 2000  941       407   0  0.16    M    201.8          M       62
================================================================================
AV 69.0 32.4                               7.0 FASTST   M    M   2    MAX(MPH)
                                 MISC ---->  # 48 310               # 60  310
================================================================================
NOTES:
# LAST OF SEVERAL OCCURRENCES

COLUMN 17 PEAK WIND IN M.P.H.

PRELIMINARY LOCAL CLIMATOLOGICAL DATA (WS FORM: F-6) , PAGE 2

                                          STATION:  SHERIDAN WY
                                          MONTH:    OCTOBER
                                          YEAR:     2014
                                          LATITUDE:   44 46 N
                                          LONGITUDE: 106 58 W

[TEMPERATURE DATA]      [PRECIPITATION DATA]       SYMBOLS USED IN COLUMN 16

AVERAGE MONTHLY: 50.7   TOTAL FOR MONTH:   0.16    1 = FOG OR MIST
DPTR FM NORMAL:   4.8   DPTR FM NORMAL:   -1.19    2 = FOG REDUCING VISIBILITY
HIGHEST:    83 ON 14    GRTST 24HR  0.12 ON 12-12      TO 1/4 MILE OR LESS
LOWEST:     20 ON  3                               3 = THUNDER
                        SNOW, ICE PELLETS, HAIL    4 = ICE PELLETS
                        TOTAL MONTH:    M          5 = HAIL
                        GRTST 24HR    M  ON   M    6 = FREEZING RAIN OR DRIZZLE
                        GRTST DEPTH:  M  ON   M    7 = DUSTSTORM OR SANDSTORM:
                                                       VSBY 1/2 MILE OR LESS
                                                   8 = SMOKE OR HAZE
[NO. OF DAYS WITH]      [WEATHER - DAYS WITH]      9 = BLOWING SNOW
                                                   X = TORNADO
MAX 32 OR BELOW:   0    0.01 INCH OR MORE:   3
MAX 90 OR ABOVE:   0    0.10 INCH OR MORE:   1
MIN 32 OR BELOW:  15    0.50 INCH OR MORE:   0
MIN  0 OR BELOW:   0    1.00 INCH OR MORE:   0

[HDD (BASE 65) ]
TOTAL THIS MO.   407    CLEAR  (SCALE 0-3)  21
DPTR FM NORMAL  -148    PTCLDY (SCALE 4-7)   7
TOTAL FM JUL 1   687    CLOUDY (SCALE 8-10)  1
DPTR FM NORMAL  -171

[CDD (BASE 65) ]
TOTAL THIS MO.     0
DPTR FM NORMAL     0    [PRESSURE DATA]
TOTAL FM JAN 1   346    HIGHEST SLP M ON M
DPTR FM NORMAL   -72    LOWEST  SLP 29.53 ON 26

[REMARKS]
