000
CXUS54 KSHV 291300
CF6SHV
PRELIMINARY LOCAL CLIMATOLOGICAL DATA (WS FORM: F-6)

                                          STATION:   SHREVEPORT
                                          MONTH:     JULY
                                          YEAR:      2015
                                          LATITUDE:   32 28 N
                                          LONGITUDE:  93 49 W

  TEMPERATURE IN F:       :PCPN:    SNOW:  WIND      :SUNSHINE: SKY     :PK WND
================================================================================
1   2   3   4   5  6A  6B    7    8   9   10  11  12  13   14  15   16   17  18
                                     12Z  AVG MX 2MIN
DY MAX MIN AVG DEP HDD CDD  WTR  SNW DPTH SPD SPD DIR MIN PSBL S-S WX    SPD DR
================================================================================

 1  92  72  82   0   0  17 0.00  0.0    0  8.9 20 200   M    M   4        25 190
 2  91  74  83   1   0  18 0.00  0.0    0  9.4 21 240   M    M   8 8      26 220
 3  90  77  84   2   0  19    T  0.0    0  9.2 16 240   M    M   9 3      24 220
 4  90  70  80  -2   0  15 0.46  0.0    0  9.2 18  40   M    M   9 13     25  50
 5  92  72  82   0   0  17 0.13  0.0    0  8.8 23 110   M    M   8 13     30 110
 6  93  74  84   1   0  19 0.00  0.0    0  9.1 18 200   M    M   5 18     24 190
 7  94  76  85   2   0  20 0.00  0.0    0  9.5 20 180   M    M   7        26 180
 8  93  77  85   2   0  20 0.00  0.0    0 10.7 18 190   M    M   9 8      24 220
 9  93  75  84   1   0  19 0.00  0.0    0  7.2 15 240   M    M   3 1      19 210
10  94  74  84   1   0  19 0.00  0.0    0  5.2 14 180   M    M   2        17 160
11  94  76  85   2   0  20 0.00  0.0    0  5.9 13 180   M    M   2        17 170
12  96  77  87   4   0  22    T  0.0    0  5.9 10 190   M    M   2        15 240
13  96  76  86   3   0  21 0.00  0.0    0  6.4 14 260   M    M   1        20 240
14  96  76  86   3   0  21 0.00  0.0    0  6.5 13 240   M    M   1        17 240
15  95  76  86   3   0  21 0.00  0.0    0  5.8 14 260   M    M   3        16 200
16  95  76  86   3   0  21 0.00  0.0    0  6.9 14 240   M    M   2        17 250
17  96  77  87   4   0  22 0.00  0.0    0  7.3 14 230   M    M   2        18 250
18  96  78  87   4   0  22 0.00  0.0    0  6.6 16 240   M    M   2        21 240
19  97  78  88   5   0  23 0.00  0.0    0  4.7 12 270   M    M   1        14 170
20  98  78  88   5   0  23 0.00  0.0    0  6.5 12 210   M    M   2        24 210
21  99  77  88   5   0  23 0.00  0.0    0  5.5 12 240   M    M   4        18 190
22  97  79  88   5   0  23 0.00  0.0    0  7.6 15 250   M    M   5        23 230
23  99  78  89   6   0  24 0.00  0.0    0  8.5 16 210   M    M   2 8      23 270
24 100  78  89   6   0  24 0.00  0.0    0  7.1 15 270   M    M   1        18 210
25 101  78  90   6   0  25 0.00  0.0    0  5.0 16 260   M    M   4        19 250
26 102  78  90   6   0  25    T  0.0    0  5.2 18 180   M    M   5        22 190
27 100  74  87   3   0  22 0.00  0.0    0  4.6 13 140   M    M   2        15 140
28 100  77  89   5   0  24 0.00  0.0    0  5.6 13 190   M    M   1        17 170
================================================================================
SM 2679 2128         0 589  0.59     0.0 198.8          M      106
================================================================================
AV 95.7 76.0                               7.1 FASTST   M    M   4    MAX(MPH)
                                 MISC ---->  # 23 110               # 30  110
================================================================================
NOTES:
# LAST OF SEVERAL OCCURRENCES

COLUMN 17 PEAK WIND IN M.P.H.

PRELIMINARY LOCAL CLIMATOLOGICAL DATA (WS FORM: F-6) , PAGE 2

                                          STATION:  SHREVEPORT
                                          MONTH:    JULY
                                          YEAR:     2015
                                          LATITUDE:   32 28 N
                                          LONGITUDE:  93 49 W

[TEMPERATURE DATA]      [PRECIPITATION DATA]       SYMBOLS USED IN COLUMN 16

AVERAGE MONTHLY: 85.8   TOTAL FOR MONTH:   0.59    1 = FOG OR MIST
DPTR FM NORMAL:   2.9   DPTR FM NORMAL:   -2.74    2 = FOG REDUCING VISIBILITY
HIGHEST:   102 ON 26    GRTST 24HR  0.47 ON  4- 5      TO 1/4 MILE OR LESS
LOWEST:     70 ON  4                               3 = THUNDER
                        SNOW, ICE PELLETS, HAIL    4 = ICE PELLETS
                        TOTAL MONTH:   0.0 INCH    5 = HAIL
                        GRTST 24HR     0.0         6 = FREEZING RAIN OR DRIZZLE
                        GRTST DEPTH:   0           7 = DUSTSTORM OR SANDSTORM:
                                                       VSBY 1/2 MILE OR LESS
                                                   8 = SMOKE OR HAZE
[NO. OF DAYS WITH]      [WEATHER - DAYS WITH]      9 = BLOWING SNOW
                                                   X = TORNADO
MAX 32 OR BELOW:   0    0.01 INCH OR MORE:   2
MAX 90 OR ABOVE:  28    0.10 INCH OR MORE:   2
MIN 32 OR BELOW:   0    0.50 INCH OR MORE:   0
MIN  0 OR BELOW:   0    1.00 INCH OR MORE:   0

[HDD (BASE 65) ]
TOTAL THIS MO.     0    CLEAR  (SCALE 0-3)  16
DPTR FM NORMAL     0    PTCLDY (SCALE 4-7)   7
TOTAL FM JUL 1     0    CLOUDY (SCALE 8-10)  5
DPTR FM NORMAL     0

[CDD (BASE 65) ]
TOTAL THIS MO.   589
DPTR FM NORMAL    88    [PRESSURE DATA]
TOTAL FM JAN 1  1578    HIGHEST SLP M ON M
DPTR FM NORMAL   235    LOWEST  SLP 29.79 ON 14

[REMARKS]
