000
CXUS54 KSHV 011300
CF6SHV
PRELIMINARY LOCAL CLIMATOLOGICAL DATA (WS FORM: F-6)

                                          STATION:   SHREVEPORT
                                          MONTH:     APRIL
                                          YEAR:      2016
                                          LATITUDE:   32 28 N
                                          LONGITUDE:  93 49 W

  TEMPERATURE IN F:       :PCPN:    SNOW:  WIND      :SUNSHINE: SKY     :PK WND
================================================================================
1   2   3   4   5  6A  6B    7    8   9   10  11  12  13   14  15   16   17  18
                                     12Z  AVG MX 2MIN
DY MAX MIN AVG DEP HDD CDD  WTR  SNW DPTH SPD SPD DIR MIN PSBL S-S WX    SPD DR
================================================================================

 1  66  45  56  -6   9   0 0.09  0.0    0  9.4 24  30   M    M   7        33  10
 2  69  42  56  -6   9   0 0.00  0.0    0  6.6 17 320   M    M   0        25 350
 3  76  40  58  -4   7   0 0.00  0.0    0  3.5 17 240   M    M   0        20 240
 4  83  49  66   4   0   1 0.00  0.0    0  7.5 16 250   M    M   0        21 240
 5  84  52  68   5   0   3 0.00  0.0    0  4.7 16 160   M    M   1        21 150
 6  79  55  67   4   0   2 0.00  0.0    0 11.3 24 290   M    M   5        31 190
 7  85  46  66   3   0   1 0.00  0.0    0  7.7 20 240   M    M   4        25 250
 8  75  52  64   1   1   0 0.00  0.0    0  7.2 18  40   M    M   6        23  30
 9  76  45  61  -3   4   0    T  0.0    0  6.3 14 180   M    M   7        20 180
10  81  56  69   5   0   4 0.00  0.0    0 13.8 24 160   M    M   6        32 180
11  78  62  70   6   0   5 1.82  0.0    0 10.4 22  20   M    M  10 13     29  20
12  71  57  64   0   1   0 0.01  0.0    0 10.5 21  50   M    M   8 1      27  60
13  77  56  67   3   0   2    T  0.0    0  9.2 17  60   M    M   7        23  60
14  69  56  63  -2   2   0    T  0.0    0  8.0 14  70   M    M  10 1      18  30
15  80  58  69   4   0   4 0.00  0.0    0  7.5 20  90   M    M   7        25 100
16  74  65  70   5   0   5    T  0.0    0 11.4 20 100   M    M   9 1      26 100
17  75  65  70   4   0   5    T  0.0    0 12.3 22 140   M    M  10        27 150
18  70  64  67   1   0   2 6.03  0.0    0  6.7 17 150   M    M  10 13     23 150
19  81  66  74   8   0   9 0.67  0.0    0  6.0 17 160   M    M   7 13     20 160
20  78  62  70   4   0   5 0.40  0.0    0  4.6 21 310   M    M   8 13     27 300
21  76  62  69   2   0   4 0.18  0.0    0  2.6 14 320   M    M   8 123    19 310
22  81  59  70   3   0   5 0.00  0.0    0  5.8 15 310   M    M   2        19 310
23  84  54  69   2   0   4 0.00  0.0    0  2.2  9 170   M    M   3        11 190
24  81  59  70   3   0   5 0.00  0.0    0  7.3 20 180   M    M   7        26 180
25  85  62  74   6   0   9 0.00  0.0    0  9.0 16 170   M    M   4        21 200
26  87  72  80  12   0  15 0.00  0.0    0 11.6 21 170   M    M   8        26 180
27  85  63  74   6   0   9 0.49  0.0    0  8.5 28 310   M    M   5 13     31 310
28  87  57  72   4   0   7 0.00  0.0    0  5.5 14 100   M    M   1        17 110
29  80  72  76   7   0  11 1.41    T    0 11.8 24 150   M    M   9 1358   31 160
30  85  65  75   6   0  10 2.20  0.0    0  8.2 28 140   M    M   7 13     33 140
================================================================================
SM 2358 1718        33 127 13.30    T    237.1          M      176
================================================================================
AV 78.6 57.3                               7.9 FASTST   M    M   6    MAX(MPH)
                                 MISC ---->  # 28 310               # 33   10
================================================================================
NOTES:
# LAST OF SEVERAL OCCURRENCES

COLUMN 17 PEAK WIND IN M.P.H.

PRELIMINARY LOCAL CLIMATOLOGICAL DATA (WS FORM: F-6) , PAGE 2

                                          STATION:  SHREVEPORT
                                          MONTH:    APRIL
                                          YEAR:     2016
                                          LATITUDE:   32 28 N
                                          LONGITUDE:  93 49 W

[TEMPERATURE DATA]      [PRECIPITATION DATA]       SYMBOLS USED IN COLUMN 16

AVERAGE MONTHLY: 67.9   TOTAL FOR MONTH:  13.30    1 = FOG OR MIST
DPTR FM NORMAL:   2.7   DPTR FM NORMAL:    9.11    2 = FOG REDUCING VISIBILITY
HIGHEST:    87 ON 28,26 GRTST 24HR  6.12 ON 18-19      TO 1/4 MILE OR LESS
LOWEST:     40 ON  3                               3 = THUNDER
                        SNOW, ICE PELLETS, HAIL    4 = ICE PELLETS
                        TOTAL MONTH:    T          5 = HAIL
                        GRTST 24HR    T  ON 29-29  6 = FREEZING RAIN OR DRIZZLE
                        GRTST DEPTH:   0           7 = DUSTSTORM OR SANDSTORM:
                                                       VSBY 1/2 MILE OR LESS
                                                   8 = SMOKE OR HAZE
[NO. OF DAYS WITH]      [WEATHER - DAYS WITH]      9 = BLOWING SNOW
                                                   X = TORNADO
MAX 32 OR BELOW:   0    0.01 INCH OR MORE:  10
MAX 90 OR ABOVE:   0    0.10 INCH OR MORE:   8
MIN 32 OR BELOW:   0    0.50 INCH OR MORE:   5
MIN  0 OR BELOW:   0    1.00 INCH OR MORE:   4

[HDD (BASE 65) ]
TOTAL THIS MO.    33    CLEAR  (SCALE 0-3)   6
DPTR FM NORMAL   -53    PTCLDY (SCALE 4-7)  15
TOTAL FM JUL 1  1449    CLOUDY (SCALE 8-10)  9
DPTR FM NORMAL  -770

[CDD (BASE 65) ]
TOTAL THIS MO.   127
DPTR FM NORMAL    33    [PRESSURE DATA]
TOTAL FM JAN 1   199    HIGHEST SLP 30.24 ON  3
DPTR FM NORMAL    64    LOWEST  SLP 29.63 ON 29

[REMARKS]
#FINAL-04-16#
