000
CXUS56 KFGZ 250900
CF6SJN
PRELIMINARY LOCAL CLIMATOLOGICAL DATA (WS FORM: F-6)

                                          STATION:   SAINT JOHNS AZ AIRPORT
                                          MONTH:     SEPTEMBER
                                          YEAR:      2016
                                          LATITUDE:   34 31 N
                                          LONGITUDE: 109 23 W

  TEMPERATURE IN F:       :PCPN:    SNOW:  WIND      :SUNSHINE: SKY     :PK WND
================================================================================
1   2   3   4   5  6A  6B    7    8   9   10  11  12  13   14  15   16   17  18
                                     12Z  AVG MX 2MIN
DY MAX MIN AVG DEP HDD CDD  WTR  SNW DPTH SPD SPD DIR MIN PSBL S-S WX    SPD DR
================================================================================

 1  87  54  71   0   0   6 0.00    M    M  4.9 22 190   M    M   2        26 190
 2  83  56  70  -1   0   5    T    M    M  6.2 22 190   M    M   4        26 200
 3  89  61  75   4   0  10 0.00    M    M  7.6 22 210   M    M   6        30 240
 4  89  55  72   1   0   7 0.00    M    M 11.6 25 250   M    M   0        32 240
 5  92  45  69  -1   0   4 0.00    M    M  7.9 26 240   M    M   0        37 240
 6  87  53  70   0   0   5 0.00    M    M  6.7 20 270   M    M   2        24 270
 7  76  57  67  -3   0   2    T    M    M  5.0 21 170   M    M   7        25 170
 8  86  51  69  -1   0   4 0.00    M    M  6.3 21 310   M    M   0        25 310
 9  89  55  72   2   0   7 0.00    M    M  5.2 13 280   M    M   0 8      19 290
10  93  48  71   2   0   6    T    M    M  7.6 21 240   M    M   1        27 250
11  86  56  71   2   0   6 0.00    M    M  8.4 25 310   M    M   4        32 290
12  83  54  69   0   0   4    T    M    M 10.9 33 270   M    M   3        42 210
13  82  45  64  -5   1   0 0.10    M    M  7.2 36 240   M    M   3        46 240
14  83  53  68   0   0   3 0.00    M    M 10.1 30 210   M    M   2        37 210
15  84  48  66  -2   0   1 0.00    M    M  7.4 22 270   M    M   1        28 280
16  82  48  65  -3   0   0 0.00    M    M  5.9 18 260   M    M   0        22 290
17  84  44  64  -3   1   0 0.00  0.0    0  5.1 17 330   M    M   0        22 320
18  86  39  63  -4   2   0 0.00    M    M  5.3 16 340   M    M   0        22 320
19  89  39  64  -3   1   0 0.00    M    M  3.6 12 340   M    M   0        15 330
20  83  56  70   4   0   5    T  0.0    0  4.9 21 310   M    M   3        25 310
21  85  54  70   4   0   5    T  0.0    0  3.9 20 250   M    M   3        24 250
22  89  50  70   4   0   5 0.00    M    M 10.5 28 230   M    M   1        38 240
23  71  43  57  -8   8   0 0.21    M    M 12.1 31 250   M    M   3 18     42 260
24  71  33  52 -13  13   0 0.00    M    M  5.2 14 320   M    M   0        21 310
================================================================================
SM 2029 1197        26  85  0.31     0.0 169.5          M       45
================================================================================
AV 84.5 49.9                               7.1 FASTST   M    M   2    MAX(MPH)
                                 MISC ---->  # 36 240               # 46  240
================================================================================
NOTES:
# LAST OF SEVERAL OCCURRENCES

COLUMN 17 PEAK WIND IN M.P.H.

PRELIMINARY LOCAL CLIMATOLOGICAL DATA (WS FORM: F-6) , PAGE 2

                                          STATION:  SAINT JOHNS AZ AIRPORT
                                          MONTH:    SEPTEMBER
                                          YEAR:     2016
                                          LATITUDE:   34 31 N
                                          LONGITUDE: 109 23 W

[TEMPERATURE DATA]      [PRECIPITATION DATA]       SYMBOLS USED IN COLUMN 16

AVERAGE MONTHLY: 67.2   TOTAL FOR MONTH:   0.31    1 = FOG OR MIST
DPTR FM NORMAL:  -1.3   DPTR FM NORMAL:   -0.95    2 = FOG REDUCING VISIBILITY
HIGHEST:    93 ON 10    GRTST 24HR  0.21 ON 22-23      TO 1/4 MILE OR LESS
LOWEST:     33 ON 24                               3 = THUNDER
                        SNOW, ICE PELLETS, HAIL    4 = ICE PELLETS
                        TOTAL MONTH:   0.0 INCH    5 = HAIL
                        GRTST 24HR     0.0         6 = FREEZING RAIN OR DRIZZLE
                        GRTST DEPTH:   0           7 = DUSTSTORM OR SANDSTORM:
                                                       VSBY 1/2 MILE OR LESS
                                                   8 = SMOKE OR HAZE
[NO. OF DAYS WITH]      [WEATHER - DAYS WITH]      9 = BLOWING SNOW
                                                   X = TORNADO
MAX 32 OR BELOW:   0    0.01 INCH OR MORE:   2
MAX 90 OR ABOVE:   2    0.10 INCH OR MORE:   2
MIN 32 OR BELOW:   0    0.50 INCH OR MORE:   0
MIN  0 OR BELOW:   0    1.00 INCH OR MORE:   0

[HDD (BASE 65) ]
TOTAL THIS MO.    26    CLEAR  (SCALE 0-3)  19
DPTR FM NORMAL    12    PTCLDY (SCALE 4-7)   5
TOTAL FM JUL 1    30    CLOUDY (SCALE 8-10)  0
DPTR FM NORMAL    16

[CDD (BASE 65) ]
TOTAL THIS MO.    85
DPTR FM NORMAL   -12    [PRESSURE DATA]
TOTAL FM JAN 1   956    HIGHEST SLP M ON M
DPTR FM NORMAL     8    LOWEST  SLP 29.70 ON 23

[REMARKS]
