000
CXUS54 KSJT 181210
CF6SJT
PRELIMINARY LOCAL CLIMATOLOGICAL DATA (WS FORM: F-6)

                                          STATION:   SAN ANGELO
                                          MONTH:     OCTOBER
                                          YEAR:      2017
                                          LATITUDE:   31 21 N
                                          LONGITUDE: 100 30 W

  TEMPERATURE IN F:       :PCPN:    SNOW:  WIND      :SUNSHINE: SKY     :PK WND
================================================================================
1   2   3   4   5  6A  6B    7    8   9   10  11  12  13   14  15   16   17  18
                                     12Z  AVG MX 2MIN
DY MAX MIN AVG DEP HDD CDD  WTR  SNW DPTH SPD SPD DIR MIN PSBL S-S WX    SPD DR
================================================================================

 1  84  64  74   3   0   9 0.00  0.0    0  6.9 16 180   M    M   5 1      21 180
 2  87  66  77   7   0  12 0.00  0.0    0  9.7 21 170   M    M   2        29 180
 3  90  68  79   9   0  14 0.00  0.0    0  9.7 18 120   M    M   4        25 130
 4  88  72  80  10   0  15 0.02  0.0    0  7.4 17 130   M    M   7 18     22 130
 5  87  67  77   7   0  12 0.00  0.0    0  6.1 15 130   M    M   2        22 140
 6  89  63  76   7   0  11 0.00  0.0    0  9.5 16 170   M    M   1        23 190
 7  86  56  71   2   0   6 0.00  0.0    0  8.1 24 340   M    M   2        28 340
 8  94  50  72   3   0   7 0.00  0.0    0  8.6 17 190   M    M   0        23 190
 9  97  58  78  10   0  13 0.00  0.0    0 12.2 24 350   M    M   0        32 360
10  71  51  61  -7   4   0    T  0.0    0 12.8 25 350   M    M   6        30  10
11  81  56  69   1   0   4 0.00  0.0    0  4.7 10 150   M    M   4        20 200
12  88  56  72   5   0   7 0.00  0.0    0  7.9 20 170   M    M   0        24 190
13  91  65  78  11   0  13 0.00  0.0    0  9.5 18 180   M    M   1        25 190
14  88  67  78  11   0  13 0.00  0.0    0 10.6 23 200   M    M   2        29 200
15  73  48  61  -6   4   0 0.77  0.0    0 11.4 31  20   M    M   4 13     43  10
16  71  42  57  -9   8   0 0.00  0.0    0  5.4 13  60   M    M   0        16  40
17  82  36  59  -7   6   0 0.00  0.0    0  6.4 14 160   M    M   0        17 160
================================================================================
SM 1447  985        22 136  0.79     0.0 146.9          M       40
================================================================================
AV 85.1 57.9                               8.6 FASTST   M    M   2    MAX(MPH)
                                 MISC ---->  # 31  20               # 43   10
================================================================================
NOTES:
# LAST OF SEVERAL OCCURRENCES

COLUMN 17 PEAK WIND IN M.P.H.

PRELIMINARY LOCAL CLIMATOLOGICAL DATA (WS FORM: F-6) , PAGE 2

                                          STATION:  SAN ANGELO
                                          MONTH:    OCTOBER
                                          YEAR:     2017
                                          LATITUDE:   31 21 N
                                          LONGITUDE: 100 30 W

[TEMPERATURE DATA]      [PRECIPITATION DATA]       SYMBOLS USED IN COLUMN 16

AVERAGE MONTHLY: 71.5   TOTAL FOR MONTH:   0.79    1 = FOG OR MIST
DPTR FM NORMAL:   3.2   DPTR FM NORMAL:   -0.76    2 = FOG REDUCING VISIBILITY
HIGHEST:    97 ON  9    GRTST 24HR  0.77 ON 15-15      TO 1/4 MILE OR LESS
LOWEST:     36 ON 17                               3 = THUNDER
                        SNOW, ICE PELLETS, HAIL    4 = ICE PELLETS
                        TOTAL MONTH:   0.0 INCH    5 = HAIL
                        GRTST 24HR     0.0         6 = FREEZING RAIN OR DRIZZLE
                        GRTST DEPTH:   0           7 = DUSTSTORM OR SANDSTORM:
                                                       VSBY 1/2 MILE OR LESS
                                                   8 = SMOKE OR HAZE
[NO. OF DAYS WITH]      [WEATHER - DAYS WITH]      9 = BLOWING SNOW
                                                   X = TORNADO
MAX 32 OR BELOW:   0    0.01 INCH OR MORE:   2
MAX 90 OR ABOVE:   4    0.10 INCH OR MORE:   1
MIN 32 OR BELOW:   0    0.50 INCH OR MORE:   1
MIN  0 OR BELOW:   0    1.00 INCH OR MORE:   0

[HDD (BASE 65) ]
TOTAL THIS MO.    22    CLEAR  (SCALE 0-3)  11
DPTR FM NORMAL    -4    PTCLDY (SCALE 4-7)   6
TOTAL FM JUL 1    22    CLOUDY (SCALE 8-10)  0
DPTR FM NORMAL   -13

[CDD (BASE 65) ]
TOTAL THIS MO.   136
DPTR FM NORMAL    52    [PRESSURE DATA]
TOTAL FM JAN 1  2785    HIGHEST SLP M ON M
DPTR FM NORMAL   336    LOWEST  SLP 29.57 ON  8

[REMARKS]
