000
CXUS51 KBTV 240700
CF6SLK
PRELIMINARY LOCAL CLIMATOLOGICAL DATA (WS FORM: F-6)

                                          STATION:   SARANAC LAKE NY
                                          MONTH:     SEPTEMBER
                                          YEAR:      2016
                                          LATITUDE:   44 23 N
                                          LONGITUDE:  74 12 W

  TEMPERATURE IN F:       :PCPN:    SNOW:  WIND      :SUNSHINE: SKY     :PK WND
================================================================================
1   2   3   4   5  6A  6B    7    8   9   10  11  12  13   14  15   16   17  18
                                     12Z  AVG MX 2MIN
DY MAX MIN AVG DEP HDD CDD  WTR  SNW DPTH SPD SPD DIR MIN PSBL S-S WX    SPD DR
================================================================================

 1  69  49  59   0   6   0 0.01    M    0  2.3 12 340   M    M   7 12     17 360
 2  69  38  54  -5  11   0 0.00  0.0    0  2.3 12  10   M    M   5 12     18 360
 3  74  38  56  -2   9   0 0.00  0.0    0  2.5 10  30   M    M   4 12     13  30
 4  80  39  60   2   5   0 0.00  0.0    0  1.5  9 210   M    M   2 12     14 280
 5  82  44  63   5   2   0 0.00  0.0    0  2.3  9  40   M    M   3 12     13 260
 6  84  43  64   6   1   0 0.00  0.0    0  1.6 10  30   M    M   3 12     14  30
 7  86  46  66   9   0   1 0.00  0.0    0  1.9 12 230   M    M   3 12     15 240
 8  82  63  73  16   0   8 0.23  0.0    0  6.9 16 210   M    M   8 18     20 200
 9  80  56  68  12   0   3 0.00  0.0    0  4.5 13 230   M    M   5        26 320
10  80  52  66  10   0   1 0.00  0.0    0  8.3 23 200   M    M   3 12     33 200
11  77  39  58   2   7   0 0.70    M    0  7.6 21 260   M    M   6 13     32 270
12  70  36  53  -2  12   0 0.00  0.0    0  3.5 14 220   M    M   3 12     18 190
13  78  37  58   3   7   0 0.00  0.0    0  5.4 22 210   M    M   1 1      29 220
14  63  38  51  -4  14   0 0.15    M    0  3.9 12 360   M    M   8 1      20 300
15  63  31  47  -7  18   0 0.00  0.0    0  1.5  8  20   M    M   3 12     13 210
16  71  31  51  -3  14   0 0.00  0.0    0  2.1 12 210   M    M   4 12     16 230
17  75  37  56   3   9   0 0.12  0.0    0  9.0 23 210   M    M   3 18     28 230
18  76  58  67  14   0   2 0.21  0.0    0  6.1 17 220   M    M   6 1      21 230
19  76  47  62  10   3   0 0.00  0.0    0  3.3 13 220   M    M   5 12     17 210
20  80  44  62  10   3   0 0.00  0.0    0  6.3 17 250   M    M   5 12     25 220
21  75  39  57   5   8   0 0.00  0.0    0  4.5 16 250   M    M   1 1      25 250
22  80  40  60   9   5   0 0.00  0.0    0  4.7 17 210   M    M   1        26 210
23  67  40  54   3  11   0 0.80    M    0  4.9 13  50   M    M   9 1      17  30
================================================================================
SM 1737  985       145  15  2.22     0.0  96.9          M       98
================================================================================
AV 75.5 42.8                               4.2 FASTST   M    M   4    MAX(MPH)
                                 MISC ---->  # 23 200               # 33  200
================================================================================
NOTES:
# LAST OF SEVERAL OCCURRENCES

COLUMN 17 PEAK WIND IN M.P.H.

PRELIMINARY LOCAL CLIMATOLOGICAL DATA (WS FORM: F-6) , PAGE 2

                                          STATION:  SARANAC LAKE NY
                                          MONTH:    SEPTEMBER
                                          YEAR:     2016
                                          LATITUDE:   44 23 N
                                          LONGITUDE:  74 12 W

[TEMPERATURE DATA]      [PRECIPITATION DATA]       SYMBOLS USED IN COLUMN 16

AVERAGE MONTHLY: 59.2   TOTAL FOR MONTH:   2.22    1 = FOG OR MIST
DPTR FM NORMAL:   4.0   DPTR FM NORMAL:   -0.39    2 = FOG REDUCING VISIBILITY
HIGHEST:    86 ON  7    GRTST 24HR  0.80 ON 23-23      TO 1/4 MILE OR LESS
LOWEST:     31 ON 16,15                            3 = THUNDER
                        SNOW, ICE PELLETS, HAIL    4 = ICE PELLETS
                        TOTAL MONTH:   0.0 INCH    5 = HAIL
                        GRTST 24HR     0.0         6 = FREEZING RAIN OR DRIZZLE
                        GRTST DEPTH:   0           7 = DUSTSTORM OR SANDSTORM:
                                                       VSBY 1/2 MILE OR LESS
                                                   8 = SMOKE OR HAZE
[NO. OF DAYS WITH]      [WEATHER - DAYS WITH]      9 = BLOWING SNOW
                                                   X = TORNADO
MAX 32 OR BELOW:   0    0.01 INCH OR MORE:   7
MAX 90 OR ABOVE:   0    0.10 INCH OR MORE:   6
MIN 32 OR BELOW:   2    0.50 INCH OR MORE:   2
MIN  0 OR BELOW:   0    1.00 INCH OR MORE:   0

[HDD (BASE 65) ]
TOTAL THIS MO.   145    CLEAR  (SCALE 0-3)   7
DPTR FM NORMAL   -89    PTCLDY (SCALE 4-7)  15
TOTAL FM JUL 1   266    CLOUDY (SCALE 8-10)  1
DPTR FM NORMAL  -208

[CDD (BASE 65) ]
TOTAL THIS MO.    15
DPTR FM NORMAL     8    [PRESSURE DATA]
TOTAL FM JAN 1   166    HIGHEST SLP M ON M
DPTR FM NORMAL    52    LOWEST  SLP 29.75 ON 11

[REMARKS]
