000
CXUS55 KLOX 291655
CF6SMO
PRELIMINARY LOCAL CLIMATOLOGICAL DATA (WS FORM: F-6)

                                          STATION:   SANTA MONICA AIRPORT CA
                                          MONTH:     AUGUST
                                          YEAR:      2015
                                          LATITUDE:   34  0 N
                                          LONGITUDE: 118 27 W

  TEMPERATURE IN F:       :PCPN:    SNOW:  WIND      :SUNSHINE: SKY     :PK WND
================================================================================
1   2   3   4   5  6A  6B    7    8   9   10  11  12  13   14  15   16   17  18
                                     12Z  AVG MX 2MIN
DY MAX MIN AVG DEP HDD CDD  WTR  SNW DPTH SPD SPD DIR MIN PSBL S-S WX    SPD DR
================================================================================

 1  76  67  72   2   0   7 0.00  0.0    0  5.4 13 240   M    M   4 1      17 200
 2  78  65  72   2   0   7 0.00  0.0    0  4.9 14 240   M    M   3        19 220
 3  77  65  71   1   0   6 0.00  0.0    0  4.1 15 230   M    M   0        20 230
 4  81  65  73   3   0   8 0.00  0.0    0  4.4 15 240   M    M   0        21 250
 5  82  67  75   5   0  10 0.00  0.0    0  5.3 14 240   M    M   0        20 230
 6  79  66  73   4   0   8 0.00  0.0    0  4.7 13 210   M    M   0        16 260
 7  79  65  72   3   0   7 0.00  0.0    0  4.9 14 220   M    M   4        18 210
 8  76  65  71   2   0   6 0.00  0.0    0  5.7 15 230   M    M   4        20 230
 9  75  62  69   0   0   4 0.00  0.0    0  4.2 15 220   M    M   3        22 240
10  75  62  69   0   0   4 0.00  0.0    0  5.6 15 240   M    M   4        22 230
11  76  64  70   1   0   5 0.00  0.0    0  5.3 15 230   M    M   4        20 240
12  78  63  71   2   0   6 0.00  0.0    0  4.9 13 230   M    M   1        17 230
13  83  66  75   6   0  10 0.00  0.0    0  5.0 13 200   M    M   0        16 210
14  84  68  76   7   0  11 0.00  0.0    0  4.8 15 240   M    M   0        20 250
15  85  68  77   8   0  12 0.00  0.0    0  4.7 14 240   M    M   0        17 230
16  84  67  76   7   0  11 0.00  0.0    0  4.6 14 220   M    M   0        16 220
17  80  67  74   5   0   9 0.00  0.0    0  4.7 13 210   M    M   4 8      17 220
18  78  68  73   4   0   8 0.00  0.0    0  5.1 13 210   M    M   6        16 200
19  76  67  72   3   0   7 0.00  0.0    0  6.2 13 220   M    M   7        19 210
20  78  67  73   4   0   8 0.00  0.0    0  5.1 13 240   M    M   5        17 230
21  76  66  71   2   0   6 0.00  0.0    0  4.6 13 220   M    M   5        17 220
22  76  67  72   3   0   7 0.00  0.0    0  4.7 14 240   M    M   5        20 230
23  75  67  71   2   0   6 0.00  0.0    0  4.4 13 220   M    M   4        17 260
24  76  65  71   2   0   6 0.00  0.0    0  4.2 12 230   M    M   1 8      16 220
25  81  68  75   6   0  10    T  0.0    0  2.9 10 240   M    M   0 1      14 220
26  82  69  76   7   0  11 0.00  0.0    0  4.5 12 260   M    M   1 18     15 260
27  85  70  78   9   0  13 0.00  0.0    0  3.7 12 240   M    M   0        15 240
28  88  70  79  10   0  14 0.00  0.0    0  4.6 14 240   M    M   0        19 250
================================================================================
SM 2219 1856         0 227    T      0.0 133.2          M       65
================================================================================
AV 79.2 66.3                               4.8 FASTST   M    M   2    MAX(MPH)
                                 MISC ---->  # 15 230               # 22  240
================================================================================
NOTES:
# LAST OF SEVERAL OCCURRENCES

COLUMN 17 PEAK WIND IN M.P.H.

PRELIMINARY LOCAL CLIMATOLOGICAL DATA (WS FORM: F-6) , PAGE 2

                                          STATION:  SANTA MONICA AIRPORT CA
                                          MONTH:    AUGUST
                                          YEAR:     2015
                                          LATITUDE:   34  0 N
                                          LONGITUDE: 118 27 W

[TEMPERATURE DATA]      [PRECIPITATION DATA]       SYMBOLS USED IN COLUMN 16

AVERAGE MONTHLY: 72.8   TOTAL FOR MONTH:      T    1 = FOG OR MIST
DPTR FM NORMAL:   3.6   DPTR FM NORMAL:   -0.05    2 = FOG REDUCING VISIBILITY
HIGHEST:    88 ON 28    GRTST 24HR    T  ON 25-25      TO 1/4 MILE OR LESS
LOWEST:     62 ON 10, 9                            3 = THUNDER
                        SNOW, ICE PELLETS, HAIL    4 = ICE PELLETS
                        TOTAL MONTH:   0.0 INCH    5 = HAIL
                        GRTST 24HR     0.0         6 = FREEZING RAIN OR DRIZZLE
                        GRTST DEPTH:   0           7 = DUSTSTORM OR SANDSTORM:
                                                       VSBY 1/2 MILE OR LESS
                                                   8 = SMOKE OR HAZE
[NO. OF DAYS WITH]      [WEATHER - DAYS WITH]      9 = BLOWING SNOW
                                                   X = TORNADO
MAX 32 OR BELOW:   0    0.01 INCH OR MORE:   0
MAX 90 OR ABOVE:   0    0.10 INCH OR MORE:   0
MIN 32 OR BELOW:   0    0.50 INCH OR MORE:   0
MIN  0 OR BELOW:   0    1.00 INCH OR MORE:   0

[HDD (BASE 65) ]
TOTAL THIS MO.     0    CLEAR  (SCALE 0-3)  15
DPTR FM NORMAL     0    PTCLDY (SCALE 4-7)  13
TOTAL FM JUL 1     6    CLOUDY (SCALE 8-10)  0
DPTR FM NORMAL     2

[CDD (BASE 65) ]
TOTAL THIS MO.   227
DPTR FM NORMAL   108    [PRESSURE DATA]
TOTAL FM JAN 1   611    HIGHEST SLP M ON M
DPTR FM NORMAL   306    LOWEST  SLP 29.75 ON 16

[REMARKS]
