293
CXUS55 KLOX 011155
CF6SMX
PRELIMINARY LOCAL CLIMATOLOGICAL DATA (WS FORM: F-6)

                                          STATION:   SANTA MARIA AIRPORT CA
                                          MONTH:     APRIL
                                          YEAR:      2016
                                          LATITUDE:   34 54 N
                                          LONGITUDE: 120 27 W

  TEMPERATURE IN F:       :PCPN:    SNOW:  WIND      :SUNSHINE: SKY     :PK WND
================================================================================
1   2   3   4   5  6A  6B    7    8   9   10  11  12  13   14  15   16   17  18
                                     12Z  AVG MX 2MIN
DY MAX MIN AVG DEP HDD CDD  WTR  SNW DPTH SPD SPD DIR MIN PSBL S-S WX    SPD DR
================================================================================

 1  69  44  57   2   8   0 0.00  0.0    0  6.4 18 300   M    M   2 1      22 300
 2  70  45  58   3   7   0 0.00  0.0    0  5.1 14 320   M    M   6 1      17 310
 3  65  51  58   3   7   0 0.00  0.0    0  4.7 15 330   M    M   9 18     17 290
 4  78  48  63   8   2   0 0.00  0.0    0  6.9 23 290   M    M   4 12     28 310
 5  91  46  69  14   0   4 0.00  0.0    0  8.2 28  30   M    M   0 1      36  20
 6  89  53  71  16   0   6 0.00  0.0    0  4.9 16 330   M    M   2 1      20 340
 7  76  54  65  10   0   0    T  0.0    0  4.0 16 280   M    M   9 12     20 310
 8  64  57  61   6   4   0 0.12  0.0    0  3.4 12 240   M    M  10 18     14 240
 9  73  57  65  10   0   0 0.38  0.0    0  5.1 15 120   M    M  10 1      20 110
10  68  56  62   7   3   0 0.00  0.0    0  7.3 20 300   M    M   8 1      24 310
11  73  52  63   8   2   0 0.00  0.0    0  6.8 21 300   M    M   5        27 300
12  68  49  59   4   6   0 0.00  0.0    0  6.6 23 300   M    M   5        27 300
13  71  49  60   5   5   0 0.00  0.0    0  9.5 28 300   M    M   2 1      34 310
14  69  45  57   2   8   0 0.00  0.0    0 11.8 31 300   M    M   1 1      38 310
15  72  47  60   4   5   0 0.00  0.0    0 12.8 30 300   M    M   1 1      34 310
16  82  43  63   7   2   0 0.00  0.0    0  5.7 22 320   M    M   0        26 320
17  87  44  66  10   0   1 0.00  0.0    0  6.1 16 320   M    M   0        21 290
18  88  48  68  12   0   3 0.00  0.0    0  4.9 16 340   M    M   0        19 320
19  87  51  69  13   0   4 0.00  0.0    0  3.6 14 280   M    M   2        19 260
20  82  46  64   8   1   0 0.00  0.0    0  5.8 17 300   M    M   0        21 290
21  75  47  61   5   4   0 0.00  0.0    0  6.1 22 310   M    M   2        29 320
22  74  50  62   6   3   0 0.02  0.0    0  6.4 23 260   M    M   6 128    29 260
23  73  43  58   2   7   0 0.00  0.0    0 13.5 30 300   M    M   0        37 250
24  72  50  61   5   4   0 0.00  0.0    0 19.3 36 310   M    M   3 1      44 290
25  63  42  53  -3  12   0 0.00  0.0    0 13.1 38 300   M    M   3 18     47 290
26  67  42  55  -1  10   0 0.00  0.0    0 12.5 31 300   M    M   3 18     40 310
27  69  45  57   0   8   0    T    M    0 14.2 30 310   M    M   3 18     39 310
28  65  46  56  -1   9   0 0.00  0.0    0 11.4 31 300   M    M   6 1      37 300
29  65  51  58   1   7   0 0.00  0.0    0 10.1 25 290   M    M   8 18     32 300
30  74  47  61   4   4   0 0.00  0.0    0  7.3 24 310   M    M   2 18     29 320
================================================================================
SM 2219 1448       128  18  0.52     0.0 243.5          M      112
================================================================================
AV 74.0 48.3                               8.1 FASTST   M    M   4    MAX(MPH)
                                 MISC ---->  # 38 300               # 47  290
================================================================================
NOTES:
# LAST OF SEVERAL OCCURRENCES

COLUMN 17 PEAK WIND IN M.P.H.

PRELIMINARY LOCAL CLIMATOLOGICAL DATA (WS FORM: F-6) , PAGE 2

                                          STATION:  SANTA MARIA AIRPORT CA
                                          MONTH:    APRIL
                                          YEAR:     2016
                                          LATITUDE:   34 54 N
                                          LONGITUDE: 120 27 W

[TEMPERATURE DATA]      [PRECIPITATION DATA]       SYMBOLS USED IN COLUMN 16

AVERAGE MONTHLY: 61.1   TOTAL FOR MONTH:   0.52    1 = FOG OR MIST
DPTR FM NORMAL:   5.5   DPTR FM NORMAL:   -0.46    2 = FOG REDUCING VISIBILITY
HIGHEST:    91 ON  5    GRTST 24HR  0.38 ON  9- 9      TO 1/4 MILE OR LESS
LOWEST:     42 ON 26,25                            3 = THUNDER
                        SNOW, ICE PELLETS, HAIL    4 = ICE PELLETS
                        TOTAL MONTH:   0.0 INCH    5 = HAIL
                        GRTST 24HR     0.0         6 = FREEZING RAIN OR DRIZZLE
                        GRTST DEPTH:   0           7 = DUSTSTORM OR SANDSTORM:
                                                       VSBY 1/2 MILE OR LESS
                                                   8 = SMOKE OR HAZE
[NO. OF DAYS WITH]      [WEATHER - DAYS WITH]      9 = BLOWING SNOW
                                                   X = TORNADO
MAX 32 OR BELOW:   0    0.01 INCH OR MORE:   3
MAX 90 OR ABOVE:   1    0.10 INCH OR MORE:   2
MIN 32 OR BELOW:   0    0.50 INCH OR MORE:   0
MIN  0 OR BELOW:   0    1.00 INCH OR MORE:   0

[HDD (BASE 65) ]
TOTAL THIS MO.   128    CLEAR  (SCALE 0-3)  16
DPTR FM NORMAL  -158    PTCLDY (SCALE 4-7)   9
TOTAL FM JUL 1  1452    CLOUDY (SCALE 8-10)  5
DPTR FM NORMAL -1007

[CDD (BASE 65) ]
TOTAL THIS MO.    18
DPTR FM NORMAL    14    [PRESSURE DATA]
TOTAL FM JAN 1    38    HIGHEST SLP 30.22 ON  2
DPTR FM NORMAL    32    LOWEST  SLP 29.85 ON  9

[REMARKS]
#FINAL-04-16#
