244
CXUS56 KSGX 241545
CF6SNA
PRELIMINARY LOCAL CLIMATOLOGICAL DATA (WS FORM: F-6)

                                          STATION:   JOHN WAYNE AIRPORT CA
                                          MONTH:     JULY
                                          YEAR:      2016
                                          LATITUDE:   33 40 N
                                          LONGITUDE: 117 53 W

  TEMPERATURE IN F:       :PCPN:    SNOW:  WIND      :SUNSHINE: SKY     :PK WND
================================================================================
1   2   3   4   5  6A  6B    7    8   9   10  11  12  13   14  15   16   17  18
                                     12Z  AVG MX 2MIN
DY MAX MIN AVG DEP HDD CDD  WTR  SNW DPTH SPD SPD DIR MIN PSBL S-S WX    SPD DR
================================================================================

 1  74  64  69   0   0   4 0.00  0.0    0  8.7 16 210   M    M   8        22 230
 2  75  63  69  -1   0   4 0.00  0.0    0  6.9 16 210   M    M   5        21 220
 3  73  64  69  -1   0   4 0.00  0.0    0  5.1 15 190   M    M   6        20 190
 4  75  64  70   0   0   5 0.00  0.0    0  5.4 13 220   M    M   5 8      18 230
 5  77  65  71   1   0   6 0.00  0.0    0  5.4 13 210   M    M   5        19 210
 6  77  65  71   1   0   6 0.00  0.0    0  6.7 14 200   M    M   6        19 210
 7  77  65  71   1   0   6 0.00  0.0    0  6.6 15 200   M    M   5        20 200
 8  78  65  72   2   0   7 0.00  0.0    0  6.8 13 220   M    M   5        17 220
 9  78  65  72   2   0   7 0.00  0.0    0  5.5 14 200   M    M   4        23 230
10  79  66  73   2   0   8 0.00  0.0    0  6.5 13 210   M    M   3        19 220
11  76  66  71   0   0   6 0.00  0.0    0  8.3 16 210   M    M   4        22 220
12  77  66  72   1   0   7 0.00  0.0    0  7.0 14 210   M    M   4        19 190
13  80  67  74   3   0   9 0.00  0.0    0  6.0 15 210   M    M   4 1      19 200
14  79  66  73   2   0   8 0.00  0.0    0  5.2 14 210   M    M   4        19 220
15  78  65  72   1   0   7 0.00  0.0    0  4.8 13 230   M    M   3 8      19 190
16  79  65  72   1   0   7 0.00  0.0    0  5.8 14 220   M    M   5        19 220
17  77  66  72   0   0   7 0.00  0.0    0  5.9 14 220   M    M   4        21 220
18  78  66  72   0   0   7 0.00  0.0    0  5.6 14 220   M    M   4        17 220
19  83  66  75   3   0  10 0.00  0.0    0  5.4 12 220   M    M   2        15 220
20  90  67  79   7   0  14 0.00  0.0    0  4.5 13 220   M    M   2        16 210
21  89  67  78   6   0  13 0.00  0.0    0  5.5 13 190   M    M   1        17 240
22  92  68  80   8   0  15 0.00  0.0    0  4.7 13 220   M    M   2        17 220
23  85  70  78   6   0  13 0.00  0.0    0  7.9 21 210   M    M   2        24 190
================================================================================
SM 1826 1511         0 180  0.00     0.0 140.2          M       93
================================================================================
AV 79.4 65.7                               6.1 FASTST   M    M   4    MAX(MPH)
                                 MISC ---->  # 21 210               # 24  190
================================================================================
NOTES:
# LAST OF SEVERAL OCCURRENCES

COLUMN 17 PEAK WIND IN M.P.H.

PRELIMINARY LOCAL CLIMATOLOGICAL DATA (WS FORM: F-6) , PAGE 2

                                          STATION:  JOHN WAYNE AIRPORT CA
                                          MONTH:    JULY
                                          YEAR:     2016
                                          LATITUDE:   33 40 N
                                          LONGITUDE: 117 53 W

[TEMPERATURE DATA]      [PRECIPITATION DATA]       SYMBOLS USED IN COLUMN 16

AVERAGE MONTHLY: 72.5   TOTAL FOR MONTH:   0.00    1 = FOG OR MIST
DPTR FM NORMAL:   1.7   DPTR FM NORMAL:   -0.02    2 = FOG REDUCING VISIBILITY
HIGHEST:    92 ON 22    GRTST 24HR  0.00 ON 23-23      TO 1/4 MILE OR LESS
LOWEST:     63 ON  2                               3 = THUNDER
                        SNOW, ICE PELLETS, HAIL    4 = ICE PELLETS
                        TOTAL MONTH:   0.0 INCH    5 = HAIL
                        GRTST 24HR     0.0         6 = FREEZING RAIN OR DRIZZLE
                        GRTST DEPTH:   0           7 = DUSTSTORM OR SANDSTORM:
                                                       VSBY 1/2 MILE OR LESS
                                                   8 = SMOKE OR HAZE
[NO. OF DAYS WITH]      [WEATHER - DAYS WITH]      9 = BLOWING SNOW
                                                   X = TORNADO
MAX 32 OR BELOW:   0    0.01 INCH OR MORE:   0
MAX 90 OR ABOVE:   2    0.10 INCH OR MORE:   0
MIN 32 OR BELOW:   0    0.50 INCH OR MORE:   0
MIN  0 OR BELOW:   0    1.00 INCH OR MORE:   0

[HDD (BASE 65) ]
TOTAL THIS MO.     0    CLEAR  (SCALE 0-3)   6
DPTR FM NORMAL     0    PTCLDY (SCALE 4-7)  17
TOTAL FM JUL 1     0    CLOUDY (SCALE 8-10)  0
DPTR FM NORMAL     0

[CDD (BASE 65) ]
TOTAL THIS MO.   180
DPTR FM NORMAL    45    [PRESSURE DATA]
TOTAL FM JAN 1   418    HIGHEST SLP M ON M
DPTR FM NORMAL   140    LOWEST  SLP 29.79 ON 23

[REMARKS]
