000
CXAK56 PAFC 201320
CF6SNP
PRELIMINARY LOCAL CLIMATOLOGICAL DATA (WS FORM: F-6)

                                          STATION:   SAINT PAUL ISLAND
                                          MONTH:     JANUARY
                                          YEAR:      2017
                                          LATITUDE:   57  9 N
                                          LONGITUDE: 170 13 W

  TEMPERATURE IN F:       :PCPN:    SNOW:  WIND      :SUNSHINE: SKY     :PK WND
================================================================================
1   2   3   4   5  6A  6B    7    8   9   10  11  12  13   14  15   16   17  18
                                     12Z  AVG MX 2MIN
DY MAX MIN AVG DEP HDD CDD  WTR  SNW DPTH SPD SPD DIR MIN PSBL S-S WX    SPD DR
================================================================================

 1  35  24  30   3  35   0 0.22  1.9    2  3.6  9 240   M    M   9 1      10 240
 2  36  19  28   1  37   0 0.00  0.0    2  3.0 10 230   M    M   5 1      11 230
 3  31  15  23  -3  42   0    T    T    2  1.3  9 310   M    M   3 1      10 310
 4  35  15  25  -1  40   0    T    T    2  3.6 16 100   M    M   3        20 110
 5  38  34  36  10  29   0    T    T    0 19.8 28 140   M    M   7        33 130
 6  38  37  38  12  27   0 0.00  0.0    0 17.1 28 150   M    M  10        31 150
 7  38  35  37  11  28   0 0.00  0.0    0 17.4 22 150   M    M   6        25 160
 8  39  36  38  12  27   0 0.00  0.0    0 18.0 26 110   M    M   4        32 110
 9  37  32  35   9  30   0    T  0.0    0  5.6 15 160   M    M  10        17 160
10  32  26  29   3  36   0 0.01  0.1    0  8.7 20  60   M    M  10 1      24  50
11  32  30  31   5  34   0    T  0.1    0 15.5 23  60   M    M  10 1      28  60
12  31  19  25   0  40   0    T    T    0 26.5 40  30   M    M   9 1      53  30
13  22  15  19  -6  46   0 0.05  1.5    2 24.8 39  40   M    M   9 189    51  40
14  23  15  19  -6  46   0 0.08  0.7    2 11.7 26 360   M    M   8 18     32 360
15  23   4  14 -11  51   0 0.13  1.3    4  7.8 20  20   M    M   5 18     23  20
16  21  11  16  -9  49   0 0.04  0.5    4  9.2 20 360   M    M  10 1      24 350
17  27  20  24  -1  41   0 0.01  0.5    4 15.1 26 180   M    M   9 12     34 170
18  32  24  28   3  37   0 0.34  3.0    7 21.0 43 150   M    M   8 129    50 140
19  31  14  23  -2  42   0 0.07  0.8    8 26.1 39 340   M    M  10 1289   45 340
================================================================================
SM  601  425       717   0  0.95    10.4 255.8          M      145
================================================================================
AV 31.6 22.4                              13.5 FASTST   M    M   8    MAX(MPH)
                                 MISC ---->  # 43 150               # 53   30
================================================================================
NOTES:
# LAST OF SEVERAL OCCURRENCES

COLUMN 17 PEAK WIND IN M.P.H.

PRELIMINARY LOCAL CLIMATOLOGICAL DATA (WS FORM: F-6) , PAGE 2

                                          STATION:  SAINT PAUL ISLAND
                                          MONTH:    JANUARY
                                          YEAR:     2017
                                          LATITUDE:   57  9 N
                                          LONGITUDE: 170 13 W

[TEMPERATURE DATA]      [PRECIPITATION DATA]       SYMBOLS USED IN COLUMN 16

AVERAGE MONTHLY: 27.0   TOTAL FOR MONTH:   0.95    1 = FOG OR MIST
DPTR FM NORMAL:   1.3   DPTR FM NORMAL:   -0.06    2 = FOG REDUCING VISIBILITY
HIGHEST:    39 ON  8    GRTST 24HR  1.02 ON 31- 1      TO 1/4 MILE OR LESS
LOWEST:      4 ON 15                               3 = THUNDER
                        SNOW, ICE PELLETS, HAIL    4 = ICE PELLETS
                        TOTAL MONTH:  10.4 INCHES  5 = HAIL
                        GRTST 24HR   3.0 ON 18-18  6 = FREEZING RAIN OR DRIZZLE
                        GRTST DEPTH:   8 ON 19     7 = DUSTSTORM OR SANDSTORM:
                                                       VSBY 1/2 MILE OR LESS
                                                   8 = SMOKE OR HAZE
[NO. OF DAYS WITH]      [WEATHER - DAYS WITH]      9 = BLOWING SNOW
                                                   X = TORNADO
MAX 32 OR BELOW:  11    0.01 INCH OR MORE:   9
MAX 90 OR ABOVE:   0    0.10 INCH OR MORE:   3
MIN 32 OR BELOW:  15    0.50 INCH OR MORE:   0
MIN  0 OR BELOW:   0    1.00 INCH OR MORE:   0

[HDD (BASE 65) ]
TOTAL THIS MO.   717    CLEAR  (SCALE 0-3)   2
DPTR FM NORMAL   -30    PTCLDY (SCALE 4-7)   7
TOTAL FM JUL 1  4242    CLOUDY (SCALE 8-10) 10
DPTR FM NORMAL -1047

[CDD (BASE 65) ]
TOTAL THIS MO.     0
DPTR FM NORMAL     0    [PRESSURE DATA]
TOTAL FM JAN 1     0    HIGHEST SLP M ON M
DPTR FM NORMAL     0    LOWEST  SLP 28.79 ON 19

[REMARKS]
