290
CXAK56 PAFC 201304
CF6SNP

PRELIMINARY LOCAL CLIMATOLOGICAL DATA (WS FORM: F-6)

                                          STATION:   SAINT PAUL ISLAND
                                          MONTH:     OCTOBER
                                          YEAR:      2017
                                          LATITUDE:   57  9 N
                                          LONGITUDE: 170 13 W

  TEMPERATURE IN F:       :PCPN:    SNOW:  WIND      :SUNSHINE: SKY     :PK WND
================================================================================
1   2   3   4   5  6A  6B    7    8   9   10  11  12  13   14  15   16   17  18
                                     12Z  AVG MX 2MIN
DY MAX MIN AVG DEP HDD CDD  WTR  SNW DPTH SPD SPD DIR MIN PSBL S-S WX    SPD DR
================================================================================

 1  48  42  45   3  20   0    T  0.0    0  8.7 15  90   M    M   9        18 150
 2  47  37  42   0  23   0    T  0.0    0  6.6 14 350   M    M  10 1      16 340
 3  50  42  46   5  19   0 0.06  0.0    0 13.4 22 150   0    M   9 1       M  M
 4  50  46  48   7  17   0 0.42  0.0    0 28.1 45 240   M    M  10 1      57 230
 5  50  44  47   6  18   0    T  0.0    0 38.3 56 260   M    M   9 1      74 260
 6  50  38  44   3  21   0    T  0.0    0 15.5 28 270   M    M   7 1      36 270
 7  50  36  43   3  22   0 0.01  0.0    0  8.3 15 250   M    M   7 1      21 250
 8  49  40  45   5  20   0 0.07  0.0    0 19.3 27 230   M    M   4 1      41 230
 9  48  47  48   8  17   0    T  0.0    0 27.2 36 210   M    M  10 1      45 210
10  48  46  47   7  18   0 0.01  0.0    0 24.6 32 220   M    M  10 1      41 220
11  48  45  47   7  18   0 0.47  0.0    0 26.0 41 140   M    M   9 1      52 160
12  49  41  45   6  20   0    T  0.0    0 30.1 43 220   M    M   7 18     53 210
13  48  39  44   5  21   0 0.08  0.0    0 18.6 29 220   M    M   7 1      43 210
14  47  34  41   2  24   0 0.02  0.0    0  9.4 15 230   M    M   2         M  M
15  46  32  39   0  26   0 0.10    T    0 10.8 15 270   M    M   4 14     22 270
16  44  30  37  -1  28   0 0.06  0.0    0 13.7 22  70   M    M   6        33  80
17  45  34  40   2  25   0 0.06  0.0    0 14.5 26  30   M    M   7 18     32  60
18  43  34  39   1  26   0 0.05  0.0    0 13.8 18 290   M    M   3 1      36 290
19  41  25  33  -5  32   0 0.03  0.0    0  6.1 15  60   M    M   4 1       M  M
================================================================================
SM  901  732       415   0  1.44    T    333.0            0    134
================================================================================
AV 47.4 38.5                              17.5 FASTST    0   M   7    MAX(MPH)
                                 MISC ---->  # 56 260               # 74  260
================================================================================
NOTES:
# LAST OF SEVERAL OCCURRENCES

COLUMN 17 PEAK WIND IN M.P.H.

PRELIMINARY LOCAL CLIMATOLOGICAL DATA (WS FORM: F-6) , PAGE 2

                                          STATION:  SAINT PAUL ISLAND
                                          MONTH:    OCTOBER
                                          YEAR:     2017
                                          LATITUDE:   57  9 N
                                          LONGITUDE: 170 13 W

[TEMPERATURE DATA]      [PRECIPITATION DATA]       SYMBOLS USED IN COLUMN 16

AVERAGE MONTHLY: 43.0   TOTAL FOR MONTH:   1.44    1 = FOG OR MIST
DPTR FM NORMAL:   3.2   DPTR FM NORMAL:   -0.46    2 = FOG REDUCING VISIBILITY
HIGHEST:    50 ON  7, 6 GRTST 24HR  0.47 ON 11-11      TO 1/4 MILE OR LESS
LOWEST:     25 ON 19                               3 = THUNDER
                        SNOW, ICE PELLETS, HAIL    4 = ICE PELLETS
                        TOTAL MONTH:    T          5 = HAIL
                        GRTST 24HR    T  ON 15-15  6 = FREEZING RAIN OR DRIZZLE
                        GRTST DEPTH:   0           7 = DUSTSTORM OR SANDSTORM:
                                                       VSBY 1/2 MILE OR LESS
                                                   8 = SMOKE OR HAZE
[NO. OF DAYS WITH]      [WEATHER - DAYS WITH]      9 = BLOWING SNOW
                                                   X = TORNADO
MAX 32 OR BELOW:   0    0.01 INCH OR MORE:  13
MAX 90 OR ABOVE:   0    0.10 INCH OR MORE:   3
MIN 32 OR BELOW:   3    0.50 INCH OR MORE:   0
MIN  0 OR BELOW:   0    1.00 INCH OR MORE:   0

[HDD (BASE 65) ]
TOTAL THIS MO.   415    CLEAR  (SCALE 0-3)   1
DPTR FM NORMAL   -63    PTCLDY (SCALE 4-7)  10
TOTAL FM JUL 1  1974    CLOUDY (SCALE 8-10)  8
DPTR FM NORMAL  -147

[CDD (BASE 65) ]
TOTAL THIS MO.     0
DPTR FM NORMAL     0    [PRESSURE DATA]
TOTAL FM JAN 1     0    HIGHEST SLP M ON M
DPTR FM NORMAL     0    LOWEST  SLP 28.94 ON  4

[REMARKS]
