000
CXUS55 KTBW 271000
CF6SPG
PRELIMINARY LOCAL CLIMATOLOGICAL DATA (WS FORM: F-6)

                                          STATION:   Saint Petersburg
                                          MONTH:     AUGUST
                                          YEAR:      2016
                                          LATITUDE:   27 46 N
                                          LONGITUDE:  82 38 W

  TEMPERATURE IN F:       :PCPN:    SNOW:  WIND      :SUNSHINE: SKY     :PK WND
================================================================================
1   2   3   4   5  6A  6B    7    8   9   10  11  12  13   14  15   16   17  18
                                     12Z  AVG MX 2MIN
DY MAX MIN AVG DEP HDD CDD  WTR  SNW DPTH SPD SPD DIR MIN PSBL S-S WX    SPD DR
================================================================================

 1  93  79  86   2   0  21 0.00  0.0    0  8.6 17 150   M    M   0        20 130
 2  94  80  87   3   0  22 0.05  0.0    0  6.2 30 150   M    M   1 13     35 150
 3  90  78  84   0   0  19 0.00  0.0    0  7.0 17 170   M    M   1 3      20 170
 4  86  76  81  -3   0  16 1.33  0.0    0  7.9 22 260   M    M   3 138    29 260
 5  87  78  83  -1   0  18 0.04  0.0    0  9.0 18 270   M    M   2 1      26 280
 6  85  78  82  -2   0  17 0.01  0.0    0  9.6 20 290   M    M   1        26 290
 7  82  73  78  -6   0  13 0.59  0.0    0  8.3 23 280   M    M   5 123    34 290
 8  81  74  78  -6   0  13 3.07  0.0    0  9.5 30 180   M    M   5 123    33 180
 9  79  73  76  -8   0  11 1.59  0.0    0 10.4 20 190   M    M   5 13     23 180
10  87  74  81  -3   0  16 0.04  0.0    0  8.8 25 280   M    M   1 3      32 280
11  87  75  81  -3   0  16 0.08  0.0    0  5.6 16 130   M    M   2 13     21  20
12  86  75  81  -3   0  16    T  0.0    0  6.3 20 140   M    M   2 3      22 130
13  88  75  82  -2   0  17 0.06  0.0    0  7.9 25 180   M    M   0 3      31 180
14  86  77  82  -2   0  17 0.06  0.0    0  9.7 30 170   M    M   1 138    35 170
15  89  78  84   0   0  19 0.05  0.0    0  9.4 22 110   M    M   2 3      28 100
16  90  75  83  -1   0  18 0.39  0.0    0 11.6 31 120   M    M   0 1238   39 170
17  87  77  82  -2   0  17    T  0.0    0  8.4 24 210   M    M   2 3      30 190
18  90  77  84   0   0  19 0.00  0.0    0  5.8 22  80   M    M   1 3      25  80
19  88  77  83  -1   0  18    T  0.0    0  4.7 14 270   M    M   0 3      22 340
20  86  76  81  -3   0  16 0.56  0.0    0  3.9 20 330   M    M   0 13     26 330
21  86  78  82  -2   0  17 0.00  0.0    0  4.4 14 250   M    M   0 3      18 250
22  89  79  84   0   0  19 0.07  0.0    0  4.1 17 280   M    M   3 8      20 290
23  90  76  83  -1   0  18 0.50  0.0    0  7.6 21  70   M    M   2 13     27 280
24  85  79  82  -2   0  17 0.00  0.0    0 15.2 25  80   M    M   1 3      28  80
25  87  77  82  -2   0  17 0.00  0.0    0 16.0 24  90   M    M   1        27  90
26  90  77  84   0   0  19 0.58  0.0    0 12.5 29 100   M    M   3 13     36  90
================================================================================
SM 2268 1991         0 446  9.07     0.0 218.4          M       44
================================================================================
AV 87.2 76.6                               8.4 FASTST   M    M   2    MAX(MPH)
                                 MISC ---->  # 31 120               # 39  170
================================================================================
NOTES:
# LAST OF SEVERAL OCCURRENCES

COLUMN 17 PEAK WIND IN M.P.H.

PRELIMINARY LOCAL CLIMATOLOGICAL DATA (WS FORM: F-6) , PAGE 2

                                          STATION:  Saint Petersburg
                                          MONTH:    AUGUST
                                          YEAR:     2016
                                          LATITUDE:   27 46 N
                                          LONGITUDE:  82 38 W

[TEMPERATURE DATA]      [PRECIPITATION DATA]       SYMBOLS USED IN COLUMN 16

AVERAGE MONTHLY: 81.9   TOTAL FOR MONTH:   9.07    1 = FOG OR MIST
DPTR FM NORMAL:  -2.1   DPTR FM NORMAL:    2.10    2 = FOG REDUCING VISIBILITY
HIGHEST:    94 ON  2    GRTST 24HR  3.69 ON  8- 9      TO 1/4 MILE OR LESS
LOWEST:     73 ON  9, 7                            3 = THUNDER
                        SNOW, ICE PELLETS, HAIL    4 = ICE PELLETS
                        TOTAL MONTH:   0.0 INCH    5 = HAIL
                        GRTST 24HR     0.0         6 = FREEZING RAIN OR DRIZZLE
                        GRTST DEPTH:   0           7 = DUSTSTORM OR SANDSTORM:
                                                       VSBY 1/2 MILE OR LESS
                                                   8 = SMOKE OR HAZE
[NO. OF DAYS WITH]      [WEATHER - DAYS WITH]      9 = BLOWING SNOW
                                                   X = TORNADO
MAX 32 OR BELOW:   0    0.01 INCH OR MORE:  17
MAX 90 OR ABOVE:   7    0.10 INCH OR MORE:   8
MIN 32 OR BELOW:   0    0.50 INCH OR MORE:   7
MIN  0 OR BELOW:   0    1.00 INCH OR MORE:   3

[HDD (BASE 65) ]
TOTAL THIS MO.     0    CLEAR  (SCALE 0-3)  22
DPTR FM NORMAL     0    PTCLDY (SCALE 4-7)   4
TOTAL FM JUL 1     0    CLOUDY (SCALE 8-10)  0
DPTR FM NORMAL     0

[CDD (BASE 65) ]
TOTAL THIS MO.   446
DPTR FM NORMAL   -48    [PRESSURE DATA]
TOTAL FM JAN 1  2672    HIGHEST SLP M ON M
DPTR FM NORMAL   149    LOWEST  SLP 29.88 ON 26

[REMARKS]
