000
CXUS55 KTBW 191000
CF6SPG
PRELIMINARY LOCAL CLIMATOLOGICAL DATA (WS FORM: F-6)

                                          STATION:   Saint Petersburg
                                          MONTH:     FEBRUARY
                                          YEAR:      2017
                                          LATITUDE:   27 46 N
                                          LONGITUDE:  82 38 W

  TEMPERATURE IN F:       :PCPN:    SNOW:  WIND      :SUNSHINE: SKY     :PK WND
================================================================================
1   2   3   4   5  6A  6B    7    8   9   10  11  12  13   14  15   16   17  18
                                     12Z  AVG MX 2MIN
DY MAX MIN AVG DEP HDD CDD  WTR  SNW DPTH SPD SPD DIR MIN PSBL S-S WX    SPD DR
================================================================================

 1  71  55  63   1   2   0 0.00  0.0    0  4.1 10  60   M    M   0 1      12 320
 2  73  59  66   3   0   1 0.00  0.0    0  6.0 12  60   M    M   0        13 350
 3  75  59  67   4   0   2 0.00  0.0    0  5.8 12 360   M    M   0        15 330
 4  73  62  68   5   0   3 0.00  0.0    0  8.1 18  60   M    M   2        21  50
 5  69  56  63   0   2   0 0.00  0.0    0  6.9 14 350   M    M   4 1      18 330
 6  79  60  70   7   0   5 0.00  0.0    0  6.6 15 130   M    M   1        17 130
 7  78  64  71   8   0   6 0.00  0.0    0 10.5 21 210   M    M   1 38     27 210
 8  76  62  69   6   0   4 0.43  0.0    0 10.4 28  30   M    M   6 13     31  30
 9  75  64  70   7   0   5 0.00  0.0    0 11.5 21 350   M    M   5 1      28 350
10  70  54  62  -2   3   0 0.00  0.0    0 15.9 26  50   M    M   0        31  30
11  74  59  67   3   0   2 0.00  0.0    0  6.3 14 140   M    M   0        16 240
12  74  62  68   4   0   3 0.00  0.0    0  6.7 15 250   M    M   0        18 250
13  78  66  72   8   0   7 0.00  0.0    0  6.4 13 340   M    M   1 1      16 360
14  75  65  70   6   0   5 0.00  0.0    0  4.7 13 170   M    M   5 1      15 180
15  75  66  71   7   0   6 0.10  0.0    0 11.8 24 240   M    M   5 13     33 230
16  66  57  62  -2   3   0 0.00  0.0    0  9.4 16 350   M    M   3        23 310
17  71  55  63  -1   2   0 0.00  0.0    0  4.6 12  50   M    M   0        13  50
18  71  61  66   2   0   1    T  0.0    0  8.0 18 340   M    M   5        24 340
================================================================================
SM 1323 1086        12  50  0.53     0.0 143.7          M       38
================================================================================
AV 73.5 60.3                               8.0 FASTST   M    M   2    MAX(MPH)
                                 MISC ---->  # 28  30               # 33  230
================================================================================
NOTES:
# LAST OF SEVERAL OCCURRENCES

COLUMN 17 PEAK WIND IN M.P.H.

PRELIMINARY LOCAL CLIMATOLOGICAL DATA (WS FORM: F-6) , PAGE 2

                                          STATION:  Saint Petersburg
                                          MONTH:    FEBRUARY
                                          YEAR:     2017
                                          LATITUDE:   27 46 N
                                          LONGITUDE:  82 38 W

[TEMPERATURE DATA]      [PRECIPITATION DATA]       SYMBOLS USED IN COLUMN 16

AVERAGE MONTHLY: 66.9   TOTAL FOR MONTH:   0.53    1 = FOG OR MIST
DPTR FM NORMAL:   3.5   DPTR FM NORMAL:   -1.15    2 = FOG REDUCING VISIBILITY
HIGHEST:    79 ON  6    GRTST 24HR  0.43 ON  8- 8      TO 1/4 MILE OR LESS
LOWEST:     54 ON 10                               3 = THUNDER
                        SNOW, ICE PELLETS, HAIL    4 = ICE PELLETS
                        TOTAL MONTH:   0.0 INCH    5 = HAIL
                        GRTST 24HR     0.0         6 = FREEZING RAIN OR DRIZZLE
                        GRTST DEPTH:   0           7 = DUSTSTORM OR SANDSTORM:
                                                       VSBY 1/2 MILE OR LESS
                                                   8 = SMOKE OR HAZE
[NO. OF DAYS WITH]      [WEATHER - DAYS WITH]      9 = BLOWING SNOW
                                                   X = TORNADO
MAX 32 OR BELOW:   0    0.01 INCH OR MORE:   2
MAX 90 OR ABOVE:   0    0.10 INCH OR MORE:   2
MIN 32 OR BELOW:   0    0.50 INCH OR MORE:   0
MIN  0 OR BELOW:   0    1.00 INCH OR MORE:   0

[HDD (BASE 65) ]
TOTAL THIS MO.    12    CLEAR  (SCALE 0-3)  11
DPTR FM NORMAL   -52    PTCLDY (SCALE 4-7)   7
TOTAL FM JUL 1   120    CLOUDY (SCALE 8-10)  0
DPTR FM NORMAL  -231

[CDD (BASE 65) ]
TOTAL THIS MO.    50
DPTR FM NORMAL    14    [PRESSURE DATA]
TOTAL FM JAN 1   142    HIGHEST SLP M ON M
DPTR FM NORMAL    61    LOWEST  SLP 29.78 ON 15

[REMARKS]
