000
CXUS54 KOUN 260700
CF6SPS
PRELIMINARY LOCAL CLIMATOLOGICAL DATA (WS FORM: F-6)

                                          STATION:   WICHITA FALLS
                                          MONTH:     MAY
                                          YEAR:      2016
                                          LATITUDE:   33 58 N
                                          LONGITUDE:  98 29 W

  TEMPERATURE IN F:       :PCPN:    SNOW:  WIND      :SUNSHINE: SKY     :PK WND
================================================================================
1   2   3   4   5  6A  6B    7    8   9   10  11  12  13   14  15   16   17  18
                                     12Z  AVG MX 2MIN
DY MAX MIN AVG DEP HDD CDD  WTR  SNW DPTH SPD SPD DIR MIN PSBL S-S WX    SPD DR
================================================================================

 1  69  48  59  -8   6   0 0.22  0.0    0 13.9 25 360   M    M   4 13     30 360
 2  69  47  58 -10   7   0 0.00  0.0    0 10.5 23 340   M    M   4        30 360
 3  74  45  60  -8   5   0 0.08  0.0    0  6.7 36 330   M    M   1 1      42 320
 4  83  53  68   0   0   3 0.00  0.0    0 10.6 17 330   M    M   0 1      23 330
 5  83  53  68   0   0   3 0.00  0.0    0  4.6 12 100   M    M   0        13  70
 6  84  52  68  -1   0   3 0.00  0.0    0  9.0 20 140   M    M   2        25 120
 7  84  54  69   0   0   4 0.00  0.0    0 15.2 28 140   M    M   0        34 140
 8  85  61  73   4   0   8    T  0.0    0 16.1 37 160   M    M   1 3      46 160
 9  88  61  75   5   0  10 0.11  0.0    0 17.3 30 200   M    M   2 13     37 230
10  95  51  73   3   0   8 0.00  0.0    0 14.4 30 180   M    M   0        39 170
11  87  64  76   6   0  11 0.00  0.0    0 10.9 22 180   M    M   2        31 180
12  82  63  73   3   0   8 0.00  0.0    0 13.0 39 340   M    M   2 3      49 330
13  85  55  70  -1   0   5 0.00  0.0    0  8.9 20 140   M    M   2        26 170
14  74  52  63  -8   2   0    T  0.0    0 15.6 30  40   M    M   6        36  40
15  66  53  60 -11   5   0 0.00  0.0    0  6.9 13 110   M    M   9        16  60
16  81  60  71  -1   0   6    T  0.0    0 12.9 22 160   M    M   8 18     27 160
17  67  56  62 -10   3   0 2.47  0.0    0 13.9 41  30   M    M   9 13     53  30
18  62  54  58 -14   7   0 0.03  0.0    0  9.7 18  70   M    M  10        23  70
19  62  55  59 -13   6   0 0.12  0.0    0  7.8 15  50   M    M  10 13     18  50
20  77  57  67  -6   0   2 0.01  0.0    0  6.2 13 130   M    M   7 1      17 120
21  83  60  72  -1   0   7 0.00  0.0    0 11.4 23 120   M    M   5 1      29 120
22  85  65  75   2   0  10 0.10  0.0    0 12.6 23 140   M    M   6 13     27 140
23  80  60  70  -4   0   5 2.23  0.0    0 14.7 39 340   M    M   6 13     49 350
24  87  65  76   2   0  11 0.02  0.0    0 14.3 25 350   M    M   6 3      40 340
25  91  74  83   9   0  18 0.00  0.0    0 15.8 25 160   M    M   5 18     30 170
================================================================================
SM 1983 1418        41 122  5.39     0.0 292.9          M      107
================================================================================
AV 79.3 56.7                              11.7 FASTST   M    M   4    MAX(MPH)
                                 MISC ---->  # 41  30               # 53   30
================================================================================
NOTES:
# LAST OF SEVERAL OCCURRENCES

COLUMN 17 PEAK WIND IN M.P.H.

PRELIMINARY LOCAL CLIMATOLOGICAL DATA (WS FORM: F-6) , PAGE 2

                                          STATION:  WICHITA FALLS
                                          MONTH:    MAY
                                          YEAR:     2016
                                          LATITUDE:   33 58 N
                                          LONGITUDE:  98 29 W

[TEMPERATURE DATA]      [PRECIPITATION DATA]       SYMBOLS USED IN COLUMN 16

AVERAGE MONTHLY: 68.0   TOTAL FOR MONTH:   5.39    1 = FOG OR MIST
DPTR FM NORMAL:  -2.7   DPTR FM NORMAL:    2.44    2 = FOG REDUCING VISIBILITY
HIGHEST:    95 ON 10    GRTST 24HR  2.50 ON 17-18      TO 1/4 MILE OR LESS
LOWEST:     45 ON  3                               3 = THUNDER
                        SNOW, ICE PELLETS, HAIL    4 = ICE PELLETS
                        TOTAL MONTH:   0.0 INCH    5 = HAIL
                        GRTST 24HR     0.0         6 = FREEZING RAIN OR DRIZZLE
                        GRTST DEPTH:   0           7 = DUSTSTORM OR SANDSTORM:
                                                       VSBY 1/2 MILE OR LESS
                                                   8 = SMOKE OR HAZE
[NO. OF DAYS WITH]      [WEATHER - DAYS WITH]      9 = BLOWING SNOW
                                                   X = TORNADO
MAX 32 OR BELOW:   0    0.01 INCH OR MORE:  10
MAX 90 OR ABOVE:   2    0.10 INCH OR MORE:   6
MIN 32 OR BELOW:   0    0.50 INCH OR MORE:   2
MIN  0 OR BELOW:   0    1.00 INCH OR MORE:   2

[HDD (BASE 65) ]
TOTAL THIS MO.    41    CLEAR  (SCALE 0-3)  11
DPTR FM NORMAL    21    PTCLDY (SCALE 4-7)  10
TOTAL FM JUL 1  2312    CLOUDY (SCALE 8-10)  4
DPTR FM NORMAL  -653

[CDD (BASE 65) ]
TOTAL THIS MO.   122
DPTR FM NORMAL   -42    [PRESSURE DATA]
TOTAL FM JAN 1   190    HIGHEST SLP M ON M
DPTR FM NORMAL   -66    LOWEST  SLP 29.48 ON  9

[REMARKS]
