000
CXUS54 KLZK 221330
CF6SRC
PRELIMINARY LOCAL CLIMATOLOGICAL DATA (WS FORM: F-6)

                                          STATION:   Searcy Airport
                                          MONTH:     SEPTEMBER
                                          YEAR:      2014
                                          LATITUDE:   35 12 N
                                          LONGITUDE:  91 44 W

  TEMPERATURE IN F:       :PCPN:    SNOW:  WIND      :SUNSHINE: SKY     :PK WND
================================================================================
1   2   3   4   5  6A  6B    7    8   9   10  11  12  13   14  15   16   17  18
                                     12Z  AVG MX 2MIN
DY MAX MIN AVG DEP HDD CDD  WTR  SNW DPTH SPD SPD DIR MIN PSBL S-S WX    SPD DR
================================================================================

 1  92  72  82   4   0  17 0.00  0.0    0  6.9 15 280   M    M   2         M  M
 2   M   M   M   M   M   M 0.00  0.0    0  3.9  7 230   M    M   3         M  M
 3   M   M   M   M   M   M    M    M    M   M   M   M   M    M   M         M  M
 4  95  73  84   7   0  19 0.00  0.0    M  4.4  9 200   M    M   0 1       M  M
 5  98  71  85   8   0  20 0.12  0.0    0  2.7  8 250   M    M   1 128     M  M
 6  88  70  79   3   0  14 0.00  0.0    0  8.2 15  20   M    M   1 1       M  M
 7  86  65  76   0   0  11 0.00  0.0    0  8.1 12  60   M    M   1         M  M
 8  89  63  76   0   0  11 0.00  0.0    0  3.8  9 140   M    M   1         M  M
 9  94  67  81   6   0  16 0.00  0.0    0  6.0 14 170   M    M   0 1       M  M
10  95  74  85  10   0  20 0.00  0.0    0  8.8 16 190   M    M   1         M  M
11  80  65  73  -2   0   8 0.26  0.0    0  7.1 16  30   M    M   8 1       M  M
12  65  58  62 -12   3   0 0.08  0.0    0 10.1 14  40   M    M  10 1       M  M
13  71  56  64 -10   1   0 0.00  0.0    0 10.9 17  30   M    M   6 8       M  M
14  77  53  65  -9   0   0 0.00  0.0    0  4.9  8  80   M    M   0         M  M
15  78  62  70  -3   0   5 0.00  0.0    0  2.3  6 200   M    M   0 1       M  M
16  75  64  70  -3   0   5 0.00  0.0    0  5.3 10  40   M    M   5 1       M  M
17  78  59  69  -3   0   4 0.00  0.0    0  3.9  9  70   M    M   5         M  M
18  81  63  72   0   0   7 0.00  0.0    0  8.1 13  20   M    M   6 1       M  M
19  86  64  75   4   0  10 0.00  0.0    0  4.4  8 110   M    M   4 18      M  M
20  92  63  78   7   0  13 0.00  0.0    0  2.3  8 190   M    M   0 1       M  M
21  89  64  77   7   0  12 0.00  0.0    0  5.0 10 340   M    M   1 1       M  M
================================================================================
SM 1609 1226         4 192  0.46     0.0 117.1          M       55
================================================================================
AV 84.7 64.5                               5.9 FASTST   M    M   3    MAX(MPH)
                                 MISC ---->    17   M                  M    M
================================================================================
NOTES:
# LAST OF SEVERAL OCCURRENCES

COLUMN 17 PEAK WIND IN M.P.H.

PRELIMINARY LOCAL CLIMATOLOGICAL DATA (WS FORM: F-6) , PAGE 2

                                          STATION:  Searcy Airport
                                          MONTH:    SEPTEMBER
                                          YEAR:     2014
                                          LATITUDE:   35 12 N
                                          LONGITUDE:  91 44 W

[TEMPERATURE DATA]      [PRECIPITATION DATA]       SYMBOLS USED IN COLUMN 16

AVERAGE MONTHLY: 74.6   TOTAL FOR MONTH:   0.46    1 = FOG OR MIST
DPTR FM NORMAL:   0.1   DPTR FM NORMAL:   -1.80    2 = FOG REDUCING VISIBILITY
HIGHEST:    98 ON  5    GRTST 24HR  0.26 ON 11-11      TO 1/4 MILE OR LESS
LOWEST:     53 ON 14                               3 = THUNDER
                        SNOW, ICE PELLETS, HAIL    4 = ICE PELLETS
                        TOTAL MONTH:   0.0 INCH    5 = HAIL
                        GRTST 24HR     0.0         6 = FREEZING RAIN OR DRIZZLE
                        GRTST DEPTH:   0           7 = DUSTSTORM OR SANDSTORM:
                                                       VSBY 1/2 MILE OR LESS
                                                   8 = SMOKE OR HAZE
[NO. OF DAYS WITH]      [WEATHER - DAYS WITH]      9 = BLOWING SNOW
                                                   X = TORNADO
MAX 32 OR BELOW:   0    0.01 INCH OR MORE:   3
MAX 90 OR ABOVE:   6    0.10 INCH OR MORE:   2
MIN 32 OR BELOW:   0    0.50 INCH OR MORE:   0
MIN  0 OR BELOW:   0    1.00 INCH OR MORE:   0

[HDD (BASE 65) ]
TOTAL THIS MO.     4    CLEAR  (SCALE 0-3)  13
DPTR FM NORMAL    -1    PTCLDY (SCALE 4-7)   6
TOTAL FM JUL 1     4    CLOUDY (SCALE 8-10)  1
DPTR FM NORMAL    -1

[CDD (BASE 65) ]
TOTAL THIS MO.   192
DPTR FM NORMAL   -16    [PRESSURE DATA]
TOTAL FM JAN 1  1646    HIGHEST SLP M ON M
DPTR FM NORMAL  -161    LOWEST  SLP M ON M

[REMARKS]
