000
CXUS55 KTBW 261000
CF6SRQ
PRELIMINARY LOCAL CLIMATOLOGICAL DATA (WS FORM: F-6)

                                          STATION:   Sarasota Bradenton
                                          MONTH:     APRIL
                                          YEAR:      2017
                                          LATITUDE:   27 23 N
                                          LONGITUDE:  82 33 W

  TEMPERATURE IN F:       :PCPN:    SNOW:  WIND      :SUNSHINE: SKY     :PK WND
================================================================================
1   2   3   4   5  6A  6B    7    8   9   10  11  12  13   14  15   16   17  18
                                     12Z  AVG MX 2MIN
DY MAX MIN AVG DEP HDD CDD  WTR  SNW DPTH SPD SPD DIR MIN PSBL S-S WX    SPD DR
================================================================================

 1  81  64  73   4   0   8 0.00  0.0    0  3.8 12 270   M    M   2        14 270
 2  85  65  75   6   0  10 0.00  0.0    0  6.7 13 240   M    M   0        15 250
 3  88  68  78   9   0  13 0.00  0.0    0 15.2 28 180   M    M   1        35 180
 4  84  72  78   9   0  13 0.00  0.0    0 14.0 24 180   M    M   2        33 190
 5  85  69  77   7   0  12 0.00  0.0    0 12.9 26 190   M    M   1 18     31 170
 6  78  65  72   2   0   7    T  0.0    0 15.2 23 310   M    M   4 13     31 310
 7  75  59  67  -3   0   2 0.00  0.0    0 11.2 24 330   M    M   1        29 340
 8  77  50  64  -6   1   0 0.00  0.0    0  8.2 21 290   M    M   0        26 290
 9  85  55  70   0   0   5 0.00  0.0    0  9.1 20 320   M    M   1        23 320
10  87  58  73   3   0   8 0.00  0.0    0  9.4 20 110   M    M   3        28  70
11  85  60  73   3   0   8 0.00  0.0    0  9.6 20 280   M    M   3        25 100
12  86  61  74   4   0   9 0.00  0.0    0  9.2 20 290   M    M   4        24 300
13  88  64  76   5   0  11 0.00  0.0    0  8.7 16  90   M    M   4        22  70
14  88  61  75   4   0  10 0.00  0.0    0 10.5 22 100   M    M   2        27 100
15  88  64  76   5   0  11 0.00  0.0    0 12.4 23 100   M    M   2        28 100
16  86  63  75   4   0  10 0.00  0.0    0 10.0 18 310   M    M   2        22  80
17  84  63  74   3   0   9 0.00  0.0    0  8.3 16 290   M    M   2        19 260
18  85  67  76   4   0  11    T  0.0    0  7.1 15 230   M    M   7        18 220
19  90  68  79   7   0  14 0.00  0.0    0 11.0 22 110   M    M   4        28 110
20  89  66  78   6   0  13 0.00  0.0    0 10.8 21 290   M    M   3        25 300
21  88  62  75   3   0  10 0.00  0.0    0  9.1 20 120   M    M   0        25 140
22  84  63  74   2   0   9    T  0.0    0  6.0 17 130   M    M   4        21 140
23  87  70  79   7   0  14 0.00  0.0    0  7.5 17 290   M    M   5        21  70
24  80  68  74   2   0   9    T  0.0    0 14.9 25 300   M    M   7        34 290
25  78  63  71  -2   0   6 0.00  0.0    0  9.0 17 310   M    M   4        23 290
================================================================================
SM 2111 1588         1 232    T      0.0 249.8          M       68
================================================================================
AV 84.4 63.5                              10.0 FASTST   M    M   3    MAX(MPH)
                                 MISC ---->  # 28 180               # 35  180
================================================================================
NOTES:
# LAST OF SEVERAL OCCURRENCES

COLUMN 17 PEAK WIND IN M.P.H.

PRELIMINARY LOCAL CLIMATOLOGICAL DATA (WS FORM: F-6) , PAGE 2

                                          STATION:  Sarasota Bradenton
                                          MONTH:    APRIL
                                          YEAR:     2017
                                          LATITUDE:   27 23 N
                                          LONGITUDE:  82 33 W

[TEMPERATURE DATA]      [PRECIPITATION DATA]       SYMBOLS USED IN COLUMN 16

AVERAGE MONTHLY: 74.0   TOTAL FOR MONTH:      T    1 = FOG OR MIST
DPTR FM NORMAL:   3.3   DPTR FM NORMAL:   -2.13    2 = FOG REDUCING VISIBILITY
HIGHEST:    90 ON 19    GRTST 24HR    T  ON 24-24      TO 1/4 MILE OR LESS
LOWEST:     50 ON  8                               3 = THUNDER
                        SNOW, ICE PELLETS, HAIL    4 = ICE PELLETS
                        TOTAL MONTH:   0.0 INCH    5 = HAIL
                        GRTST 24HR     0.0         6 = FREEZING RAIN OR DRIZZLE
                        GRTST DEPTH:   0           7 = DUSTSTORM OR SANDSTORM:
                                                       VSBY 1/2 MILE OR LESS
                                                   8 = SMOKE OR HAZE
[NO. OF DAYS WITH]      [WEATHER - DAYS WITH]      9 = BLOWING SNOW
                                                   X = TORNADO
MAX 32 OR BELOW:   0    0.01 INCH OR MORE:   0
MAX 90 OR ABOVE:   1    0.10 INCH OR MORE:   0
MIN 32 OR BELOW:   0    0.50 INCH OR MORE:   0
MIN  0 OR BELOW:   0    1.00 INCH OR MORE:   0

[HDD (BASE 65) ]
TOTAL THIS MO.     1    CLEAR  (SCALE 0-3)  15
DPTR FM NORMAL    -7    PTCLDY (SCALE 4-7)  10
TOTAL FM JUL 1   202    CLOUDY (SCALE 8-10)  0
DPTR FM NORMAL  -273

[CDD (BASE 65) ]
TOTAL THIS MO.   232
DPTR FM NORMAL    79    [PRESSURE DATA]
TOTAL FM JAN 1   523    HIGHEST SLP M ON M
DPTR FM NORMAL   166    LOWEST  SLP 29.72 ON 24

[REMARKS]
