000
CXUS55 KTBW 011256
CF6SRQ
PRELIMINARY LOCAL CLIMATOLOGICAL DATA (WS FORM: F-6)

                                          STATION:   Sarasota Bradenton
                                          MONTH:     MAY
                                          YEAR:      2015
                                          LATITUDE:   27 23 N
                                          LONGITUDE:  82 33 W

  TEMPERATURE IN F:       :PCPN:    SNOW:  WIND      :SUNSHINE: SKY     :PK WND
================================================================================
1   2   3   4   5  6A  6B    7    8   9   10  11  12  13   14  15   16   17  18
                                     12Z  AVG MX 2MIN
DY MAX MIN AVG DEP HDD CDD  WTR  SNW DPTH SPD SPD DIR MIN PSBL S-S WX    SPD DR
================================================================================

 1  82  61  72  -2   0   7 0.00  0.0    0  8.5 21 320   M    M   3        26 320
 2  83  62  73  -1   0   8 0.00  0.0    0  8.8 18 320   M    M   0        23 320
 3  86  61  74   0   0   9 0.00  0.0    0 10.6 18  80   M    M   1        23  90
 4  85  61  73  -1   0   8    T  0.0    0 11.5 25  90   M    M   2        30  90
 5  86  65  76   2   0  11 0.00  0.0    0 11.3 23 100   M    M   3        27 100
 6  86  66  76   1   0  11 0.00  0.0    0  8.6 18 280   M    M   1        22 280
 7  86  66  76   1   0  11 0.00  0.0    0  8.0 16 280   M    M   1        22 270
 8  85  61  73  -2   0   8 0.00  0.0    0  7.3 17 280   M    M   0        27 280
 9  85  65  75   0   0  10 0.00  0.0    0  5.6 15 280   M    M   0 1      21 270
10  87  63  75   0   0  10 0.00  0.0    0  5.4 13 280   M    M   0 1      16 250
11  89  68  79   3   0  14 0.00  0.0    0  7.1 14 280   M    M   1        17 280
12  90  70  80   4   0  15 1.02  0.0    0  7.5 22 150   M    M   2 13     26 130
13  87  70  79   3   0  14    T  0.0    0  7.8 16 290   M    M   2 3      19 290
14  89  71  80   4   0  15 0.44  0.0    0  8.3 28 130   M    M   2 38     33 120
15  91  71  81   5   0  16 0.02  0.0    0 10.4 17  80   M    M   2 3      25 100
16  90  71  81   5   0  16 0.38  0.0    0  9.1 25 130   M    M   3 13     31 140
17  88  71  80   3   0  15 1.48  0.0    0  8.0 18 140   M    M   3 13     25 180
18  89  70  80   3   0  15    T  0.0    0  7.5 15 300   M    M   2 8      19 300
19  87  70  79   2   0  14 0.00  0.0    0  8.2 18 290   M    M   2 3      24 290
20  88  74  81   4   0  16 0.00  0.0    0  6.9 17 280   M    M   2        22 290
21  87  71  79   2   0  14 0.00  0.0    0  8.2 20 290   M    M   1        23 290
22  91  72  82   4   0  17 0.00  0.0    0  8.5 29 100   M    M   2 3      42  70
23  93  70  82   4   0  17 0.00  0.0    0  9.6 18  10   M    M   1 13     24  10
24  92  73  83   5   0  18 0.71  0.0    0  9.9 18 100   M    M   2 138    29  10
25  91  72  82   4   0  17 0.60  0.0    0  8.4 30 140   M    M   3 138    45 120
26  90  74  82   4   0  17 0.02  0.0    0  9.4 17 360   M    M   3 3      22 360
27  91  72  82   4   0  17 0.02  0.0    0  9.4 17  70   M    M   1        21  70
28  89  69  79   1   0  14 0.00  0.0    0  9.5 17 100   M    M   2        24  80
29  89  66  78  -1   0  13    T  0.0    0  8.1 15 110   M    M   3        20 120
30  88  69  79   0   0  14 0.10  0.0    0  8.7 16 290   M    M   1 13     20 360
31  87  70  79   0   0  14 0.01  0.0    0  8.3 21 150   M    M   3 3      26 150
================================================================================
SM 2727 2115         0 415  4.80     0.0 264.4          M       54
================================================================================
AV 88.0 68.2                               8.5 FASTST   M    M   2    MAX(MPH)
                                 MISC ---->  # 30 140               # 45  120
================================================================================
NOTES:
# LAST OF SEVERAL OCCURRENCES

COLUMN 17 PEAK WIND IN M.P.H.

PRELIMINARY LOCAL CLIMATOLOGICAL DATA (WS FORM: F-6) , PAGE 2

                                          STATION:  Sarasota Bradenton
                                          MONTH:    MAY
                                          YEAR:     2015
                                          LATITUDE:   27 23 N
                                          LONGITUDE:  82 33 W

[TEMPERATURE DATA]      [PRECIPITATION DATA]       SYMBOLS USED IN COLUMN 16

AVERAGE MONTHLY: 78.1   TOTAL FOR MONTH:   4.80    1 = FOG OR MIST
DPTR FM NORMAL:   1.7   DPTR FM NORMAL:    2.59    2 = FOG REDUCING VISIBILITY
HIGHEST:    93 ON 23    GRTST 24HR  1.48 ON 17-17      TO 1/4 MILE OR LESS
LOWEST:     61 ON  8, 4                            3 = THUNDER
                        SNOW, ICE PELLETS, HAIL    4 = ICE PELLETS
                        TOTAL MONTH:   0.0 INCH    5 = HAIL
                        GRTST 24HR     0.0         6 = FREEZING RAIN OR DRIZZLE
                        GRTST DEPTH:   0           7 = DUSTSTORM OR SANDSTORM:
                                                       VSBY 1/2 MILE OR LESS
                                                   8 = SMOKE OR HAZE
[NO. OF DAYS WITH]      [WEATHER - DAYS WITH]      9 = BLOWING SNOW
                                                   X = TORNADO
MAX 32 OR BELOW:   0    0.01 INCH OR MORE:  11
MAX 90 OR ABOVE:   9    0.10 INCH OR MORE:   7
MIN 32 OR BELOW:   0    0.50 INCH OR MORE:   4
MIN  0 OR BELOW:   0    1.00 INCH OR MORE:   2

[HDD (BASE 65) ]
TOTAL THIS MO.     0    CLEAR  (SCALE 0-3)  31
DPTR FM NORMAL     0    PTCLDY (SCALE 4-7)   0
TOTAL FM JUL 1   470    CLOUDY (SCALE 8-10)  0
DPTR FM NORMAL    -7

[CDD (BASE 65) ]
TOTAL THIS MO.   415
DPTR FM NORMAL    61    [PRESSURE DATA]
TOTAL FM JAN 1  1040    HIGHEST SLP 30.20 ON 23
DPTR FM NORMAL   289    LOWEST  SLP 29.87 ON  1

[REMARKS]
#FINAL-05-15#
