000
CXUS54 KEPZ 171030
CF6SRR
PRELIMINARY LOCAL CLIMATOLOGICAL DATA (WS FORM: F-6)
STATION: RUIDOSO AWOS
MONTH: APRIL
YEAR: 2024
LATITUDE: 33 28 N
LONGITUDE: 105 32 W
TEMPERATURE IN F: :PCPN: SNOW: WIND :SUNSHINE: SKY :PK WND
================================================================================
1 2 3 4 5 6A 6B 7 8 9 10 11 12 13 14 15 16 17 18
12Z AVG MX 2MIN
DY MAX MIN AVG DEP HDD CDD WTR SNW DPTH SPD SPD DIR MIN PSBL S-S WX SPD DR
================================================================================
1 46 32 39 M 26 0 0.07 M M 20.1 33 240 M M 3 41 240
2 46 28 37 M 28 0 T M M 8.0 15 340 M M 4 32 340
3 63 37 50 M 15 0 0.00 M M 7.3 14 320 M M 0 21 320
4 68 37 53 M 12 0 0.00 M M 10.7 23 230 M M 0 31 210
5 68 45 57 M 8 0 0.00 M M 16.4 33 210 M M 0 44 220
6 50 36 43 M 22 0 0.00 M M 25.9 43 230 M M 2 60 260
7 57 34 46 M 19 0 0.00 M M 16.7 31 280 M M 0 45 280
8 57 37 47 M 18 0 0.00 M M 9.4 16 230 M M 0 21 130
9 45 32 39 M 26 0 0.17 M M 7.5 13 360 M M 7 16 0
10 59 34 47 M 18 0 0.03 M M 7.4 16 310 M M 0 23 310
11 66 36 51 M 14 0 0.00 M M 7.2 16 240 M M 0 26 200
12 73 41 57 M 8 0 0.00 M M 9.9 28 150 M M 0 35 160
13 70 48 59 M 6 0 0.00 M M 11.0 22 230 M M 0 29 230
14 72 48 60 M 5 0 0.00 M M 10.8 23 230 M M 0 28 230
15 64 46 55 M 10 0 0.00 M M 27.5 46 230 M M 0 8 62 230
16 66 41 54 M 11 0 0.00 M M 14.0 25 310 M M 0 39 330
================================================================================
SM 970 612 246 0 0.27 M 209.8 M 16
================================================================================
AV 60.6 38.3 13.1 FASTST M M 1 MAX(MPH)
MISC ----> 46 230 62 230
================================================================================
NOTES:
# LAST OF SEVERAL OCCURRENCES
COLUMN 17 PEAK WIND IN M.P.H.
PRELIMINARY LOCAL CLIMATOLOGICAL DATA (WS FORM: F-6) , PAGE 2
STATION: RUIDOSO AWOS
MONTH: APRIL
YEAR: 2024
LATITUDE: 33 28 N
LONGITUDE: 105 32 W
[TEMPERATURE DATA] [PRECIPITATION DATA] SYMBOLS USED IN COLUMN 16
AVERAGE MONTHLY: 49.4 TOTAL FOR MONTH: 0.27 1 = FOG OR MIST
DPTR FM NORMAL: 0.0 DPTR FM NORMAL: 0.27 2 = FOG REDUCING VISIBILITY
HIGHEST: 73 ON 12 GRTST 24HR 0.17 ON 9- 9 TO 1/4 MILE OR LESS
LOWEST: 28 ON 2 3 = THUNDER
SNOW, ICE PELLETS, HAIL 4 = ICE PELLETS
TOTAL MONTH: M 5 = HAIL
GRTST 24HR M ON M 6 = FREEZING RAIN OR DRIZZLE
GRTST DEPTH: M ON M 7 = DUSTSTORM OR SANDSTORM:
VSBY 1/2 MILE OR LESS
8 = SMOKE OR HAZE
[NO. OF DAYS WITH] [WEATHER - DAYS WITH] 9 = BLOWING SNOW
X = TORNADO
MAX 32 OR BELOW: 0 0.01 INCH OR MORE: 3
MAX 90 OR ABOVE: 0 0.10 INCH OR MORE: 1
MIN 32 OR BELOW: 3 0.50 INCH OR MORE: 0
MIN 0 OR BELOW: 0 1.00 INCH OR MORE: 0
[HDD (BASE 65) ]
TOTAL THIS MO. 246 CLEAR (SCALE 0-3) 14
DPTR FM NORMAL M PTCLDY (SCALE 4-7) 2
TOTAL FM JUL 1 4058 CLOUDY (SCALE 8-10) 0
DPTR FM NORMAL M
[CDD (BASE 65) ]
TOTAL THIS MO. 0
DPTR FM NORMAL M [PRESSURE DATA]
TOTAL FM JAN 1 0 HIGHEST SLP M ON M
DPTR FM NORMAL M LOWEST SLP M ON M
[REMARKS]