000
CXUS54 KEWX 260910
CF6SSF
PRELIMINARY LOCAL CLIMATOLOGICAL DATA (WS FORM: F-6)

                                          STATION:   SAN ANTONIO STINSON FIELD
                                          MONTH:     JULY
                                          YEAR:      2014
                                          LATITUDE:   29 19 N
                                          LONGITUDE:  98 29 W

  TEMPERATURE IN F:       :PCPN:    SNOW:  WIND      :SUNSHINE: SKY     :PK WND
================================================================================
1   2   3   4   5  6A  6B    7    8   9   10  11  12  13   14  15   16   17  18
                                     12Z  AVG MX 2MIN
DY MAX MIN AVG DEP HDD CDD  WTR  SNW DPTH SPD SPD DIR MIN PSBL S-S WX    SPD DR
================================================================================

 1  95  74  85   1   0  20 0.00    M    M 11.2 24 130   M    M   3 1      32 130
 2  93  73  83  -1   0  18 0.00    M    M  7.6 18 120   M    M   2        22 120
 3  92  71  82  -2   0  17 0.00    M    M  5.6 21  50   M    M   0        26  50
 4  92  69  81  -3   0  16 0.00    M    M  6.2 26 140   M    M   2        33 140
 5  91  71  81  -3   0  16 0.00    M    M  6.9 22 110   M    M   4 3      28 110
 6  94  72  83  -1   0  18 0.00    M    M  8.4 17 130   M    M   1        24 130
 7  94  71  83  -1   0  18 0.00    M    M  7.6 18 130   M    M   0        24 190
 8  95  73  84   0   0  19 0.14    M    M  9.8 22 170   M    M   2 3      32 160
 9  96  69  83  -1   0  18 0.00    M    M  8.7 21 150   M    M   2 1      30 140
10  91  72  82  -2   0  17 0.00    M    M  8.5 26 160   M    M   3 1      35 170
11  94  73  84   0   0  19    T    M    M 10.3 23 130   M    M   5        30 110
12  95  72  84   0   0  19 0.00    M    M  6.6 16 140   M    M   4        21 140
13  97  73  85   1   0  20 0.00    M    M  5.2 15 170   M    M   3        18 180
14  99  73  86   2   0  21 0.00    M    M  6.3 16 150   M    M   1        20 130
15  96  73  85   1   0  20 0.00    M    M  4.6 21 360   M    M   1 3      27 360
16  97  77  87   3   0  22 0.00    M    M  8.1 22 130   M    M   2        31 150
17  98  77  88   4   0  23    T    M    M  9.4 20 140   M    M   5 3      27 140
18  84  72  78  -6   0  13 1.56    M    M  6.3 17 360   M    M   7 13     23  40
19  92  73  83  -1   0  18 0.00    M    M  5.8 10  80   M    M   6        14  70
20  96  77  87   3   0  22 0.00    M    M  6.6 14 140   M    M   4 18     18 140
21  97  78  88   3   0  23 0.00    M    M  7.7 14 150   M    M   4        20 160
22  96  76  86   1   0  21 0.00    M    M  5.2 12 120   M    M   2        15 120
23  97  76  87   2   0  22 0.00    M    M  3.6 15  60   M    M   2 18     21  60
24  93  76  85   0   0  20    T    M    M  4.1 15 150   M    M   2        19 150
25  97  74  86   1   0  21 0.00    M    M  4.8 16 180   M    M   2        23 170
================================================================================
SM 2361 1835         0 481  1.70    M    175.1          M       69
================================================================================
AV 94.4 73.4                               7.0 FASTST   M    M   3    MAX(MPH)
                                 MISC ---->  # 26 140               # 35  170
================================================================================
NOTES:
# LAST OF SEVERAL OCCURRENCES

COLUMN 17 PEAK WIND IN M.P.H.

PRELIMINARY LOCAL CLIMATOLOGICAL DATA (WS FORM: F-6) , PAGE 2

                                          STATION:  SAN ANTONIO STINSON FIELD
                                          MONTH:    JULY
                                          YEAR:     2014
                                          LATITUDE:   29 19 N
                                          LONGITUDE:  98 29 W

[TEMPERATURE DATA]      [PRECIPITATION DATA]       SYMBOLS USED IN COLUMN 16

AVERAGE MONTHLY: 83.9   TOTAL FOR MONTH:   1.70    1 = FOG OR MIST
DPTR FM NORMAL:  -0.3   DPTR FM NORMAL:   -0.13    2 = FOG REDUCING VISIBILITY
HIGHEST:    99 ON 14    GRTST 24HR  1.56 ON 17-18      TO 1/4 MILE OR LESS
LOWEST:     69 ON  9, 4                            3 = THUNDER
                        SNOW, ICE PELLETS, HAIL    4 = ICE PELLETS
                        TOTAL MONTH:    M          5 = HAIL
                        GRTST 24HR    M  ON   M    6 = FREEZING RAIN OR DRIZZLE
                        GRTST DEPTH:  M  ON   M    7 = DUSTSTORM OR SANDSTORM:
                                                       VSBY 1/2 MILE OR LESS
                                                   8 = SMOKE OR HAZE
[NO. OF DAYS WITH]      [WEATHER - DAYS WITH]      9 = BLOWING SNOW
                                                   X = TORNADO
MAX 32 OR BELOW:   0    0.01 INCH OR MORE:   2
MAX 90 OR ABOVE:  24    0.10 INCH OR MORE:   2
MIN 32 OR BELOW:   0    0.50 INCH OR MORE:   1
MIN  0 OR BELOW:   0    1.00 INCH OR MORE:   1

[HDD (BASE 65) ]
TOTAL THIS MO.     0    CLEAR  (SCALE 0-3)  16
DPTR FM NORMAL     0    PTCLDY (SCALE 4-7)   9
TOTAL FM JUL 1     0    CLOUDY (SCALE 8-10)  0
DPTR FM NORMAL     0

[CDD (BASE 65) ]
TOTAL THIS MO.   481
DPTR FM NORMAL     3    [PRESSURE DATA]
TOTAL FM JAN 1  1737    HIGHEST SLP M ON M
DPTR FM NORMAL    58    LOWEST  SLP 29.72 ON 17

[REMARKS]
