000
CXUS52 KJAX 200800
CF6SSI
PRELIMINARY LOCAL CLIMATOLOGICAL DATA (WS FORM: F-6)

                                          STATION:   ST SIMONS ISLAND GA
                                          MONTH:     SEPTEMBER
                                          YEAR:      2017
                                          LATITUDE:   31  9 N
                                          LONGITUDE:  81 23 W

  TEMPERATURE IN F:       :PCPN:    SNOW:  WIND      :SUNSHINE: SKY     :PK WND
================================================================================
1   2   3   4   5  6A  6B    7    8   9   10  11  12  13   14  15   16   17  18
                                     12Z  AVG MX 2MIN
DY MAX MIN AVG DEP HDD CDD  WTR  SNW DPTH SPD SPD DIR MIN PSBL S-S WX    SPD DR
================================================================================

 1  91  76  84   4   0  19 0.04  0.0    0  7.4 15 150   M    M   1 13     20 160
 2  87  73  80   0   0  15 0.16  0.0    0  5.4 20 210   M    M   2 13     29 200
 3  86  73  80   0   0  15 0.00  0.0    0  4.6 12 130   M    M   1        14 100
 4  87  75  81   1   0  16 0.00  0.0    0  5.8 13 150   M    M   3        19 160
 5  87  76  82   2   0  17 0.00  0.0    0  6.9 14 150   M    M   1        16 150
 6  86  75  81   1   0  16    T  0.0    0  8.4 17 220   M    M   2        21 230
 7  83  69  76  -4   0  11 0.00  0.0    0  8.1 15  60   M    M   4        19  70
 8  85  71  78  -2   0  13 0.00  0.0    0 12.5 21  40   M    M   5        27  50
 9  79  75  77  -3   0  12 0.01  0.0    0 19.1 29  40   M    M   9 1      43  40
10  78  68  73  -6   0   8 5.39  0.0    0 24.5 38  50   M    M  10 1      55  50
11  80  69  75  -4   0  10 6.25  0.0    0 32.8 33  50   M    M  10 1      56  50
12  85  67  76  -3   0  11 0.00  0.0    0   M   M   M   M    M   M         M  M
13  85  64  75  -4   0  10 0.00  0.0    0   M   M  50   M    M   M 1       M  M
14  89  74  82   3   0  17 0.00  0.0    0  4.8 13 130   M    M   2        16 120
15  85  78  82   4   0  17 0.00  0.0    0  5.3 13  70   M    M   5        16 100
16  87  75  81   3   0  16 0.00  0.0    0  6.0 15  80   M    M   0 1      18  80
17  89  73  81   3   0  16 0.00  0.0    0  6.4 18  20   M    M   0 1      22  20
18  88  70  79   1   0  14 0.00  0.0    0  6.1 16  80   M    M   0        20  60
19  88  72  80   2   0  15 0.00  0.0    0  4.7 13 130   M    M   2        16 130
================================================================================
SM 1625 1373         0 268 11.85     0.0 168.8          M       57
================================================================================
AV 85.5 72.3                               9.9 FASTST   M    M   3    MAX(MPH)
                                 MISC ---->  # 38  50               # 56   50
================================================================================
NOTES:
# LAST OF SEVERAL OCCURRENCES

COLUMN 17 PEAK WIND IN M.P.H.

PRELIMINARY LOCAL CLIMATOLOGICAL DATA (WS FORM: F-6) , PAGE 2

                                          STATION:  ST SIMONS ISLAND GA
                                          MONTH:    SEPTEMBER
                                          YEAR:     2017
                                          LATITUDE:   31  9 N
                                          LONGITUDE:  81 23 W

[TEMPERATURE DATA]      [PRECIPITATION DATA]       SYMBOLS USED IN COLUMN 16

AVERAGE MONTHLY: 78.9   TOTAL FOR MONTH:  11.85    1 = FOG OR MIST
DPTR FM NORMAL:  -0.3   DPTR FM NORMAL:    8.06    2 = FOG REDUCING VISIBILITY
HIGHEST:    91 ON  1    GRTST 24HR  6.25 ON 11-11      TO 1/4 MILE OR LESS
LOWEST:     64 ON 13                               3 = THUNDER
                        SNOW, ICE PELLETS, HAIL    4 = ICE PELLETS
                        TOTAL MONTH:   0.0 INCH    5 = HAIL
                        GRTST 24HR     0.0         6 = FREEZING RAIN OR DRIZZLE
                        GRTST DEPTH:   0           7 = DUSTSTORM OR SANDSTORM:
                                                       VSBY 1/2 MILE OR LESS
                                                   8 = SMOKE OR HAZE
[NO. OF DAYS WITH]      [WEATHER - DAYS WITH]      9 = BLOWING SNOW
                                                   X = TORNADO
MAX 32 OR BELOW:   0    0.01 INCH OR MORE:   5
MAX 90 OR ABOVE:   1    0.10 INCH OR MORE:   3
MIN 32 OR BELOW:   0    0.50 INCH OR MORE:   2
MIN  0 OR BELOW:   0    1.00 INCH OR MORE:   2

[HDD (BASE 65) ]
TOTAL THIS MO.     0    CLEAR  (SCALE 0-3)  11
DPTR FM NORMAL     0    PTCLDY (SCALE 4-7)   3
TOTAL FM JUL 1     0    CLOUDY (SCALE 8-10)  3
DPTR FM NORMAL     0

[CDD (BASE 65) ]
TOTAL THIS MO.   268
DPTR FM NORMAL    -4    [PRESSURE DATA]
TOTAL FM JAN 1  2595    HIGHEST SLP M ON M
DPTR FM NORMAL   347    LOWEST  SLP 29.13 ON 11

[REMARKS]
