000
CXUS53 KGRB 260720
CF6STE
PRELIMINARY LOCAL CLIMATOLOGICAL DATA (WS FORM: F-6)

                                          STATION:   STEVENS POINT WI
                                          MONTH:     JUNE
                                          YEAR:      2017
                                          LATITUDE:   44 32 N
                                          LONGITUDE:  89 32 W

  TEMPERATURE IN F:       :PCPN:    SNOW:  WIND      :SUNSHINE: SKY     :PK WND
================================================================================
1   2   3   4   5  6A  6B    7    8   9   10  11  12  13   14  15   16   17  18
                                     12Z  AVG MX 2MIN
DY MAX MIN AVG DEP HDD CDD  WTR  SNW DPTH SPD SPD DIR MIN PSBL S-S WX    SPD DR
================================================================================

 1  74  34  54   M  11   0 0.00  0.0    0  2.9 10 270   M    M   0        16 270
 2  82  38  60   M   5   0 0.00  0.0    0  2.7  8 230   M    M   1         M  M
 3  86  55  71   M   0   6 0.01  0.0    0  5.7 16 210   M    M   5 13     27 210
 4  83  52  68   M   0   3 0.00  0.0    0  5.0 14 270   M    M   2 12     20 280
 5  78  46  62   M   3   0 0.00  0.0    0  8.4 15  60   M    M   3        21  20
 6  77  41  59   M   6   0 0.00  0.0    0  4.1 12  60   M    M   0         M  M
 7  79  43  61   M   4   0 0.00  0.0    0  2.1  8 290   M    M   0         M  M
 8  81  47  64   M   1   0 0.00  0.0    0  6.3 17 230   M    M   4        23 230
 9  80  54  67   M   0   2 0.00  0.0    0  5.3  8  70   M    M   2         M  M
10  88  58  73   M   0   8 0.00  0.0    0 15.5 27 190   M    M   1        36 200
11  80  65  73   M   0   8 0.00  0.0    0  8.4 15 320   M    M   7        24 220
12  83  70  77   M   0  12 0.00  0.0    0  3.6  8  90   M    M   8 3       M  M
13  76  62  69   M   0   4 1.97  0.0    0  7.8 16  90   M    M   6 3      17 100
14  84  58  71   M   0   6 0.06  0.0    0  5.7 10 220   M    M   5 13     25 300
15  83  57  70   M   0   5 0.00  0.0    0  5.8 16 290   M    M   3 12     31 280
16  80  55  68   M   0   3 0.58  0.0    0  4.7 13 220   M    M   4         M  M
17  80  58  69   M   0   4 0.00  0.0    0  4.8  9 250   M    M   5         M  M
18  70  57  64   M   1   0 0.42  0.0    0  9.1 16 280   M    M   8        28 280
19  69  51  60   M   5   0 0.06  0.0    0  6.7 15 340   M    M   7        22 280
20  72  45  59   M   6   0 0.09    M    0  5.2 13 330   M    M   5        27 240
21  75  45  60   M   5   0 0.00  0.0    0  4.7 13 190   M    M   3        18 190
22  69  60  65   M   0   0 1.33  0.0    0  5.0 10 200   M    M   8 1       M  M
23  72  55  64   M   1   0 0.01  0.0    0  6.4 13 290   M    M   5 1      24 290
24  65  50  58   M   7   0 0.00  0.0    0  9.3 17 250   M    M   7        28 250
25  64  48  56   M   9   0 0.03    M    0  7.3 15 260   M    M   5        22 270
================================================================================
SM 1930 1304        64  61  4.56     0.0 152.5          M      104
================================================================================
AV 77.2 52.2                               6.1 FASTST   M    M   4    MAX(MPH)
                                 MISC ---->  # 27 190               # 36  200
================================================================================
NOTES:
# LAST OF SEVERAL OCCURRENCES

COLUMN 17 PEAK WIND IN M.P.H.

PRELIMINARY LOCAL CLIMATOLOGICAL DATA (WS FORM: F-6) , PAGE 2

                                          STATION:  STEVENS POINT WI
                                          MONTH:    JUNE
                                          YEAR:     2017
                                          LATITUDE:   44 32 N
                                          LONGITUDE:  89 32 W

[TEMPERATURE DATA]      [PRECIPITATION DATA]       SYMBOLS USED IN COLUMN 16

AVERAGE MONTHLY: 64.7   TOTAL FOR MONTH:   4.56    1 = FOG OR MIST
DPTR FM NORMAL:     M   DPTR FM NORMAL:       M    2 = FOG REDUCING VISIBILITY
HIGHEST:    88 ON 10    GRTST 24HR  1.97 ON 13-13      TO 1/4 MILE OR LESS
LOWEST:     34 ON  1                               3 = THUNDER
                        SNOW, ICE PELLETS, HAIL    4 = ICE PELLETS
                        TOTAL MONTH:   0.0 INCH    5 = HAIL
                        GRTST 24HR     0.0         6 = FREEZING RAIN OR DRIZZLE
                        GRTST DEPTH:   0           7 = DUSTSTORM OR SANDSTORM:
                                                       VSBY 1/2 MILE OR LESS
                                                   8 = SMOKE OR HAZE
[NO. OF DAYS WITH]      [WEATHER - DAYS WITH]      9 = BLOWING SNOW
                                                   X = TORNADO
MAX 32 OR BELOW:   0    0.01 INCH OR MORE:  10
MAX 90 OR ABOVE:   0    0.10 INCH OR MORE:   4
MIN 32 OR BELOW:   0    0.50 INCH OR MORE:   3
MIN  0 OR BELOW:   0    1.00 INCH OR MORE:   2

[HDD (BASE 65) ]
TOTAL THIS MO.    64    CLEAR  (SCALE 0-3)  10
DPTR FM NORMAL     M    PTCLDY (SCALE 4-7)  13
TOTAL FM JUL 1  7671    CLOUDY (SCALE 8-10)  2
DPTR FM NORMAL  7413

[CDD (BASE 65) ]
TOTAL THIS MO.    61
DPTR FM NORMAL     M    [PRESSURE DATA]
TOTAL FM JAN 1    62    HIGHEST SLP M ON M
DPTR FM NORMAL    62    LOWEST  SLP M ON M

[REMARKS]
