000
CXUS53 KLSX 301600
CF6STL
PRELIMINARY LOCAL CLIMATOLOGICAL DATA (WS FORM: F-6)

                                          STATION:   ST. LOUIS
                                          MONTH:     SEPTEMBER
                                          YEAR:      2016
                                          LATITUDE:   38 45 N
                                          LONGITUDE:  90 23 W

  TEMPERATURE IN F:       :PCPN:    SNOW:  WIND      :SUNSHINE: SKY     :PK WND
================================================================================
1   2   3   4   5  6A  6B    7    8   9   10  11  12  13   14  15   16   17  18
                                     12Z  AVG MX 2MIN
DY MAX MIN AVG DEP HDD CDD  WTR  SNW DPTH SPD SPD DIR MIN PSBL S-S WX    SPD DR
================================================================================

 1  82  63  73  -3   0   8 0.00  0.0    0 10.0 20  40   M    M   3        25  40
 2  81  61  71  -5   0   6 0.00  0.0    0  8.2 17  30   M    M   2        22  30
 3  83  62  73  -2   0   8 0.00  0.0    0  6.1 14  80   M    M   4        20 100
 4  88  62  75   0   0  10 0.00  0.0    0  6.5 16 140   M    M   4        21 130
 5  95  73  84   9   0  19 0.00  0.0    0  9.0 17 170   M    M   3        22 210
 6  95  78  87  13   0  22 0.19  0.0    0  9.8 17 240   M    M   1        28 220
 7  96  80  88  14   0  23 0.00  0.0    0 12.4 21 200   M    M   5        27 240
 8  85  70  78   4   0  13 0.32  0.0    0  7.2 18 330   M    M   8 1      26 310
 9  89  70  80   7   0  15 1.44  0.0    0  8.3 24 120   M    M   9 13     30 130
10  79  62  71  -2   0   6 1.41  0.0    0  9.8 23 280   M    M   6 13     31 270
11  80  58  69  -4   0   4 0.00  0.0    0  4.8 10 120   M    M   0        14 150
12  83  60  72   0   0   7 0.00  0.0    0  7.9 16 160   M    M   1        21 190
13  91  66  79   7   0  14 0.00  0.0    0  4.1 14 260   M    M   6        18 260
14  87  69  78   7   0  13 0.00  0.0    0  6.2 13  40   M    M   6        18  50
15  88  70  79   8   0  14    T  0.0    0  7.6 15 180   M    M   7 3      19 170
16  78  70  74   4   0   9 1.32  0.0    0  6.2 20 210   M    M   9 13     24 210
17  83  70  77   7   0  12 0.00  0.0    0  6.0 13 320   M    M   7 1      17 280
18  83  65  74   5   0   9 0.00  0.0    0  2.3  8 200   M    M   4        11 190
19  88  62  75   6   0  10 0.00  0.0    0  4.2 13 200   M    M   2        19 180
20  93  72  83  14   0  18 0.00  0.0    0  5.7 13 170   M    M   5        16 170
21  90  73  82  14   0  17 0.00  0.0    0  6.6 15 150   M    M   6        24 130
22  90  68  79  11   0  14 0.00  0.0    0  4.1 12 170   M    M   3        15 200
23  92  69  81  14   0  16 0.00  0.0    0  1.8  9 200   M    M   3        12 190
24  92  73  83  16   0  18 0.00  0.0    0  3.7 13 180   M    M   2        18 170
25  91  64  78  12   0  13 0.14  0.0    0  8.7 23 330   M    M   5        30 330
26  76  57  67   1   0   2 0.08  0.0    0  8.2 18 270   M    M   4        22 280
27  82  56  69   3   0   4 0.00  0.0    0  9.7 20 260   M    M   1        26 270
28  70  56  63  -2   2   0 0.00  0.0    0 11.9 23 360   M    M   5        30  20
29  71  54  63  -2   2   0 0.01  0.0    0  9.9 18 330   M    M   7        24 330
================================================================================
SM 2481 1913         4 324  4.91     0.0 206.9          M      128
================================================================================
AV 85.6 66.0                               7.1 FASTST   M    M   4    MAX(MPH)
                                 MISC ---->  # 24 120               # 31  270
================================================================================
NOTES:
# LAST OF SEVERAL OCCURRENCES

COLUMN 17 PEAK WIND IN M.P.H.

PRELIMINARY LOCAL CLIMATOLOGICAL DATA (WS FORM: F-6) , PAGE 2

                                          STATION:  ST. LOUIS
                                          MONTH:    SEPTEMBER
                                          YEAR:     2016
                                          LATITUDE:   38 45 N
                                          LONGITUDE:  90 23 W

[TEMPERATURE DATA]      [PRECIPITATION DATA]       SYMBOLS USED IN COLUMN 16

AVERAGE MONTHLY: 75.8   TOTAL FOR MONTH:   4.91    1 = FOG OR MIST
DPTR FM NORMAL:   5.1   DPTR FM NORMAL:    1.88    2 = FOG REDUCING VISIBILITY
HIGHEST:    96 ON  7    GRTST 24HR  2.67 ON  9-10      TO 1/4 MILE OR LESS
LOWEST:     54 ON 29                               3 = THUNDER
                        SNOW, ICE PELLETS, HAIL    4 = ICE PELLETS
                        TOTAL MONTH:   0.0 INCH    5 = HAIL
                        GRTST 24HR     0.0         6 = FREEZING RAIN OR DRIZZLE
                        GRTST DEPTH:   0           7 = DUSTSTORM OR SANDSTORM:
                                                       VSBY 1/2 MILE OR LESS
                                                   8 = SMOKE OR HAZE
[NO. OF DAYS WITH]      [WEATHER - DAYS WITH]      9 = BLOWING SNOW
                                                   X = TORNADO
MAX 32 OR BELOW:   0    0.01 INCH OR MORE:   8
MAX 90 OR ABOVE:  10    0.10 INCH OR MORE:   6
MIN 32 OR BELOW:   0    0.50 INCH OR MORE:   3
MIN  0 OR BELOW:   0    1.00 INCH OR MORE:   3

[HDD (BASE 65) ]
TOTAL THIS MO.     4    CLEAR  (SCALE 0-3)  10
DPTR FM NORMAL   -31    PTCLDY (SCALE 4-7)  17
TOTAL FM JUL 1     4    CLOUDY (SCALE 8-10)  2
DPTR FM NORMAL   -32

[CDD (BASE 65) ]
TOTAL THIS MO.   324
DPTR FM NORMAL   124    [PRESSURE DATA]
TOTAL FM JAN 1  2029    HIGHEST SLP M ON M
DPTR FM NORMAL   430    LOWEST  SLP 29.76 ON 28

[REMARKS]
