000
CXUS54 KOUN 300800
CF6SWO
PRELIMINARY LOCAL CLIMATOLOGICAL DATA (WS FORM: F-6)

                                          STATION:   STILLWATER
                                          MONTH:     JUNE
                                          YEAR:      2015
                                          LATITUDE:   36 10 N
                                          LONGITUDE:  97  5 W

  TEMPERATURE IN F:       :PCPN:    SNOW:  WIND      :SUNSHINE: SKY     :PK WND
================================================================================
1   2   3   4   5  6A  6B    7    8   9   10  11  12  13   14  15   16   17  18
                                     12Z  AVG MX 2MIN
DY MAX MIN AVG DEP HDD CDD  WTR  SNW DPTH SPD SPD DIR MIN PSBL S-S WX    SPD DR
================================================================================

 1  81  54  68  -5   0   3 0.00  0.0    0  5.2 12 140   M    M   1 1      15  80
 2  89  63  76   3   0  11 0.00  0.0    0 10.3 20 160   M    M   2        25 150
 3  90  67  79   5   0  14 0.00  0.0    0 13.6 23 170   M    M   0        31 170
 4  91  67  79   5   0  14 0.00  0.0    0 12.5 21 150   M    M   1        27 160
 5  92  68  80   6   0  15 0.00  0.0    0  7.7 14 190   M    M   1 8      18 200
 6  93  67  80   6   0  15 0.00  0.0    0  7.4 16 190   M    M   1 18     21 170
 7  95  69  82   7   0  17 0.00  0.0    0 10.6 21 210   M    M   1 18     26 230
 8  93  66  80   5   0  15    T  0.0    0  3.7 12 340   M    M   1        15 350
 9  97  64  81   6   0  16 0.00  0.0    0  5.6 13 210   M    M   0        31 120
10  99  68  84   9   0  19 0.00  0.0    0  9.7 21 170   M    M   1        27 160
11  95  76  86  10   0  21 0.00  0.0    0 14.0 23 190   M    M   0        31 190
12  88  67  78   2   0  13 0.89  0.0    0  8.2 23 290   M    M   6 1      32 280
13  83  66  75  -1   0  10 0.69  0.0    0  9.0 14 140   M    M   6        19 210
14  87  69  78   2   0  13 0.10  0.0    0 12.1 20 170   M    M   4        25 140
15  87  69  78   2   0  13    T  0.0    0  6.7 17 160   M    M   5        22 160
16   M   M   M   M   M   M 0.18    M    0  6.1 13 120   M    M   7 1       M  M
17  79  71  75  -2   0  10    T  0.0    0  8.7 21  70   M    M   6        28  70
18  79  69  74  -3   0   9 0.80  0.0    0  9.4 20  10   M    M   5 1      26 360
19  90  66  78   1   0  13 0.00  0.0    0  5.7 12 140   M    M   1 1      15 140
20  92  73  83   5   0  18 0.00  0.0    0 11.4 23 200   M    M   0        32 200
21  89  73  81   3   0  16 0.00  0.0    0 12.9 21 170   M    M   1        26 170
22  92  74  83   5   0  18 0.00  0.0    0 13.9 25 210   M    M   0        35 200
23  94  71  83   5   0  18 0.00  0.0    0  9.4 18 200   M    M   0        25 180
24  94  72  83   5   0  18 0.00  0.0    0 11.4 20 230   M    M   0        25 240
25  95  72  84   5   0  19 0.00  0.0    0 10.4 18 190   M    M   0        25 200
26  92  71  82   3   0  17 0.00  0.0    0  8.3 18  20   M    M   1        25  30
27  87  64  76  -3   0  11 0.00  0.0    0  7.1 15  30   M    M   0        18  40
28  94  61  78  -1   0  13 0.00  0.0    0  8.1 17 190   M    M   0        23 200
29  95  68  82   3   0  17 0.00  0.0    0  5.5 14  40   M    M   1        18  50
================================================================================
SM 2532 1905         0 406  2.66     0.0 264.6          M       52
================================================================================
AV 90.4 68.0                               9.1 FASTST   M    M   2    MAX(MPH)
                                 MISC ---->  # 25 210               # 35  200
================================================================================
NOTES:
# LAST OF SEVERAL OCCURRENCES

COLUMN 17 PEAK WIND IN M.P.H.

PRELIMINARY LOCAL CLIMATOLOGICAL DATA (WS FORM: F-6) , PAGE 2

                                          STATION:  STILLWATER
                                          MONTH:    JUNE
                                          YEAR:     2015
                                          LATITUDE:   36 10 N
                                          LONGITUDE:  97  5 W

[TEMPERATURE DATA]      [PRECIPITATION DATA]       SYMBOLS USED IN COLUMN 16

AVERAGE MONTHLY: 79.2   TOTAL FOR MONTH:   2.66    1 = FOG OR MIST
DPTR FM NORMAL:   2.9   DPTR FM NORMAL:   -1.71    2 = FOG REDUCING VISIBILITY
HIGHEST:    99 ON 10    GRTST 24HR  1.58 ON 12-13      TO 1/4 MILE OR LESS
LOWEST:     54 ON  1                               3 = THUNDER
                        SNOW, ICE PELLETS, HAIL    4 = ICE PELLETS
                        TOTAL MONTH:   0.0 INCH    5 = HAIL
                        GRTST 24HR     0.0         6 = FREEZING RAIN OR DRIZZLE
                        GRTST DEPTH:   0           7 = DUSTSTORM OR SANDSTORM:
                                                       VSBY 1/2 MILE OR LESS
                                                   8 = SMOKE OR HAZE
[NO. OF DAYS WITH]      [WEATHER - DAYS WITH]      9 = BLOWING SNOW
                                                   X = TORNADO
MAX 32 OR BELOW:   0    0.01 INCH OR MORE:   5
MAX 90 OR ABOVE:  18    0.10 INCH OR MORE:   5
MIN 32 OR BELOW:   0    0.50 INCH OR MORE:   3
MIN  0 OR BELOW:   0    1.00 INCH OR MORE:   0

[HDD (BASE 65) ]
TOTAL THIS MO.     0    CLEAR  (SCALE 0-3)  22
DPTR FM NORMAL     0    PTCLDY (SCALE 4-7)   7
TOTAL FM JUL 1  3655    CLOUDY (SCALE 8-10)  0
DPTR FM NORMAL  -127

[CDD (BASE 65) ]
TOTAL THIS MO.   406
DPTR FM NORMAL    75    [PRESSURE DATA]
TOTAL FM JAN 1   579    HIGHEST SLP M ON M
DPTR FM NORMAL    38    LOWEST  SLP 29.65 ON 11

[REMARKS]
