000
CXUS54 KBMX 271216
CF6TCL
PRELIMINARY LOCAL CLIMATOLOGICAL DATA (WS FORM: F-6)

                                          STATION:   TUSCALOOSA
                                          MONTH:     AUGUST
                                          YEAR:      2015
                                          LATITUDE:   33 13 N
                                          LONGITUDE:  87 37 W

  TEMPERATURE IN F:       :PCPN:    SNOW:  WIND      :SUNSHINE: SKY     :PK WND
================================================================================
1   2   3   4   5  6A  6B    7    8   9   10  11  12  13   14  15   16   17  18
                                     12Z  AVG MX 2MIN
DY MAX MIN AVG DEP HDD CDD  WTR  SNW DPTH SPD SPD DIR MIN PSBL S-S WX    SPD DR
================================================================================

 1  96  64  80  -2   0  15 0.00  0.0    0  7.7 24  40   M    M   0        30  30
 2  98  65  82   0   0  17 0.00  0.0    0  3.3 13  40   M    M   1        18  60
 3  99  65  82   0   0  17 0.00  0.0    0  2.2 14  30   M    M   0        18  70
 4 100  69  85   3   0  20 0.00  0.0    0  2.9 12 240   M    M   0 1      18 260
 5  98  73  86   4   0  21 0.11  0.0    0  4.5 21 350   M    M   0 138    27 350
 6  92  73  83   1   0  18 0.14  0.0    0  3.1 13 360   M    M   5 13     16  10
 7  88  74  81  -1   0  16 0.13  0.0    0  3.2 13 270   M    M   4 1      17 320
 8  96  74  85   3   0  20    T  0.0    0  3.2 13  20   M    M   3 13     17 100
 9  99  76  88   6   0  23 0.00  0.0    0  2.8 10  80   M    M   1 18     17 270
10  99  71  85   3   0  20 0.37  0.0    0  5.8 30 360   M    M   3 138    37 360
11  95  71  83   1   0  18 0.03  0.0    0  4.6 15  10   M    M   2 1      19  10
12  94  72  83   1   0  18 0.00  0.0    0  6.5 17  20   M    M   0        23  20
13  93  65  79  -3   0  14 0.00  0.0    0  3.7 15  20   M    M   0        23  10
14  95  68  82   0   0  17 0.03  0.0    0  5.4 15 100   M    M   3        20 100
15  90  72  81  -1   0  16 0.02  0.0    0  3.8 18 350   M    M   4 3      23 330
16  89  72  81  -1   0  16 0.07  0.0    0  5.0 17 210   M    M   2 3      21 210
17  84  73  79  -3   0  14 0.85  0.0    0  5.5 15 170   M    M   5 13     21 180
18  90  75  83   2   0  18 1.03  0.0    0  6.3 17 270   M    M   5 138    26 280
19  90  74  82   1   0  17 0.01  0.0    0  4.6 14 180   M    M   4 1      18 300
20  88  74  81   0   0  16 0.12  0.0    0  3.0 12 360   M    M   5 13     15 350
21  91  71  81   0   0  16 1.16  0.0    0  3.1 21  20   M    M   5 13     23  20
22  92  72  82   1   0  17 0.00  0.0    0  2.3  7  70   M    M   1 13      M  M
23  89  73  81   0   0  16 0.17  0.0    0  4.5 14 270   M    M   3 13     20 270
24  90  71  81   0   0  16 0.00  0.0    0  5.3 14 350   M    M   4 18     18 300
25  85  62  74  -7   0   9 0.00  0.0    0  6.8 18  20   M    M   0        23  10
26  84  59  72  -9   0   7 0.00  0.0    0  7.1 18 360   M    M   0        24  10
================================================================================
SM 2404 1828         0 432  4.24     0.0 116.2          M       60
================================================================================
AV 92.5 70.3                               4.5 FASTST   M    M   2    MAX(MPH)
                                 MISC ---->  # 30 360               # 37  360
================================================================================
NOTES:
# LAST OF SEVERAL OCCURRENCES

COLUMN 17 PEAK WIND IN M.P.H.

PRELIMINARY LOCAL CLIMATOLOGICAL DATA (WS FORM: F-6) , PAGE 2

                                          STATION:  TUSCALOOSA
                                          MONTH:    AUGUST
                                          YEAR:     2015
                                          LATITUDE:   33 13 N
                                          LONGITUDE:  87 37 W

[TEMPERATURE DATA]      [PRECIPITATION DATA]       SYMBOLS USED IN COLUMN 16

AVERAGE MONTHLY: 81.4   TOTAL FOR MONTH:   4.24    1 = FOG OR MIST
DPTR FM NORMAL:  -0.3   DPTR FM NORMAL:    1.45    2 = FOG REDUCING VISIBILITY
HIGHEST:   100 ON  4    GRTST 24HR  1.34 ON 17-18      TO 1/4 MILE OR LESS
LOWEST:     59 ON 26                               3 = THUNDER
                        SNOW, ICE PELLETS, HAIL    4 = ICE PELLETS
                        TOTAL MONTH:   0.0 INCH    5 = HAIL
                        GRTST 24HR     0.0         6 = FREEZING RAIN OR DRIZZLE
                        GRTST DEPTH:   0           7 = DUSTSTORM OR SANDSTORM:
                                                       VSBY 1/2 MILE OR LESS
                                                   8 = SMOKE OR HAZE
[NO. OF DAYS WITH]      [WEATHER - DAYS WITH]      9 = BLOWING SNOW
                                                   X = TORNADO
MAX 32 OR BELOW:   0    0.01 INCH OR MORE:  14
MAX 90 OR ABOVE:  19    0.10 INCH OR MORE:   9
MIN 32 OR BELOW:   0    0.50 INCH OR MORE:   3
MIN  0 OR BELOW:   0    1.00 INCH OR MORE:   2

[HDD (BASE 65) ]
TOTAL THIS MO.     0    CLEAR  (SCALE 0-3)  17
DPTR FM NORMAL     0    PTCLDY (SCALE 4-7)   9
TOTAL FM JUL 1     0    CLOUDY (SCALE 8-10)  0
DPTR FM NORMAL     0

[CDD (BASE 65) ]
TOTAL THIS MO.   432
DPTR FM NORMAL     0    [PRESSURE DATA]
TOTAL FM JAN 1  1859    HIGHEST SLP M ON M
DPTR FM NORMAL   195    LOWEST  SLP 29.85 ON M

[REMARKS]
