000
CXUS54 KFWD 240730
CF6TKI
PRELIMINARY LOCAL CLIMATOLOGICAL DATA (WS FORM: F-6)

                                          STATION:   MCKINNEY
                                          MONTH:     SEPTEMBER
                                          YEAR:      2016
                                          LATITUDE:   33 10 N
                                          LONGITUDE:  96 35 W

  TEMPERATURE IN F:       :PCPN:    SNOW:  WIND      :SUNSHINE: SKY     :PK WND
================================================================================
1   2   3   4   5  6A  6B    7    8   9   10  11  12  13   14  15   16   17  18
                                     12Z  AVG MX 2MIN
DY MAX MIN AVG DEP HDD CDD  WTR  SNW DPTH SPD SPD DIR MIN PSBL S-S WX    SPD DR
================================================================================

 1  90  71  81   0   0  16 0.86  0.0    0  5.5 29  60   M    M   1 13     33  70
 2  86  70  78  -3   0  13 0.00  0.0    0  5.0 13  40   M    M   3        16  40
 3  87  67  77  -3   0  12 0.00  0.0    0  4.7 10 140   M    M   0        14 130
 4  89  67  78  -2   0  13 0.00  0.0    0  6.1 14 150   M    M   0        19 180
 5  90  74  82   2   0  17 0.00  0.0    0  9.9 18 170   M    M   1        23 160
 6  92  74  83   4   0  18 0.00  0.0    0  9.8 17 150   M    M   3        21 150
 7  93  74  84   5   0  19 0.00  0.0    0 11.2 20 180   M    M   3        24 190
 8  94  77  86   8   0  21 0.00  0.0    0 11.2 22 160   M    M   0        26 170
 9  93  74  84   6   0  19 0.00  0.0    0 11.9 21 180   M    M   0        26 170
10  83  63  73  -5   0   8 0.32  0.0    0  9.2 30 350   M    M   5 13     39 350
11  86  56  71  -6   0   6 0.00  0.0    0  3.3  8 170   M    M   0        12 100
12  89  62  76  -1   0  11 0.00  0.0    0  4.7 15 150   M    M   0        20 130
13  91  69  80   3   0  15 0.00  0.0    0  4.6 12 140   M    M   1 1      15 150
14  92  71  82   6   0  17 0.05  0.0    0  3.4 10 350   M    M   3 18     14  70
15  92  72  82   6   0  17 0.01  0.0    0  3.2 13 160   M    M   3 1      16 150
16  93  73  83   8   0  18 0.00  0.0    0  4.4 17 160   M    M   2 3      21 160
17  95  71  83   8   0  18 0.00  0.0    0  3.4 16 150   M    M   1        18 150
18  93  69  81   6   0  16 0.19  0.0    0  3.6 33 330   M    M   0 13     41 310
19  96  74  85  11   0  20 0.00  0.0    0  4.4 10 100   M    M   0 1      14 180
20  96  74  85  11   0  20 0.00  0.0    0  3.5 12  80   M    M   1 1      15  70
21  91  69  80   6   0  15 0.00  0.0    0  4.2 12 120   M    M   0 1      15  90
22  92  66  79   6   0  14 0.00  0.0    0  5.1 14 120   M    M   0        16 140
23  93  70  82   9   0  17 0.00  0.0    0  9.2 21 160   M    M   2        27 150
================================================================================
SM 2096 1607         0 360  1.43     0.0 141.5          M       29
================================================================================
AV 91.1 69.9                               6.2 FASTST   M    M   1    MAX(MPH)
                                 MISC ---->  # 33 330               # 41  310
================================================================================
NOTES:
# LAST OF SEVERAL OCCURRENCES

COLUMN 17 PEAK WIND IN M.P.H.

PRELIMINARY LOCAL CLIMATOLOGICAL DATA (WS FORM: F-6) , PAGE 2

                                          STATION:  MCKINNEY
                                          MONTH:    SEPTEMBER
                                          YEAR:     2016
                                          LATITUDE:   33 10 N
                                          LONGITUDE:  96 35 W

[TEMPERATURE DATA]      [PRECIPITATION DATA]       SYMBOLS USED IN COLUMN 16

AVERAGE MONTHLY: 80.5   TOTAL FOR MONTH:   1.43    1 = FOG OR MIST
DPTR FM NORMAL:   3.5   DPTR FM NORMAL:   -1.18    2 = FOG REDUCING VISIBILITY
HIGHEST:    96 ON 20,19 GRTST 24HR  0.86 ON  1- 1      TO 1/4 MILE OR LESS
LOWEST:     56 ON 11                               3 = THUNDER
                        SNOW, ICE PELLETS, HAIL    4 = ICE PELLETS
                        TOTAL MONTH:   0.0 INCH    5 = HAIL
                        GRTST 24HR     0.0         6 = FREEZING RAIN OR DRIZZLE
                        GRTST DEPTH:   0           7 = DUSTSTORM OR SANDSTORM:
                                                       VSBY 1/2 MILE OR LESS
                                                   8 = SMOKE OR HAZE
[NO. OF DAYS WITH]      [WEATHER - DAYS WITH]      9 = BLOWING SNOW
                                                   X = TORNADO
MAX 32 OR BELOW:   0    0.01 INCH OR MORE:   5
MAX 90 OR ABOVE:  17    0.10 INCH OR MORE:   3
MIN 32 OR BELOW:   0    0.50 INCH OR MORE:   1
MIN  0 OR BELOW:   0    1.00 INCH OR MORE:   0

[HDD (BASE 65) ]
TOTAL THIS MO.     0    CLEAR  (SCALE 0-3)  21
DPTR FM NORMAL     0    PTCLDY (SCALE 4-7)   2
TOTAL FM JUL 1     0    CLOUDY (SCALE 8-10)  0
DPTR FM NORMAL     0

[CDD (BASE 65) ]
TOTAL THIS MO.   360
DPTR FM NORMAL    81    [PRESSURE DATA]
TOTAL FM JAN 1  2330    HIGHEST SLP M ON M
DPTR FM NORMAL   144    LOWEST  SLP 29.82 ON  9

[REMARKS]
